000
CDUS43 KDLH 120638
CLIDLH


CLIMATE REPORT
NATIONAL WEATHER SERVICE DULUTH MN
137 AM CDT SAT JUL 12 2014


...................................

...THE DULUTH MN CLIMATE SUMMARY FOR JULY 11 2014...

CLIMATE NORMAL PERIOD 1981 TO 2010
CLIMATE RECORD PERIOD 1870 TO 2014


WEATHER ITEM   OBSERVED TIME   RECORD YEAR NORMAL DEPARTURE LAST
                VALUE   (LST)  VALUE       VALUE  FROM      YEAR
                                                  NORMAL
..................................................................
TEMPERATURE (F)
 YESTERDAY
  MAXIMUM         74    622 PM  92    1936  76     -2       82
  MINIMUM         62    351 AM  41    1985  55      7       53
  AVERAGE         68                        66      2       68

PRECIPITATION (IN)
  YESTERDAY        0.65          2.27 1914   0.12   0.53     0.00
  MONTH TO DATE    2.19                      1.54   0.65     0.56
  SINCE JUN 1      6.66                      5.77   0.89     5.10
  SINCE JAN 1     19.09                     14.69   4.40    18.44

SNOWFALL (IN)
  YESTERDAY        0.0           T    2007   0.0    0.0      0.0
  MONTH TO DATE    0.0                       0.0    0.0      0.0
  SINCE JUN 1      T                         0.0    0.0      0.0
  SINCE JUL 1      0.0                       0.0    0.0      0.0
  SNOW DEPTH       0

DEGREE DAYS
 HEATING
  YESTERDAY        0                         2     -2        0
  MONTH TO DATE   12                        28    -16        9
  SINCE JUN 1    174                       207    -33      155
  SINCE JUL 1     12                        28    -16        9

 COOLING
  YESTERDAY        3                         3      0        3
  MONTH TO DATE   28                        30     -2       37
  SINCE JUN 1     57                        60     -3       90
  SINCE JAN 1     75                        64     11       91
..................................................................


WIND (MPH)
  HIGHEST WIND SPEED    22   HIGHEST WIND DIRECTION     S (180)
  HIGHEST GUST SPEED    28   HIGHEST GUST DIRECTION     S (190)
  AVERAGE WIND SPEED    10.4


SKY COVER
  AVERAGE SKY COVER 0.9


WEATHER CONDITIONS
 THE FOLLOWING WEATHER WAS RECORDED YESTERDAY.
  THUNDERSTORM
  HEAVY RAIN
  RAIN
  LIGHT RAIN
  FOG
  HAZE


RELATIVE HUMIDITY (PERCENT)
 HIGHEST    93           500 AM
 LOWEST     72          1200 AM
 AVERAGE    83

..........................................................


THE DULUTH MN CLIMATE NORMALS FOR TODAY
                         NORMAL    RECORD    YEAR
 MAXIMUM TEMPERATURE (F)   76       102      1936
 MINIMUM TEMPERATURE (F)   55        42      1990
                                             1975


SUNRISE AND SUNSET
JULY 12 2014..........SUNRISE   527 AM CDT   SUNSET   901 PM CDT
JULY 13 2014..........SUNRISE   528 AM CDT   SUNSET   900 PM CDT


-  INDICATES NEGATIVE NUMBERS.
R  INDICATES RECORD WAS SET OR TIED.
MM INDICATES DATA IS MISSING.
T  INDICATES TRACE AMOUNT.




$$
