009
CDUS43 KDLH 262229
CLIDLH


CLIMATE REPORT
NATIONAL WEATHER SERVICE DULUTH MN
529 PM CDT SUN MAR 26 2017


...................................

...THE DULUTH MN CLIMATE SUMMARY FOR MARCH 26 2017...
VALID TODAY AS OF 0500 PM LOCAL TIME.

CLIMATE NORMAL PERIOD 1981 TO 2010
CLIMATE RECORD PERIOD 1870 TO 2017


WEATHER ITEM   OBSERVED TIME   RECORD YEAR NORMAL DEPARTURE LAST
                VALUE   (LST)  VALUE       VALUE  FROM      YEAR
                                                  NORMAL
..................................................................
TEMPERATURE (F)
 TODAY
  MAXIMUM         36    242 PM  72    2007  39     -3       34
  MINIMUM         31    505 AM -19    1965  22      9       30
  AVERAGE         34                        30      4       32

PRECIPITATION (IN)
  TODAY            0.06          1.41 1950   0.05   0.01     0.29
  MONTH TO DATE    1.05                      1.22  -0.17     3.41
  SINCE MAR 1      1.05                      1.22  -0.17     3.41
  SINCE JAN 1      4.01                      2.99   1.02     5.29

SNOWFALL (IN)
  TODAY            0.0           4.5  1995   0.4   -0.4      2.9
  MONTH TO DATE    5.3                      11.7   -6.4     16.0
  SINCE JUL 1     64.3                      77.3  -13.0     70.2
  SNOW DEPTH       T

DEGREE DAYS
 HEATING
  TODAY           31                        35     -4       33
  MONTH TO DATE 1066                      1043     23      886
  SINCE MAR 1   1066                      1043     23      886
  SINCE JUL 1   6756                      7910  -1154     6723

 COOLING
  TODAY            0                         0      0        0
  MONTH TO DATE    0                         0      0        0
  SINCE MAR 1      0                         0      0        0
  SINCE JAN 1      0                         0      0        0
..................................................................


WIND (MPH)
  HIGHEST WIND SPEED    17   HIGHEST WIND DIRECTION     E (100)
  HIGHEST GUST SPEED    22   HIGHEST GUST DIRECTION     E (100)
  AVERAGE WIND SPEED     7.7


SKY COVER
  POSSIBLE SUNSHINE  MM
  AVERAGE SKY COVER 1.0


WEATHER CONDITIONS
 THE FOLLOWING WEATHER WAS RECORDED TODAY.
  LIGHT RAIN
  LT FREEZING RAIN
  FOG
  FOG W/VISIBILITY <= 1/4 MILE


RELATIVE HUMIDITY (PERCENT)
 HIGHEST   100          1200 AM
 LOWEST     92           100 AM
 AVERAGE    96

..........................................................


THE DULUTH MN CLIMATE NORMALS FOR TOMORROW
                         NORMAL    RECORD    YEAR
 MAXIMUM TEMPERATURE (F)   39        79      1946
 MINIMUM TEMPERATURE (F)   22        -8      1982


SUNRISE AND SUNSET
MARCH 26 2017.........SUNRISE   659 AM CDT   SUNSET   730 PM CDT
MARCH 27 2017.........SUNRISE   657 AM CDT   SUNSET   731 PM CDT


-  INDICATES NEGATIVE NUMBERS.
R  INDICATES RECORD WAS SET OR TIED.
MM INDICATES DATA IS MISSING.
T  INDICATES TRACE AMOUNT.




$$
