000
CDUS43 KDLH 310625
CLIDLH


CLIMATE REPORT
NATIONAL WEATHER SERVICE DULUTH MN
120 AM CDT SUN MAY 31 2015


...................................

...THE DULUTH MN CLIMATE SUMMARY FOR MAY 30 2015...

CLIMATE NORMAL PERIOD 1981 TO 2010
CLIMATE RECORD PERIOD 1870 TO 2015


WEATHER ITEM   OBSERVED TIME   RECORD YEAR NORMAL DEPARTURE LAST
                VALUE   (LST)  VALUE       VALUE  FROM      YEAR
                                                  NORMAL
..................................................................
TEMPERATURE (F)
 YESTERDAY
  MAXIMUM         55    306 PM  95    1939  66    -11       73
  MINIMUM         37   1154 PM  29    1990  44     -7       50
  AVERAGE         46                        55     -9       62

PRECIPITATION (IN)
  YESTERDAY        0.00          2.58 1882   0.12  -0.12     0.00
  MONTH TO DATE    3.73                      3.12   0.61     3.06
  SINCE MAR 1      5.55                      7.04  -1.49     8.27
  SINCE JAN 1      6.39                      8.81  -2.42    11.12

SNOWFALL (IN)
  YESTERDAY        0.0           T    1897   0.0    0.0      0.0
  MONTH TO DATE    T                         0.4   -0.4       T
  SINCE MAR 1      9.3                      20.5  -11.2     47.2
  SINCE JUL 1     49.2                      86.1  -36.9    131.0
  SNOW DEPTH       0

DEGREE DAYS
 HEATING
  YESTERDAY       19                        10      9        3
  MONTH TO DATE  389                       416    -27      411
  SINCE MAR 1   2123                      2388   -265     2736
  SINCE JUL 1   8962                      9255   -293    10177

 COOLING
  YESTERDAY        0                         0      0        0
  MONTH TO DATE    4                         0      4       18
  SINCE MAR 1      4                         0      4       18
  SINCE JAN 1      4                         0      4       18
..................................................................


WIND (MPH)
  HIGHEST WIND SPEED    20   HIGHEST WIND DIRECTION     N (350)
  HIGHEST GUST SPEED    28   HIGHEST GUST DIRECTION     N (20)
  AVERAGE WIND SPEED    10.8


SKY COVER
  AVERAGE SKY COVER 0.2


WEATHER CONDITIONS
 THE FOLLOWING WEATHER WAS RECORDED YESTERDAY.
  NO SIGNIFICANT WEATHER WAS OBSERVED.


RELATIVE HUMIDITY (PERCENT)
 HIGHEST    76           200 AM
 LOWEST     41           600 PM
 AVERAGE    59

..........................................................


THE DULUTH MN CLIMATE NORMALS FOR TODAY
                         NORMAL    RECORD    YEAR
 MAXIMUM TEMPERATURE (F)   67        89      1925
 MINIMUM TEMPERATURE (F)   45        29      1946


SUNRISE AND SUNSET
MAY 31 2015...........SUNRISE   519 AM CDT   SUNSET   854 PM CDT
JUNE  1 2015..........SUNRISE   518 AM CDT   SUNSET   855 PM CDT


-  INDICATES NEGATIVE NUMBERS.
R  INDICATES RECORD WAS SET OR TIED.
MM INDICATES DATA IS MISSING.
T  INDICATES TRACE AMOUNT.




$$
