000
CDUS43 KDLH 300624
CLIDLH


CLIMATE REPORT
NATIONAL WEATHER SERVICE DULUTH MN
1224 AM CST FRI JAN 30 2015


...................................

...THE DULUTH MN CLIMATE SUMMARY FOR JANUARY 29 2015...

CLIMATE NORMAL PERIOD 1981 TO 2010
CLIMATE RECORD PERIOD 1870 TO 2015


WEATHER ITEM   OBSERVED TIME   RECORD YEAR NORMAL DEPARTURE LAST
                VALUE   (LST)  VALUE       VALUE  FROM      YEAR
                                                  NORMAL
..................................................................
TEMPERATURE (F)
 YESTERDAY
  MAXIMUM         30    326 AM  46    1877  20     10       21
  MINIMUM          5   1159 PM -35    1951   2      3      -10
  AVERAGE         18                        11      7        6

PRECIPITATION (IN)
  YESTERDAY        T             0.95 1881   0.03  -0.03     0.00
  MONTH TO DATE    0.46                      0.91  -0.45     0.73
  SINCE DEC 1      1.72                      2.12  -0.40     3.61
  SINCE JAN 1      0.46                      0.91  -0.45     0.73

SNOWFALL (IN)
  YESTERDAY        T             6.7  1969   0.5   -0.5      0.0
  MONTH TO DATE    6.6                      18.4  -11.8      9.4
  SINCE DEC 1     15.2                      36.1  -20.9     49.3
  SINCE JUL 1     31.7                      52.2  -20.5     54.3
  SNOW DEPTH       7

DEGREE DAYS
 HEATING
  YESTERDAY       47                        54     -7       59
  MONTH TO DATE 1506                      1590    -84     1825
  SINCE DEC 1   2847                      3146   -299     3691
  SINCE JUL 1   5062                      5359   -297     5648

 COOLING
  YESTERDAY        0                         0      0        0
  MONTH TO DATE    0                         0      0        0
  SINCE DEC 1      0                         0      0        0
  SINCE JAN 1      0                         0      0        0
..................................................................


WIND (MPH)
  HIGHEST WIND SPEED    25   HIGHEST WIND DIRECTION    NW (330)
  HIGHEST GUST SPEED    39   HIGHEST GUST DIRECTION    NW (320)
  AVERAGE WIND SPEED    14.0


SKY COVER
  AVERAGE SKY COVER 0.9


WEATHER CONDITIONS
 THE FOLLOWING WEATHER WAS RECORDED YESTERDAY.
  LT FREEZING RAIN
  LIGHT SNOW
  FOG


RELATIVE HUMIDITY (PERCENT)
 HIGHEST    92           100 AM
 LOWEST     61           300 PM
 AVERAGE    77

..........................................................


THE DULUTH MN CLIMATE NORMALS FOR TODAY
                         NORMAL    RECORD    YEAR
 MAXIMUM TEMPERATURE (F)   20        44      1890
 MINIMUM TEMPERATURE (F)    2       -35      1994


SUNRISE AND SUNSET
JANUARY 30 2015.......SUNRISE   736 AM CST   SUNSET   509 PM CST
JANUARY 31 2015.......SUNRISE   735 AM CST   SUNSET   510 PM CST


-  INDICATES NEGATIVE NUMBERS.
R  INDICATES RECORD WAS SET OR TIED.
MM INDICATES DATA IS MISSING.
T  INDICATES TRACE AMOUNT.




$$
