000
CDUS43 KDLH 260621
CLIDLH


CLIMATE REPORT
NATIONAL WEATHER SERVICE DULUTH MN
1221 AM CST FRI DEC 26 2014


...................................

...THE DULUTH MN CLIMATE SUMMARY FOR DECEMBER 25 2014...

CLIMATE NORMAL PERIOD 1981 TO 2010
CLIMATE RECORD PERIOD 1870 TO 2014


WEATHER ITEM   OBSERVED TIME   RECORD YEAR NORMAL DEPARTURE LAST
                VALUE   (LST)  VALUE       VALUE  FROM      YEAR
                                                  NORMAL
..................................................................
TEMPERATURE (F)
 YESTERDAY
  MAXIMUM         32    545 PM  44    1999  20     12       17
                                      1881
  MINIMUM         30   1159 PM -34    1879   4     26       -1
  AVERAGE         31                        12     19        8

PRECIPITATION (IN)
  YESTERDAY        T             1.65 2009   0.04  -0.04     0.03
  MONTH TO DATE    1.25                      0.99   0.26     2.87
  SINCE DEC 1      1.25                      0.99   0.26     2.87
  SINCE JAN 1     30.62                     30.74  -0.12    30.47

SNOWFALL (IN)
  YESTERDAY        T            12.4  2009   0.6   -0.6      2.0
  MONTH TO DATE    8.6                      13.9   -5.3     39.8
  SINCE DEC 1      8.6                      13.9   -5.3     39.8
  SINCE JUL 1     25.1                      30.0   -4.9     44.8
  SNOW DEPTH       5

DEGREE DAYS
 HEATING
  YESTERDAY       34                        53    -19       57
  MONTH TO DATE 1004                      1236   -232     1486
  SINCE DEC 1   1004                      1236   -232     1486
  SINCE JUL 1   3219                      3449   -230     3443

 COOLING
  YESTERDAY        0                         0      0        0
  MONTH TO DATE    0                         0      0        0
  SINCE DEC 1      0                         0      0        0
  SINCE JAN 1    179                       204    -25      375
..................................................................


WIND (MPH)
  HIGHEST WIND SPEED    17   HIGHEST WIND DIRECTION     W (260)
  HIGHEST GUST SPEED    22   HIGHEST GUST DIRECTION     W (270)
  AVERAGE WIND SPEED     9.2


SKY COVER
  AVERAGE SKY COVER 1.0


WEATHER CONDITIONS
 THE FOLLOWING WEATHER WAS RECORDED YESTERDAY.
  LIGHT SNOW
  FOG


RELATIVE HUMIDITY (PERCENT)
 HIGHEST    85          1200 AM
 LOWEST     78           100 AM
 AVERAGE    82

..........................................................


THE DULUTH MN CLIMATE NORMALS FOR TODAY
                         NORMAL    RECORD    YEAR
 MAXIMUM TEMPERATURE (F)   20        43      2011
 MINIMUM TEMPERATURE (F)    4       -27      1934


SUNRISE AND SUNSET
DECEMBER 26 2014......SUNRISE   753 AM CST   SUNSET   426 PM CST
DECEMBER 27 2014......SUNRISE   753 AM CST   SUNSET   427 PM CST


-  INDICATES NEGATIVE NUMBERS.
R  INDICATES RECORD WAS SET OR TIED.
MM INDICATES DATA IS MISSING.
T  INDICATES TRACE AMOUNT.




$$
