575
CDUS43 KDLH 250644
CLIDLH


CLIMATE REPORT
NATIONAL WEATHER SERVICE DULUTH MN
144 AM CDT SUN JUN 25 2017


...................................

...THE DULUTH MN CLIMATE SUMMARY FOR JUNE 24 2017...

CLIMATE NORMAL PERIOD 1981 TO 2010
CLIMATE RECORD PERIOD 1870 TO 2017


WEATHER ITEM   OBSERVED TIME   RECORD YEAR NORMAL DEPARTURE LAST
                VALUE   (LST)  VALUE       VALUE  FROM      YEAR
                                                  NORMAL
..................................................................
TEMPERATURE (F)
 YESTERDAY
  MAXIMUM         63    326 PM  91    1890  73    -10       80
  MINIMUM         51   1051 PM  36    1979  52     -1       53
  AVERAGE         57                        62     -5       67

PRECIPITATION (IN)
  YESTERDAY        T             3.58 1901   0.16  -0.16     0.00
  MONTH TO DATE    2.93                      3.31  -0.38     3.63
  SINCE JUN 1      2.93                      3.31  -0.38     3.63
  SINCE JAN 1     14.07                     12.23   1.84    13.74

SNOWFALL (IN)
  YESTERDAY        0.0           0.0  2002   0.0    0.0      0.0
                                      2001
  MONTH TO DATE    T                         0.0    0.0       T
  SINCE JUN 1      T                         0.0    0.0       T
  SINCE JUL 1     67.0                      86.1  -19.1     81.4
  SNOW DEPTH       0

DEGREE DAYS
 HEATING
  YESTERDAY        8                         4      4        0
  MONTH TO DATE   87                       157    -70      131
  SINCE JUN 1     87                       157    -70      131
  SINCE JUL 1   8094                      9422  -1328     8175

 COOLING
  YESTERDAY        0                         2     -2        2
  MONTH TO DATE   13                        17     -4       29
  SINCE JUN 1     13                        17     -4       29
  SINCE JAN 1     13                        21     -8       38
..................................................................


WIND (MPH)
  HIGHEST WIND SPEED    20   HIGHEST WIND DIRECTION    NW (300)
  HIGHEST GUST SPEED    25   HIGHEST GUST DIRECTION     W (280)
  AVERAGE WIND SPEED    10.9


SKY COVER
  AVERAGE SKY COVER 0.8


WEATHER CONDITIONS
 THE FOLLOWING WEATHER WAS RECORDED YESTERDAY.
  LIGHT RAIN


RELATIVE HUMIDITY (PERCENT)
 HIGHEST    89          1200 AM
 LOWEST     55           300 PM
 AVERAGE    72

..........................................................


THE DULUTH MN CLIMATE NORMALS FOR TODAY
                         NORMAL    RECORD    YEAR
 MAXIMUM TEMPERATURE (F)   73        93      1980
 MINIMUM TEMPERATURE (F)   52        39      1957


SUNRISE AND SUNSET
JUNE 25 2017..........SUNRISE   516 AM CDT   SUNSET   907 PM CDT
JUNE 26 2017..........SUNRISE   516 AM CDT   SUNSET   907 PM CDT


-  INDICATES NEGATIVE NUMBERS.
R  INDICATES RECORD WAS SET OR TIED.
MM INDICATES DATA IS MISSING.
T  INDICATES TRACE AMOUNT.




$$
