000
CDUS43 KDLH 020622
CLIDLH


CLIMATE REPORT
NATIONAL WEATHER SERVICE DULUTH MN
121 AM CDT SUN AUG 2 2015


...................................

...THE DULUTH MN CLIMATE SUMMARY FOR AUGUST 1 2015...

CLIMATE NORMAL PERIOD 1981 TO 2010
CLIMATE RECORD PERIOD 1870 TO 2015


WEATHER ITEM   OBSERVED TIME   RECORD YEAR NORMAL DEPARTURE LAST
                VALUE   (LST)  VALUE       VALUE  FROM      YEAR
                                                  NORMAL
..................................................................
TEMPERATURE (F)
 YESTERDAY
  MAXIMUM         82    413 PM  97    1930  76      6       77
  MINIMUM         54    506 AM  41    1905  56     -2       54
  AVERAGE         68                        66      2       66

PRECIPITATION (IN)
  YESTERDAY        0.00          1.76 1943   0.11  -0.11     0.01
  MONTH TO DATE    0.00                      0.11  -0.11     0.01
  SINCE JUN 1      6.65                      8.19  -1.54     7.90
  SINCE JAN 1     13.04                     17.11  -4.07    20.33

SNOWFALL (IN)
  YESTERDAY        0.0                       0.0    0.0      0.0
  MONTH TO DATE    0.0                       0.0    0.0      0.0
  SINCE JUN 1      T                         0.0    0.0       T
  SINCE JUL 1      0.0                       0.0    0.0      0.0
  SNOW DEPTH       0

DEGREE DAYS
 HEATING
  YESTERDAY        0                         2     -2        0
  MONTH TO DATE    0                         2     -2        0
  SINCE JUN 1    136                       244   -108      202
  SINCE JUL 1     15                        65    -50       40

 COOLING
  YESTERDAY        3                         3      0        1
  MONTH TO DATE    3                         3      0        1
  SINCE JUN 1    181                       123     58      115
  SINCE JAN 1    185                       127     58      133
..................................................................


WIND (MPH)
  HIGHEST WIND SPEED    21   HIGHEST WIND DIRECTION     W (260)
  HIGHEST GUST SPEED    27   HIGHEST GUST DIRECTION    NW (310)
  AVERAGE WIND SPEED    10.7


SKY COVER
  AVERAGE SKY COVER 0.2


WEATHER CONDITIONS
 THE FOLLOWING WEATHER WAS RECORDED YESTERDAY.
  NO SIGNIFICANT WEATHER WAS OBSERVED.


RELATIVE HUMIDITY (PERCENT)
 HIGHEST    83           500 AM
 LOWEST     34           400 PM
 AVERAGE    59

..........................................................


THE DULUTH MN CLIMATE NORMALS FOR TODAY
                         NORMAL    RECORD    YEAR
 MAXIMUM TEMPERATURE (F)   76        93      1930
 MINIMUM TEMPERATURE (F)   56        42      1973
                                             1912


SUNRISE AND SUNSET
AUGUST  2 2015........SUNRISE   550 AM CDT   SUNSET   840 PM CDT
AUGUST  3 2015........SUNRISE   551 AM CDT   SUNSET   838 PM CDT


-  INDICATES NEGATIVE NUMBERS.
R  INDICATES RECORD WAS SET OR TIED.
MM INDICATES DATA IS MISSING.
T  INDICATES TRACE AMOUNT.




$$
