000
CDUS43 KDLH 020623
CLIDLH


CLIMATE REPORT
NATIONAL WEATHER SERVICE DULUTH MN
122 AM CDT TUE JUN 2 2015


...................................

...THE DULUTH MN CLIMATE SUMMARY FOR JUNE 1 2015...

CLIMATE NORMAL PERIOD 1981 TO 2010
CLIMATE RECORD PERIOD 1870 TO 2015


WEATHER ITEM   OBSERVED TIME   RECORD YEAR NORMAL DEPARTURE LAST
                VALUE   (LST)  VALUE       VALUE  FROM      YEAR
                                                  NORMAL
..................................................................
TEMPERATURE (F)
 YESTERDAY
  MAXIMUM         61   1218 PM  87    1988  67     -6       74
  MINIMUM         36    438 AM  31    1946  45     -9       54
  AVERAGE         49                        56     -7       64

PRECIPITATION (IN)
  YESTERDAY        0.00          1.36 1998   0.12  -0.12     0.43
  MONTH TO DATE    0.00                      0.12  -0.12     0.43
  SINCE JUN 1      0.00                      0.12  -0.12     0.43
  SINCE JAN 1      6.39                      9.04  -2.65    12.86

SNOWFALL (IN)
  YESTERDAY        0.0           T    1998   0.0    0.0      0.0
  MONTH TO DATE    0.0                       0.0    0.0      0.0
  SINCE JUN 1      0.0                       0.0    0.0      0.0
  SINCE JUL 1     49.2                      86.1  -36.9    131.0
  SNOW DEPTH       0

DEGREE DAYS
 HEATING
  YESTERDAY       16                         9      7        1
  MONTH TO DATE   16                         9      7        1
  SINCE JUN 1     16                         9      7        1
  SINCE JUL 1   8998                      9274   -276    10181

 COOLING
  YESTERDAY        0                         0      0        0
  MONTH TO DATE    0                         0      0        0
  SINCE JUN 1      0                         0      0        0
  SINCE JAN 1      4                         4      0       18
..................................................................


WIND (MPH)
  HIGHEST WIND SPEED    18   HIGHEST WIND DIRECTION     E (100)
  HIGHEST GUST SPEED    22   HIGHEST GUST DIRECTION     E (100)
  AVERAGE WIND SPEED     9.8


SKY COVER
  AVERAGE SKY COVER 0.1


WEATHER CONDITIONS
 THE FOLLOWING WEATHER WAS RECORDED YESTERDAY.
  NO SIGNIFICANT WEATHER WAS OBSERVED.


RELATIVE HUMIDITY (PERCENT)
 HIGHEST    70           100 AM
 LOWEST     40           400 PM
 AVERAGE    55

..........................................................


THE DULUTH MN CLIMATE NORMALS FOR TODAY
                         NORMAL    RECORD    YEAR
 MAXIMUM TEMPERATURE (F)   67        88      1948
                                             1894
 MINIMUM TEMPERATURE (F)   45        30      1962


SUNRISE AND SUNSET
JUNE  2 2015..........SUNRISE   518 AM CDT   SUNSET   856 PM CDT
JUNE  3 2015..........SUNRISE   517 AM CDT   SUNSET   856 PM CDT


-  INDICATES NEGATIVE NUMBERS.
R  INDICATES RECORD WAS SET OR TIED.
MM INDICATES DATA IS MISSING.
T  INDICATES TRACE AMOUNT.




$$
