000
CDUS43 KDLH 171305
CLIDLH


CLIMATE REPORT
NATIONAL WEATHER SERVICE DULUTH MN
804 AM CDT TUE OCT 17 2017


...................................

...THE DULUTH MN CLIMATE SUMMARY FOR OCTOBER 16 2017...

CLIMATE NORMAL PERIOD 1981 TO 2010
CLIMATE RECORD PERIOD 1870 TO 2017


WEATHER ITEM   OBSERVED TIME   RECORD YEAR NORMAL DEPARTURE LAST
                VALUE   (LST)  VALUE       VALUE  FROM      YEAR
                                                  NORMAL
..................................................................
TEMPERATURE (F)
 YESTERDAY
  MAXIMUM         59    334 PM  81    1953  52      7       60
  MINIMUM         32    550 AM  16    1952  35     -3       36
  AVERAGE         46                        43      3       48

PRECIPITATION (IN)
  YESTERDAY        0.00          2.09 1998   0.09  -0.09     0.39
  MONTH TO DATE    2.51                      1.64   0.87     1.08
  SINCE SEP 1      6.06                      5.75   0.31     4.60
  SINCE JAN 1     33.75                     26.45   7.30    28.52

SNOWFALL (IN)
  YESTERDAY        0.0           0.4  1992   0.1   -0.1      0.0
  MONTH TO DATE    0.0                       0.6   -0.6       T
  SINCE SEP 1      T                         0.7   -0.7       T
  SINCE JUL 1      T                         0.7   -0.7       T
  SNOW DEPTH       0

DEGREE DAYS
 HEATING
  YESTERDAY       19                        22     -3       17
  MONTH TO DATE  273                       302    -29      226
  SINCE SEP 1    485                       600   -115      388
  SINCE JUL 1    655                       749    -94      442

 COOLING
  YESTERDAY        0                         0      0        0
  MONTH TO DATE    0                         0      0        0
  SINCE SEP 1     26                        14     12       14
  SINCE JAN 1    126                       204    -78      281
..................................................................


WIND (MPH)
  HIGHEST WIND SPEED    23   HIGHEST WIND DIRECTION    SW (230)
  HIGHEST GUST SPEED    29   HIGHEST GUST DIRECTION    SW (210)
  AVERAGE WIND SPEED    12.2


SKY COVER
  AVERAGE SKY COVER 0.1


WEATHER CONDITIONS
 THE FOLLOWING WEATHER WAS RECORDED YESTERDAY.
  NO SIGNIFICANT WEATHER WAS OBSERVED.


RELATIVE HUMIDITY (PERCENT)
 HIGHEST   100           100 AM
 LOWEST     40           200 PM
 AVERAGE    70

..........................................................


THE DULUTH MN CLIMATE NORMALS FOR TODAY
                         NORMAL    RECORD    YEAR
 MAXIMUM TEMPERATURE (F)   51        80      1961
 MINIMUM TEMPERATURE (F)   35        12      1952


SUNRISE AND SUNSET
OCTOBER 17 2017.......SUNRISE   730 AM CDT   SUNSET   617 PM CDT
OCTOBER 18 2017.......SUNRISE   731 AM CDT   SUNSET   616 PM CDT


-  INDICATES NEGATIVE NUMBERS.
R  INDICATES RECORD WAS SET OR TIED.
MM INDICATES DATA IS MISSING.
T  INDICATES TRACE AMOUNT.




$$
