000
CDUS43 KDLH 170644
CLIDLH


CLIMATE REPORT
NATIONAL WEATHER SERVICE DULUTH MN
143 AM CDT THU AUG 17 2017


...................................

...THE DULUTH MN CLIMATE SUMMARY FOR AUGUST 16 2017...

CLIMATE NORMAL PERIOD 1981 TO 2010
CLIMATE RECORD PERIOD 1870 TO 2017


WEATHER ITEM   OBSERVED TIME   RECORD YEAR NORMAL DEPARTURE LAST
                VALUE   (LST)  VALUE       VALUE  FROM      YEAR
                                                  NORMAL
..................................................................
TEMPERATURE (F)
 YESTERDAY
  MAXIMUM         65    956 AM  91    1988  75    -10       80
  MINIMUM         56   1236 AM  35    1976  55      1       61
  AVERAGE         61                        65     -4       71

PRECIPITATION (IN)
  YESTERDAY        0.88          2.51 1972   0.11   0.77     0.72
  MONTH TO DATE    3.46                      1.86   1.60     2.68
  SINCE JUN 1     12.78                      9.94   2.84    11.53
  SINCE JAN 1     23.92                     18.86   5.06    21.64

SNOWFALL (IN)
  YESTERDAY        0.0           0.0  2002   0.0    0.0      0.0
                                      2001
  MONTH TO DATE    0.0                       0.0    0.0      0.0
  SINCE JUN 1      T                         0.0    0.0       T
  SINCE JUL 1      T                         0.0    0.0      0.0
  SNOW DEPTH       0

DEGREE DAYS
 HEATING
  YESTERDAY        4                         2      2        0
  MONTH TO DATE   47                        32     15        6
  SINCE JUN 1    231                       274    -43      177
  SINCE JUL 1    100                        95      5       35

 COOLING
  YESTERDAY        0                         2     -2        6
  MONTH TO DATE   10                        42    -32       64
  SINCE JUN 1     93                       162    -69      210
  SINCE JAN 1     93                       166    -73      219
..................................................................


WIND (MPH)
  HIGHEST WIND SPEED    20   HIGHEST WIND DIRECTION    NE (60)
  HIGHEST GUST SPEED    26   HIGHEST GUST DIRECTION     E (90)
  AVERAGE WIND SPEED    12.3


SKY COVER
  AVERAGE SKY COVER 0.7


WEATHER CONDITIONS
 THE FOLLOWING WEATHER WAS RECORDED YESTERDAY.
  HEAVY RAIN
  RAIN
  LIGHT RAIN
  FOG


RELATIVE HUMIDITY (PERCENT)
 HIGHEST   100           200 PM
 LOWEST     78          1200 PM
 AVERAGE    89

..........................................................


THE DULUTH MN CLIMATE NORMALS FOR TODAY
                         NORMAL    RECORD    YEAR
 MAXIMUM TEMPERATURE (F)   74        91      1934
 MINIMUM TEMPERATURE (F)   55        39      1981


SUNRISE AND SUNSET
AUGUST 17 2017........SUNRISE   609 AM CDT   SUNSET   815 PM CDT
AUGUST 18 2017........SUNRISE   610 AM CDT   SUNSET   813 PM CDT


-  INDICATES NEGATIVE NUMBERS.
R  INDICATES RECORD WAS SET OR TIED.
MM INDICATES DATA IS MISSING.
T  INDICATES TRACE AMOUNT.




$$
