000
CDUS43 KDLH 210625
CLIDLH


CLIMATE REPORT
NATIONAL WEATHER SERVICE DULUTH MN
124 AM CDT SUN SEP 21 2014


...................................

...THE DULUTH MN CLIMATE SUMMARY FOR SEPTEMBER 20 2014...

CLIMATE NORMAL PERIOD 1981 TO 2010
CLIMATE RECORD PERIOD 1870 TO 2014


WEATHER ITEM   OBSERVED TIME   RECORD YEAR NORMAL DEPARTURE LAST
                VALUE   (LST)  VALUE       VALUE  FROM      YEAR
                                                  NORMAL
..................................................................
TEMPERATURE (F)
 YESTERDAY
  MAXIMUM         70    303 PM  87    1891  63      7       63
  MINIMUM         53   1159 PM  23    1962  44      9       49
  AVERAGE         62                        54      8       56

PRECIPITATION (IN)
  YESTERDAY        0.58          3.77 1972   0.14   0.44     0.02
  MONTH TO DATE    1.28                      2.80  -1.52     0.90
  SINCE SEP 1      1.28                      2.80  -1.52     0.90
  SINCE JAN 1     26.23                     23.50   2.73    22.49

SNOWFALL (IN)
  YESTERDAY        0.0           0.0  2002   0.0    0.0      0.0
                                      2001
  MONTH TO DATE    0.0                       0.0    0.0      0.0
  SINCE SEP 1      0.0                       0.0    0.0      0.0
  SINCE JUL 1      0.0                       0.0    0.0      0.0
  SNOW DEPTH       0

DEGREE DAYS
 HEATING
  YESTERDAY        3                        11     -8        9
  MONTH TO DATE  160                       160      0      103
  SINCE SEP 1    160                       160      0      103
  SINCE JUL 1    237                       309    -72      177

 COOLING
  YESTERDAY        0                         0      0        0
  MONTH TO DATE    5                        13     -8       23
  SINCE SEP 1      5                        13     -8       23
  SINCE JAN 1    175                       203    -28      374
..................................................................


WIND (MPH)
  HIGHEST WIND SPEED    23   HIGHEST WIND DIRECTION     W (280)
  HIGHEST GUST SPEED    29   HIGHEST GUST DIRECTION     W (280)
  AVERAGE WIND SPEED    12.2


SKY COVER
  AVERAGE SKY COVER 0.8


WEATHER CONDITIONS
 THE FOLLOWING WEATHER WAS RECORDED YESTERDAY.
  HEAVY RAIN
  RAIN
  LIGHT RAIN
  FOG
  FOG W/VISIBILITY <= 1/4 MILE


RELATIVE HUMIDITY (PERCENT)
 HIGHEST    93          1200 AM
 LOWEST     44           300 PM
 AVERAGE    69

..........................................................


THE DULUTH MN CLIMATE NORMALS FOR TODAY
                         NORMAL    RECORD    YEAR
 MAXIMUM TEMPERATURE (F)   63        88      1908
 MINIMUM TEMPERATURE (F)   44        28      1974


SUNRISE AND SUNSET
SEPTEMBER 21 2014.....SUNRISE   654 AM CDT   SUNSET   708 PM CDT
SEPTEMBER 22 2014.....SUNRISE   656 AM CDT   SUNSET   706 PM CDT


-  INDICATES NEGATIVE NUMBERS.
R  INDICATES RECORD WAS SET OR TIED.
MM INDICATES DATA IS MISSING.
T  INDICATES TRACE AMOUNT.




$$
