000
CDUS43 KDLH 010642
CLIDLH


CLIMATE REPORT
NATIONAL WEATHER SERVICE DULUTH MN
1241 AM CST WED MAR 1 2017


...................................

...THE DULUTH MN CLIMATE SUMMARY FOR FEBRUARY 28 2017...

CLIMATE NORMAL PERIOD 1981 TO 2010
CLIMATE RECORD PERIOD 1870 TO 2017


WEATHER ITEM   OBSERVED TIME   RECORD YEAR NORMAL DEPARTURE LAST
                VALUE   (LST)  VALUE       VALUE  FROM      YEAR
                                                  NORMAL
..................................................................
TEMPERATURE (F)
 YESTERDAY
  MAXIMUM         32    254 PM  53    1932  28      4       29
                                      1889
                                      1882
  MINIMUM         24   1241 AM -26    1962  11     13       21
  AVERAGE         28                        20      8       25

PRECIPITATION (IN)
  YESTERDAY        0.17          0.70 1948   0.04   0.13     0.04
  MONTH TO DATE    1.80                      0.81   0.99     0.80
  SINCE DEC 1      5.03                      2.98   2.05     5.55
  SINCE JAN 1      2.96                      1.77   1.19     1.85

SNOWFALL (IN)
  YESTERDAY        2.6          13.0  1948   0.5    2.1      0.4
  MONTH TO DATE   14.1                      12.4    1.7     11.6
  SINCE DEC 1     50.9                      49.5    1.4     49.2
  SINCE JUL 1     59.0                      65.6   -6.6     53.6
  SNOW DEPTH       8

DEGREE DAYS
 HEATING
  YESTERDAY       37                        45     -8       40
  MONTH TO DATE 1185                      1399   -214     1327
  SINCE DEC 1   4208                      4654   -446     4125
  SINCE JUL 1   5690                      6867  -1177     5788

 COOLING
  YESTERDAY        0                         0      0        0
  MONTH TO DATE    0                         0      0        0
  SINCE DEC 1      0                         0      0        0
  SINCE JAN 1      0                         0      0        0
..................................................................


WIND (MPH)
  HIGHEST WIND SPEED    16   HIGHEST WIND DIRECTION    NE (60)
  HIGHEST GUST SPEED    22   HIGHEST GUST DIRECTION     E (70)
  AVERAGE WIND SPEED     9.1


SKY COVER
  AVERAGE SKY COVER 1.0


WEATHER CONDITIONS
 THE FOLLOWING WEATHER WAS RECORDED YESTERDAY.
  SNOW
  LIGHT SNOW
  FOG


RELATIVE HUMIDITY (PERCENT)
 HIGHEST   100           700 AM
 LOWEST     84          1200 AM
 AVERAGE    92

..........................................................


THE DULUTH MN CLIMATE NORMALS FOR TODAY
                         NORMAL    RECORD    YEAR
 MAXIMUM TEMPERATURE (F)   29        51      1883
 MINIMUM TEMPERATURE (F)   11       -28      1962


SUNRISE AND SUNSET
MARCH  1 2017.........SUNRISE   648 AM CST   SUNSET   555 PM CST
MARCH  2 2017.........SUNRISE   646 AM CST   SUNSET   556 PM CST


-  INDICATES NEGATIVE NUMBERS.
R  INDICATES RECORD WAS SET OR TIED.
MM INDICATES DATA IS MISSING.
T  INDICATES TRACE AMOUNT.




$$
