000
CDUS43 KDLH 202221
CLIDLH


CLIMATE REPORT
NATIONAL WEATHER SERVICE DULUTH MN
520 PM CDT TUE JUN 20 2017


...................................

...THE DULUTH MN CLIMATE SUMMARY FOR JUNE 20 2017...
VALID TODAY AS OF 0500 PM LOCAL TIME.

CLIMATE NORMAL PERIOD 1981 TO 2010
CLIMATE RECORD PERIOD 1870 TO 2017


WEATHER ITEM   OBSERVED TIME   RECORD YEAR NORMAL DEPARTURE LAST
                VALUE   (LST)  VALUE       VALUE  FROM      YEAR
                                                  NORMAL
..................................................................
TEMPERATURE (F)
 TODAY
  MAXIMUM         68   1231 PM  88    1995  72     -4       74
  MINIMUM         49    238 AM  31    1992  51     -2       53
  AVERAGE         59                        61     -2       64

PRECIPITATION (IN)
  TODAY            0.00          3.11 2012   0.15  -0.15     0.00
  MONTH TO DATE    2.77                      2.69   0.08     3.26
  SINCE JUN 1      2.77                      2.69   0.08     3.26
  SINCE JAN 1     13.91                     11.61   2.30    13.37

SNOWFALL (IN)
  TODAY            0.0           0.0  2002   0.0    0.0      0.0
                                      2001
  MONTH TO DATE    T                         0.0    0.0       T
  SINCE JUL 1     67.0                      86.1  -19.1     81.4
  SNOW DEPTH       0

DEGREE DAYS
 HEATING
  TODAY            6                         5      1        1
  MONTH TO DATE   66                       140    -74      125
  SINCE JUN 1     66                       140    -74      125
  SINCE JUL 1   8073                      9405  -1332     8169

 COOLING
  TODAY            0                         1     -1        0
  MONTH TO DATE   13                        11      2       27
  SINCE JUN 1     13                        11      2       27
  SINCE JAN 1     13                        15     -2       36
..................................................................


WIND (MPH)
  HIGHEST WIND SPEED    17   HIGHEST WIND DIRECTION    NW (310)
  HIGHEST GUST SPEED    22   HIGHEST GUST DIRECTION     N (340)
  AVERAGE WIND SPEED     6.6


SKY COVER
  POSSIBLE SUNSHINE  MM
  AVERAGE SKY COVER 0.5


WEATHER CONDITIONS
 THE FOLLOWING WEATHER WAS RECORDED TODAY.
  NO SIGNIFICANT WEATHER WAS OBSERVED.


RELATIVE HUMIDITY (PERCENT)
 HIGHEST    93           100 AM
 LOWEST     48           100 PM
 AVERAGE    71

..........................................................


THE DULUTH MN CLIMATE NORMALS FOR TOMORROW
                         NORMAL    RECORD    YEAR
 MAXIMUM TEMPERATURE (F)   72        90      1911
                                             1910
 MINIMUM TEMPERATURE (F)   51        30      1992


SUNRISE AND SUNSET
JUNE 20 2017..........SUNRISE   514 AM CDT   SUNSET   906 PM CDT
JUNE 21 2017..........SUNRISE   514 AM CDT   SUNSET   906 PM CDT


-  INDICATES NEGATIVE NUMBERS.
R  INDICATES RECORD WAS SET OR TIED.
MM INDICATES DATA IS MISSING.
T  INDICATES TRACE AMOUNT.




$$
