000
CDUS43 KDLH 142253
CLIDLH


CLIMATE REPORT
NATIONAL WEATHER SERVICE DULUTH MN
551 PM CDT SAT OCT 14 2017


...................................

...THE DULUTH CLIMATE SUMMARY FOR OCTOBER 14 2017...
VALID TODAY AS OF 0500 PM LOCAL TIME.

CLIMATE NORMAL PERIOD 1981 TO 2010
CLIMATE RECORD PERIOD 1870 TO 2017


WEATHER ITEM   OBSERVED TIME   RECORD YEAR NORMAL DEPARTURE LAST
                VALUE   (LST)  VALUE       VALUE  FROM      YEAR
                                                  NORMAL
..................................................................
TEMPERATURE (F)
 TODAY
  MAXIMUM         53    225 PM  80    1947  53      0       60
  MINIMUM         29    307 AM  21    1978  36     -7       40
  AVERAGE         41                        44     -3       50

PRECIPITATION (IN)
  TODAY            0.00          1.57 1966   0.10  -0.10     0.00
  MONTH TO DATE    2.22                      1.46   0.76     0.69
  SINCE SEP 1      5.77                      5.57   0.20     4.21
  SINCE JAN 1     33.46                     26.27   7.19    28.13

SNOWFALL (IN)
  TODAY            0.0           0.5  1959   0.1   -0.1      0.0
  MONTH TO DATE    0.0                       0.5   -0.5       T
  SINCE JUL 1      T                         0.6   -0.6       T
  SNOW DEPTH       0

DEGREE DAYS
 HEATING
  TODAY           24                        21      3       15
  MONTH TO DATE  230                       259    -29      201
  SINCE SEP 1    442                       557   -115      363
  SINCE JUL 1    612                       706    -94      417

 COOLING
  TODAY            0                         0      0        0
  MONTH TO DATE    0                         0      0        0
  SINCE SEP 1     26                        14     12       14
  SINCE JAN 1    126                       204    -78      281
..................................................................


WIND (MPH)
  HIGHEST WIND SPEED    21   HIGHEST WIND DIRECTION     E (70)
  HIGHEST GUST SPEED    27   HIGHEST GUST DIRECTION    NE (50)
  AVERAGE WIND SPEED     8.3


SKY COVER
  AVERAGE SKY COVER 0.2


WEATHER CONDITIONS
 THE FOLLOWING WEATHER WAS RECORDED TODAY.
  NO SIGNIFICANT WEATHER WAS OBSERVED.


RELATIVE HUMIDITY (PERCENT)
 HIGHEST    92           300 AM
 LOWEST     59          1200 PM
 AVERAGE    76

..........................................................


THE DULUTH CLIMATE NORMALS FOR TOMORROW
                         NORMAL    RECORD    YEAR
 MAXIMUM TEMPERATURE (F)   52        82      1929
 MINIMUM TEMPERATURE (F)   35        21      1952


SUNRISE AND SUNSET
OCTOBER 14 2017.......SUNRISE   726 AM CDT   SUNSET   623 PM CDT
OCTOBER 15 2017.......SUNRISE   727 AM CDT   SUNSET   621 PM CDT


-  INDICATES NEGATIVE NUMBERS.
R  INDICATES RECORD WAS SET OR TIED.
MM INDICATES DATA IS MISSING.
T  INDICATES TRACE AMOUNT.




$$
