000
CDUS43 KDLH 190630
CLIDLH


CLIMATE REPORT
NATIONAL WEATHER SERVICE DULUTH MN
1229 AM CST THU JAN 19 2017


...................................

...THE DULUTH MN CLIMATE SUMMARY FOR JANUARY 18 2017...

CLIMATE NORMAL PERIOD 1981 TO 2010
CLIMATE RECORD PERIOD 1870 TO 2017


WEATHER ITEM   OBSERVED TIME   RECORD YEAR NORMAL DEPARTURE LAST
                VALUE   (LST)  VALUE       VALUE  FROM      YEAR
                                                  NORMAL
..................................................................
TEMPERATURE (F)
 YESTERDAY
  MAXIMUM         40    343 PM  44    1891  19     21        0
  MINIMUM         23    106 AM -33    1994   1     22      -19
  AVERAGE         32                        10     22       -9

PRECIPITATION (IN)
  YESTERDAY        0.00          0.32 2013   0.03  -0.03      T
  MONTH TO DATE    0.60                      0.61  -0.01     0.49
  SINCE DEC 1      2.67                      1.82   0.85     4.19
  SINCE JAN 1      0.60                      0.61  -0.01     0.49

SNOWFALL (IN)
  YESTERDAY        0.0           8.6  1996   0.7   -0.7       T
  MONTH TO DATE   10.1                      12.1   -2.0      7.3
  SINCE DEC 1     31.4                      29.8    1.6     31.9
  SINCE JUL 1     39.5                      45.9   -6.4     36.3
  SNOW DEPTH      10

DEGREE DAYS
 HEATING
  YESTERDAY       33                        55    -22       74
  MONTH TO DATE 1023                       987     36     1004
  SINCE DEC 1   2535                      2543     -8     2191
  SINCE JUL 1   4017                      4756   -739     3854

 COOLING
  YESTERDAY        0                         0      0        0
  MONTH TO DATE    0                         0      0        0
  SINCE DEC 1      0                         0      0        0
  SINCE JAN 1      0                         0      0        0
..................................................................


WIND (MPH)
  HIGHEST WIND SPEED    20   HIGHEST WIND DIRECTION    SW (230)
  HIGHEST GUST SPEED    26   HIGHEST GUST DIRECTION    SW (220)
  AVERAGE WIND SPEED    11.3


SKY COVER
  AVERAGE SKY COVER 0.2


WEATHER CONDITIONS
 THE FOLLOWING WEATHER WAS RECORDED YESTERDAY.
  FOG


RELATIVE HUMIDITY (PERCENT)
 HIGHEST    96           100 AM
 LOWEST     59           200 PM
 AVERAGE    78

..........................................................


THE DULUTH MN CLIMATE NORMALS FOR TODAY
                         NORMAL    RECORD    YEAR
 MAXIMUM TEMPERATURE (F)   19        44      1900
 MINIMUM TEMPERATURE (F)    1       -32      1994


SUNRISE AND SUNSET
JANUARY 19 2017.......SUNRISE   746 AM CST   SUNSET   453 PM CST
JANUARY 20 2017.......SUNRISE   745 AM CST   SUNSET   455 PM CST


-  INDICATES NEGATIVE NUMBERS.
R  INDICATES RECORD WAS SET OR TIED.
MM INDICATES DATA IS MISSING.
T  INDICATES TRACE AMOUNT.




$$
