000
CDUS43 KDLH 210625
CLIDLH


CLIMATE REPORT
NATIONAL WEATHER SERVICE DULUTH MN
123 AM CDT TUE MAR 21 2017


...................................

...THE DULUTH MN CLIMATE SUMMARY FOR MARCH 20 2017...

CLIMATE NORMAL PERIOD 1981 TO 2010
CLIMATE RECORD PERIOD 1870 TO 2017


WEATHER ITEM   OBSERVED TIME   RECORD YEAR NORMAL DEPARTURE LAST
                VALUE   (LST)  VALUE       VALUE  FROM      YEAR
                                                  NORMAL
..................................................................
TEMPERATURE (F)
 YESTERDAY
  MAXIMUM         51    318 PM  62    2012  36     15       37
  MINIMUM         34    857 PM -21    1965  19     15       17
  AVERAGE         43                        28     15       27

PRECIPITATION (IN)
  YESTERDAY        0.00          0.81 1942   0.05  -0.05     0.00
  MONTH TO DATE    0.76                      0.91  -0.15     3.10
  SINCE MAR 1      0.76                      0.91  -0.15     3.10
  SINCE JAN 1      3.72                      2.68   1.04     4.98

SNOWFALL (IN)
  YESTERDAY        0.0           6.7  1942   0.3   -0.3      0.0
  MONTH TO DATE    5.1                       9.5   -4.4     12.9
  SINCE MAR 1      5.1                       9.5   -4.4     12.9
  SINCE JUL 1     64.1                      75.1  -11.0     67.1
  SNOW DEPTH       3

DEGREE DAYS
 HEATING
  YESTERDAY       22                        38    -16       38
  MONTH TO DATE  860                       827     33      673
  SINCE MAR 1    860                       827     33      673
  SINCE JUL 1   6550                      7694  -1144     6510

 COOLING
  YESTERDAY        0                         0      0        0
  MONTH TO DATE    0                         0      0        0
  SINCE MAR 1      0                         0      0        0
  SINCE JAN 1      0                         0      0        0
..................................................................


WIND (MPH)
  HIGHEST WIND SPEED    22   HIGHEST WIND DIRECTION    NW (320)
  HIGHEST GUST SPEED    28   HIGHEST GUST DIRECTION     W (280)
  AVERAGE WIND SPEED    10.6


SKY COVER
  AVERAGE SKY COVER 0.1


WEATHER CONDITIONS
 THE FOLLOWING WEATHER WAS RECORDED YESTERDAY.
  NO SIGNIFICANT WEATHER WAS OBSERVED.


RELATIVE HUMIDITY (PERCENT)
 HIGHEST    85           400 AM
 LOWEST     20           300 PM
 AVERAGE    53

..........................................................


THE DULUTH MN CLIMATE NORMALS FOR TODAY
                         NORMAL    RECORD    YEAR
 MAXIMUM TEMPERATURE (F)   36        68      1910
 MINIMUM TEMPERATURE (F)   20       -14      1885


SUNRISE AND SUNSET
MARCH 21 2017.........SUNRISE   709 AM CDT   SUNSET   723 PM CDT
MARCH 22 2017.........SUNRISE   707 AM CDT   SUNSET   724 PM CDT


-  INDICATES NEGATIVE NUMBERS.
R  INDICATES RECORD WAS SET OR TIED.
MM INDICATES DATA IS MISSING.
T  INDICATES TRACE AMOUNT.




$$
