000
CDUS43 KDLH 050639
CLIDLH


CLIMATE REPORT
NATIONAL WEATHER SERVICE DULUTH MN
134 AM CDT SUN JUL 5 2015


...................................

...THE DULUTH MN CLIMATE SUMMARY FOR JULY 4 2015...

CLIMATE NORMAL PERIOD 1981 TO 2010
CLIMATE RECORD PERIOD 1870 TO 2015


WEATHER ITEM   OBSERVED TIME   RECORD YEAR NORMAL DEPARTURE LAST
                VALUE   (LST)  VALUE       VALUE  FROM      YEAR
                                                  NORMAL
..................................................................
TEMPERATURE (F)
 YESTERDAY
  MAXIMUM         76    146 PM  95    1881  75      1       78
  MINIMUM         58    526 AM  40    1972  54      4       52
  AVERAGE         67                        65      2       65

PRECIPITATION (IN)
  YESTERDAY        0.00          1.87 1949   0.15  -0.15      T
                                      1913
  MONTH TO DATE    0.12                      0.60  -0.48     0.01
  SINCE JUN 1      3.76                      4.83  -1.07     4.48
  SINCE JAN 1     10.15                     13.75  -3.60    16.91

SNOWFALL (IN)
  YESTERDAY        0.0           0.0  2002   0.0    0.0      0.0
                                      2001
  MONTH TO DATE    0.0                       0.0    0.0      0.0
  SINCE JUN 1      T                         0.0    0.0       T
  SINCE JUL 1      0.0                       0.0    0.0      0.0
  SNOW DEPTH       0

DEGREE DAYS
 HEATING
  YESTERDAY        0                         3     -3        0
  MONTH TO DATE    5                        12     -7        6
  SINCE JUN 1    126                       191    -65      168
  SINCE JUL 1      5                        12     -7        6

 COOLING
  YESTERDAY        2                         3     -1        0
  MONTH TO DATE    7                         9     -2        0
  SINCE JUN 1     29                        39    -10       29
  SINCE JAN 1     33                        43    -10       47
..................................................................


WIND (MPH)
  HIGHEST WIND SPEED    13   HIGHEST WIND DIRECTION    SE (120)
  HIGHEST GUST SPEED    16   HIGHEST GUST DIRECTION    SE (130)
  AVERAGE WIND SPEED     7.2


SKY COVER
  AVERAGE SKY COVER 0.1


WEATHER CONDITIONS
 THE FOLLOWING WEATHER WAS RECORDED YESTERDAY.
  FOG
  HAZE


RELATIVE HUMIDITY (PERCENT)
 HIGHEST    87          1200 AM
 LOWEST     57           400 PM
 AVERAGE    72

..........................................................


THE DULUTH MN CLIMATE NORMALS FOR TODAY
                         NORMAL    RECORD    YEAR
 MAXIMUM TEMPERATURE (F)   76        94      1886
 MINIMUM TEMPERATURE (F)   54        36      1967


SUNRISE AND SUNSET
JULY  5 2015..........SUNRISE   521 AM CDT   SUNSET   905 PM CDT
JULY  6 2015..........SUNRISE   522 AM CDT   SUNSET   905 PM CDT


-  INDICATES NEGATIVE NUMBERS.
R  INDICATES RECORD WAS SET OR TIED.
MM INDICATES DATA IS MISSING.
T  INDICATES TRACE AMOUNT.




$$
