000
CDUS43 KDLH 162224
CLIDLH


CLIMATE REPORT
NATIONAL WEATHER SERVICE DULUTH MN
421 PM CST SAT DEC 16 2017


...................................

...THE DULUTH CLIMATE SUMMARY FOR DECEMBER 16 2017...
VALID TODAY AS OF 0400 PM LOCAL TIME.

CLIMATE NORMAL PERIOD 1981 TO 2010
CLIMATE RECORD PERIOD 1870 TO 2017


WEATHER ITEM   OBSERVED TIME   RECORD YEAR NORMAL DEPARTURE LAST
                VALUE   (LST)  VALUE       VALUE  FROM      YEAR
                                                  NORMAL
..................................................................
TEMPERATURE (F)
 TODAY
  MAXIMUM         20    359 PM  50    1913  22     -2       11
  MINIMUM         14   1210 AM -28    1876   7      7       -4
  AVERAGE         17                        14      3        4

PRECIPITATION (IN)
  TODAY            0.02          1.12 1984   0.03  -0.01     0.07
  MONTH TO DATE    0.51                      0.65  -0.14     0.90
  SINCE DEC 1      0.51                      0.65  -0.14     0.90
  SINCE JAN 1     36.46                     30.40   6.06    32.49

SNOWFALL (IN)
  TODAY            0.1           8.0  2015   0.6   -0.5      0.4
  MONTH TO DATE    7.1                       8.7   -1.6     15.9
  SINCE JUL 1     28.7                      24.8    3.9     24.0
  SNOW DEPTH       4

DEGREE DAYS
 HEATING
  TODAY           48                        51     -3       61
  MONTH TO DATE  748                       767    -19      801
  SINCE DEC 1    748                       767    -19      801
  SINCE JUL 1   2894                      2980    -86     2283

 COOLING
  TODAY            0                         0      0        0
  MONTH TO DATE    0                         0      0        0
  SINCE DEC 1      0                         0      0        0
  SINCE JAN 1    126                       204    -78      281
..................................................................


WIND (MPH)
  HIGHEST WIND SPEED    22   HIGHEST WIND DIRECTION     E (110)
  HIGHEST GUST SPEED    26   HIGHEST GUST DIRECTION     E (110)
  AVERAGE WIND SPEED    12.5


SKY COVER
  AVERAGE SKY COVER 1.0


WEATHER CONDITIONS
 THE FOLLOWING WEATHER WAS RECORDED TODAY.
  LIGHT SNOW
  FOG


RELATIVE HUMIDITY (PERCENT)
 HIGHEST    96          1200 AM
 LOWEST     74           800 AM
 AVERAGE    85

..........................................................


THE DULUTH CLIMATE NORMALS FOR TOMORROW
                         NORMAL    RECORD    YEAR
 MAXIMUM TEMPERATURE (F)   22        44      1939
                                             1887
                                             1881
 MINIMUM TEMPERATURE (F)    7       -21      1983
                                             1919
                                             1884


SUNRISE AND SUNSET
DECEMBER 16 2017......SUNRISE   748 AM CST   SUNSET   421 PM CST
DECEMBER 17 2017......SUNRISE   749 AM CST   SUNSET   421 PM CST


-  INDICATES NEGATIVE NUMBERS.
R  INDICATES RECORD WAS SET OR TIED.
MM INDICATES DATA IS MISSING.
T  INDICATES TRACE AMOUNT.




$$
