000
CDUS43 KDLH 210621
CLIDLH


CLIMATE REPORT
NATIONAL WEATHER SERVICE DULUTH MN
120 AM CDT FRI APR 21 2017


...................................

...THE DULUTH MN CLIMATE SUMMARY FOR APRIL 20 2017...

CLIMATE NORMAL PERIOD 1981 TO 2010
CLIMATE RECORD PERIOD 1870 TO 2017


WEATHER ITEM   OBSERVED TIME   RECORD YEAR NORMAL DEPARTURE LAST
                VALUE   (LST)  VALUE       VALUE  FROM      YEAR
                                                  NORMAL
..................................................................
TEMPERATURE (F)
 YESTERDAY
  MAXIMUM         41    643 PM  76    1987  52    -11       64
  MINIMUM         34    924 AM  11    2013  32      2       42
  AVERAGE         38                        42     -4       53

PRECIPITATION (IN)
  YESTERDAY        0.73          1.46 1961   0.08   0.65     0.00
  MONTH TO DATE    2.02                      1.49   0.53     0.71
  SINCE MAR 1      3.07                      2.98   0.09     4.67
  SINCE JAN 1      6.03                      4.75   1.28     6.55

SNOWFALL (IN)
  YESTERDAY        0.6           3.2  1893   0.1    0.5      0.0
  MONTH TO DATE    0.6                       5.5   -4.9      9.8
  SINCE MAR 1      5.9                      18.7  -12.8     27.1
  SINCE JUL 1     64.9                      84.3  -19.4     81.3
  SNOW DEPTH       T

DEGREE DAYS
 HEATING
  YESTERDAY       27                        23      4       12
  MONTH TO DATE  425                       555   -130      566
  SINCE MAR 1   1618                      1765   -147     1594
  SINCE JUL 1   7308                      8632  -1324     7431

 COOLING
  YESTERDAY        0                         0      0        0
  MONTH TO DATE    0                         0      0        0
  SINCE MAR 1      0                         0      0        0
  SINCE JAN 1      0                         0      0        0
..................................................................


WIND (MPH)
  HIGHEST WIND SPEED    24   HIGHEST WIND DIRECTION     E (70)
  HIGHEST GUST SPEED    32   HIGHEST GUST DIRECTION     E (70)
  AVERAGE WIND SPEED    13.4


SKY COVER
  AVERAGE SKY COVER 0.9


WEATHER CONDITIONS
 THE FOLLOWING WEATHER WAS RECORDED YESTERDAY.
  RAIN
  LIGHT RAIN
  LIGHT SNOW
  FOG


RELATIVE HUMIDITY (PERCENT)
 HIGHEST   100           500 AM
 LOWEST     79           600 PM
 AVERAGE    90

..........................................................


THE DULUTH MN CLIMATE NORMALS FOR TODAY
                         NORMAL    RECORD    YEAR
 MAXIMUM TEMPERATURE (F)   52        76      1990
 MINIMUM TEMPERATURE (F)   32        18      1991


SUNRISE AND SUNSET
APRIL 21 2017.........SUNRISE   610 AM CDT   SUNSET   805 PM CDT
APRIL 22 2017.........SUNRISE   608 AM CDT   SUNSET   807 PM CDT


-  INDICATES NEGATIVE NUMBERS.
R  INDICATES RECORD WAS SET OR TIED.
MM INDICATES DATA IS MISSING.
T  INDICATES TRACE AMOUNT.




$$
