000
CDUS43 KDLH 250627
CLIDLH


CLIMATE REPORT
NATIONAL WEATHER SERVICE DULUTH MN
127 AM CDT WED MAR 25 2015


...................................

...THE DULUTH MN CLIMATE SUMMARY FOR MARCH 24 2015...

CLIMATE NORMAL PERIOD 1981 TO 2010
CLIMATE RECORD PERIOD 1870 TO 2015


WEATHER ITEM   OBSERVED TIME   RECORD YEAR NORMAL DEPARTURE LAST
                VALUE   (LST)  VALUE       VALUE  FROM      YEAR
                                                  NORMAL
..................................................................
TEMPERATURE (F)
 YESTERDAY
  MAXIMUM         47    300 PM  70    2012  38      9       25
  MINIMUM         24    609 AM -21    1974  21      3       -1
  AVERAGE         36                        29      7       12

PRECIPITATION (IN)
  YESTERDAY        0.00          1.06 1988   0.06  -0.06      T
  MONTH TO DATE    0.55                      1.12  -0.57     0.91
  SINCE MAR 1      0.55                      1.12  -0.57     0.91
  SINCE JAN 1      1.39                      2.89  -1.50     3.76

SNOWFALL (IN)
  YESTERDAY        0.0           7.0  1975   0.3   -0.3       T
  MONTH TO DATE    5.9                      11.0   -5.1     14.9
  SINCE MAR 1      5.9                      11.0   -5.1     14.9
  SINCE JUL 1     45.8                      76.6  -30.8     98.7
  SNOW DEPTH       0

DEGREE DAYS
 HEATING
  YESTERDAY       29                        36     -7       53
  MONTH TO DATE  832                       973   -141     1160
  SINCE MAR 1    832                       973   -141     1160
  SINCE JUL 1   7671                      7840   -169     8601

 COOLING
  YESTERDAY        0                         0      0        0
  MONTH TO DATE    0                         0      0        0
  SINCE MAR 1      0                         0      0        0
  SINCE JAN 1      0                         0      0        0
..................................................................


WIND (MPH)
  HIGHEST WIND SPEED    21   HIGHEST WIND DIRECTION     S (170)
  HIGHEST GUST SPEED    25   HIGHEST GUST DIRECTION     S (170)
  AVERAGE WIND SPEED     9.5


SKY COVER
  AVERAGE SKY COVER 0.3


WEATHER CONDITIONS
 THE FOLLOWING WEATHER WAS RECORDED YESTERDAY.
  FOG


RELATIVE HUMIDITY (PERCENT)
 HIGHEST    88           600 AM
 LOWEST     37           200 PM
 AVERAGE    63

..........................................................


THE DULUTH MN CLIMATE NORMALS FOR TODAY
                         NORMAL    RECORD    YEAR
 MAXIMUM TEMPERATURE (F)   38        64      1925
 MINIMUM TEMPERATURE (F)   21        -8      1955


SUNRISE AND SUNSET
MARCH 25 2015.........SUNRISE   702 AM CDT   SUNSET   728 PM CDT
MARCH 26 2015.........SUNRISE   700 AM CDT   SUNSET   729 PM CDT


-  INDICATES NEGATIVE NUMBERS.
R  INDICATES RECORD WAS SET OR TIED.
MM INDICATES DATA IS MISSING.
T  INDICATES TRACE AMOUNT.




$$
