000
CDUS43 KDLH 240655
CLIDLH


CLIMATE REPORT
NATIONAL WEATHER SERVICE DULUTH MN
154 AM CDT WED MAY 24 2017


...................................

...THE DULUTH MN CLIMATE SUMMARY FOR MAY 23 2017...

CLIMATE NORMAL PERIOD 1981 TO 2010
CLIMATE RECORD PERIOD 1870 TO 2017


WEATHER ITEM   OBSERVED TIME   RECORD YEAR NORMAL DEPARTURE LAST
                VALUE   (LST)  VALUE       VALUE  FROM      YEAR
                                                  NORMAL
..................................................................
TEMPERATURE (F)
 YESTERDAY
  MAXIMUM         56    322 PM  84    1980  64     -8       79
  MINIMUM         46    555 AM  28    1917  43      3       53
  AVERAGE         51                        54     -3       66

PRECIPITATION (IN)
  YESTERDAY        0.01          3.93 2010   0.11  -0.10     0.15
  MONTH TO DATE    3.78                      2.36   1.42     1.01
  SINCE MAR 1      7.85                      6.28   1.57     7.37
  SINCE JAN 1     10.81                      8.05   2.76     9.25

SNOWFALL (IN)
  YESTERDAY        0.0           0.5  1924   0.0    0.0      0.0
  MONTH TO DATE    0.8                       0.4    0.4      0.1
  SINCE MAR 1      8.0                      20.5  -12.5     27.2
  SINCE JUL 1     67.0                      86.1  -19.1     81.4
  SNOW DEPTH       0

DEGREE DAYS
 HEATING
  YESTERDAY       14                        12      2        0
  MONTH TO DATE  369                       342     27      305
  SINCE MAR 1   2240                      2314    -74     2142
  SINCE JUL 1   7930                      9181  -1251     7979

 COOLING
  YESTERDAY        0                         0      0        1
  MONTH TO DATE    0                         0      0        8
  SINCE MAR 1      0                         0      0        8
  SINCE JAN 1      0                         0      0        8
..................................................................


WIND (MPH)
  HIGHEST WIND SPEED    16   HIGHEST WIND DIRECTION     E (110)
  HIGHEST GUST SPEED    20   HIGHEST GUST DIRECTION     E (110)
  AVERAGE WIND SPEED     8.1


SKY COVER
  AVERAGE SKY COVER 1.0


WEATHER CONDITIONS
 THE FOLLOWING WEATHER WAS RECORDED YESTERDAY.
  LIGHT RAIN
  FOG


RELATIVE HUMIDITY (PERCENT)
 HIGHEST    93           100 AM
 LOWEST     66           200 PM
 AVERAGE    80

..........................................................


THE DULUTH MN CLIMATE NORMALS FOR TODAY
                         NORMAL    RECORD    YEAR
 MAXIMUM TEMPERATURE (F)   65        84      2014
                                             1875
 MINIMUM TEMPERATURE (F)   43        31      1949


SUNRISE AND SUNSET
MAY 24 2017...........SUNRISE   524 AM CDT   SUNSET   848 PM CDT
MAY 25 2017...........SUNRISE   523 AM CDT   SUNSET   849 PM CDT


-  INDICATES NEGATIVE NUMBERS.
R  INDICATES RECORD WAS SET OR TIED.
MM INDICATES DATA IS MISSING.
T  INDICATES TRACE AMOUNT.




$$
