000
CDUS43 KDLH 020638
CLIDLH


CLIMATE REPORT
NATIONAL WEATHER SERVICE DULUTH MN
1237 AM CST MON MAR 2 2015


...................................

...THE DULUTH MN CLIMATE SUMMARY FOR MARCH 1 2015...

CLIMATE NORMAL PERIOD 1981 TO 2010
CLIMATE RECORD PERIOD 1870 TO 2015


WEATHER ITEM   OBSERVED TIME   RECORD YEAR NORMAL DEPARTURE LAST
                VALUE   (LST)  VALUE       VALUE  FROM      YEAR
                                                  NORMAL
..................................................................
TEMPERATURE (F)
 YESTERDAY
  MAXIMUM         23    530 PM  51    1883  29     -6       -2
  MINIMUM         11   1159 PM -28    1962  11      0      -18
  AVERAGE         17                        20     -3      -10

PRECIPITATION (IN)
  YESTERDAY        T             0.93 2007   0.04  -0.04     0.00
  MONTH TO DATE    T                         0.04  -0.04     0.00
  SINCE MAR 1      T                         0.04  -0.04     0.00
  SINCE JAN 1      0.84                      1.81  -0.97     2.85

SNOWFALL (IN)
  YESTERDAY        T            16.4  2007   0.6   -0.6      0.0
  MONTH TO DATE    T                         0.6   -0.6      0.0
  SINCE MAR 1      T                         0.6   -0.6      0.0
  SINCE JUL 1     39.9                      66.2  -26.3     83.8
  SNOW DEPTH      10

DEGREE DAYS
 HEATING
  YESTERDAY       48                        45      3       75
  MONTH TO DATE   48                        45      3       75
  SINCE MAR 1     48                        45      3       75
  SINCE JUL 1   6887                      6912    -25     7516

 COOLING
  YESTERDAY        0                         0      0        0
  MONTH TO DATE    0                         0      0        0
  SINCE MAR 1      0                         0      0        0
  SINCE JAN 1      0                         0      0        0
..................................................................


WIND (MPH)
  HIGHEST WIND SPEED    24   HIGHEST WIND DIRECTION     W (280)
  HIGHEST GUST SPEED    30   HIGHEST GUST DIRECTION    NW (300)
  AVERAGE WIND SPEED    14.0


SKY COVER
  AVERAGE SKY COVER 0.7


WEATHER CONDITIONS
 THE FOLLOWING WEATHER WAS RECORDED YESTERDAY.
  LIGHT SNOW
  HAZE


RELATIVE HUMIDITY (PERCENT)
 HIGHEST    84           800 AM
 LOWEST     45           200 PM
 AVERAGE    65

..........................................................


THE DULUTH MN CLIMATE NORMALS FOR TODAY
                         NORMAL    RECORD    YEAR
 MAXIMUM TEMPERATURE (F)   29        54      1889
 MINIMUM TEMPERATURE (F)   12       -29      1989


SUNRISE AND SUNSET
MARCH  2 2015.........SUNRISE   647 AM CST   SUNSET   555 PM CST
MARCH  3 2015.........SUNRISE   645 AM CST   SUNSET   557 PM CST


-  INDICATES NEGATIVE NUMBERS.
R  INDICATES RECORD WAS SET OR TIED.
MM INDICATES DATA IS MISSING.
T  INDICATES TRACE AMOUNT.




$$
