000
CDUS43 KDLH 222244
CLIDLH


CLIMATE REPORT
NATIONAL WEATHER SERVICE DULUTH MN
541 PM CDT FRI SEP 22 2017


...................................

...THE DULUTH CLIMATE SUMMARY FOR SEPTEMBER 22 2017...
VALID TODAY AS OF 0500 PM LOCAL TIME.

CLIMATE NORMAL PERIOD 1981 TO 2010
CLIMATE RECORD PERIOD 1870 TO 2017


WEATHER ITEM   OBSERVED TIME   RECORD YEAR NORMAL DEPARTURE LAST
                VALUE   (LST)  VALUE       VALUE  FROM      YEAR
                                                  NORMAL
..................................................................
TEMPERATURE (F)
 TODAY
  MAXIMUM         78    348 PM  84    1922  62     16       65
                                      1908
                                      1903
  MINIMUM         58    127 AM  23    1974  44     14       51
  AVERAGE         68                        53     15       58

PRECIPITATION (IN)
  TODAY            0.49          2.18 1895   0.14   0.35     0.03
  MONTH TO DATE    2.06                      3.08  -1.02     2.55
  SINCE SEP 1      2.06                      3.08  -1.02     2.55
  SINCE JAN 1     29.75                     23.78   5.97    26.47

SNOWFALL (IN)
  TODAY            0.0           T    2012   0.0    0.0      0.0
  MONTH TO DATE    T                         0.0    0.0      0.0
  SINCE JUL 1      T                         0.0    0.0      0.0
  SNOW DEPTH       0

DEGREE DAYS
 HEATING
  TODAY            0                        12    -12        7
  MONTH TO DATE  142                       184    -42       84
  SINCE SEP 1    142                       184    -42       84
  SINCE JUL 1    312                       333    -21      138

 COOLING
  TODAY            3                         0      3        0
  MONTH TO DATE   11                        13     -2       14
  SINCE SEP 1     11                        13     -2       14
  SINCE JAN 1    111                       203    -92      281
..................................................................


WIND (MPH)
  HIGHEST WIND SPEED    47   HIGHEST WIND DIRECTION     W (270)
  HIGHEST GUST SPEED    61   HIGHEST GUST DIRECTION     W (270)
  AVERAGE WIND SPEED     9.3


SKY COVER
  AVERAGE SKY COVER 0.5


WEATHER CONDITIONS
 THE FOLLOWING WEATHER WAS RECORDED TODAY.
  THUNDERSTORM
  HEAVY RAIN
  LIGHT RAIN
  FOG


RELATIVE HUMIDITY (PERCENT)
 HIGHEST   100          1200 AM
 LOWEST     79           200 PM
 AVERAGE    90

..........................................................


THE DULUTH CLIMATE NORMALS FOR TOMORROW
                         NORMAL    RECORD    YEAR
 MAXIMUM TEMPERATURE (F)   62        85      1891
 MINIMUM TEMPERATURE (F)   43        28      1928


SUNRISE AND SUNSET
SEPTEMBER 22 2017.....SUNRISE   656 AM CDT   SUNSET   706 PM CDT
SEPTEMBER 23 2017.....SUNRISE   657 AM CDT   SUNSET   704 PM CDT


-  INDICATES NEGATIVE NUMBERS.
R  INDICATES RECORD WAS SET OR TIED.
MM INDICATES DATA IS MISSING.
T  INDICATES TRACE AMOUNT.




$$
