000
CDUS43 KDLH 152227
CLIDLH


CLIMATE REPORT
NATIONAL WEATHER SERVICE DULUTH MN
424 PM CST THU FEB 15 2018


...................................

...THE DULUTH CLIMATE SUMMARY FOR FEBRUARY 15 2018...
VALID TODAY AS OF 0400 PM LOCAL TIME.

CLIMATE NORMAL PERIOD 1981 TO 2010
CLIMATE RECORD PERIOD 1870 TO 2018


WEATHER ITEM   OBSERVED TIME   RECORD YEAR NORMAL DEPARTURE LAST
                VALUE   (LST)  VALUE       VALUE  FROM      YEAR
                                                  NORMAL
..................................................................
TEMPERATURE (F)
 TODAY
  MAXIMUM         35    337 AM  46    1931  24     11       25
  MINIMUM         27   1025 AM -30    1936   6     21        9
  AVERAGE         31                        15     16       17

PRECIPITATION (IN)
  TODAY            0.03          0.83 1910   0.02   0.01     0.00
  MONTH TO DATE    0.21                      0.36  -0.15     0.41
  SINCE DEC 1      1.67                      2.53  -0.86     3.64
  SINCE JAN 1      0.84                      1.32  -0.48     1.57

SNOWFALL (IN)
  TODAY            0.3           7.3  2000   0.4   -0.1      0.0
  MONTH TO DATE    2.2                       6.1   -3.9      5.6
  SINCE JUL 1     46.3                      59.3  -13.0     50.5
  SNOW DEPTH       9

DEGREE DAYS
 HEATING
  TODAY           34                        50    -16       48
  MONTH TO DATE  900                       781    119      729
  SINCE DEC 1   4249                      4036    213     3752
  SINCE JUL 1   6395                      6249    146     5234

 COOLING
  TODAY            0                         0      0        0
  MONTH TO DATE    0                         0      0        0
  SINCE DEC 1      0                         0      0        0
  SINCE JAN 1      0                         0      0        0
..................................................................


WIND (MPH)
  HIGHEST WIND SPEED    22   HIGHEST WIND DIRECTION     N (340)
  HIGHEST GUST SPEED    30   HIGHEST GUST DIRECTION     N (340)
  AVERAGE WIND SPEED    13.1


SKY COVER
  AVERAGE SKY COVER 0.6


WEATHER CONDITIONS
 THE FOLLOWING WEATHER WAS RECORDED TODAY.
  LIGHT SNOW
  FOG
  HAZE


RELATIVE HUMIDITY (PERCENT)
 HIGHEST    75          1200 AM
 LOWEST     58           100 PM
 AVERAGE    67

..........................................................


THE DULUTH CLIMATE NORMALS FOR TOMORROW
                         NORMAL    RECORD    YEAR
 MAXIMUM TEMPERATURE (F)   24        52      2011
 MINIMUM TEMPERATURE (F)    6       -30      1973


SUNRISE AND SUNSET
FEBRUARY 15 2018......SUNRISE   713 AM CST   SUNSET   534 PM CST
FEBRUARY 16 2018......SUNRISE   711 AM CST   SUNSET   535 PM CST


-  INDICATES NEGATIVE NUMBERS.
R  INDICATES RECORD WAS SET OR TIED.
MM INDICATES DATA IS MISSING.
T  INDICATES TRACE AMOUNT.




$$
