000
CDUS43 KDLH 272221
CLIDLH


CLIMATE REPORT
NATIONAL WEATHER SERVICE DULUTH MN
520 PM CDT SAT SEP 27 2014


...................................

...THE DULUTH MN CLIMATE SUMMARY FOR SEPTEMBER 27 2014...
VALID TODAY AS OF 0500 PM LOCAL TIME.

CLIMATE NORMAL PERIOD 1981 TO 2010
CLIMATE RECORD PERIOD 1870 TO 2014


WEATHER ITEM   OBSERVED TIME   RECORD YEAR NORMAL DEPARTURE LAST
                VALUE   (LST)  VALUE       VALUE  FROM      YEAR
                                                  NORMAL
..................................................................
TEMPERATURE (F)
 TODAY
  MAXIMUM         80    323 PM  83    1987  60     20       71
  MINIMUM         55    236 AM  27    1991  42     13       58
                                      1965
  AVERAGE         68                        51     17       65

PRECIPITATION (IN)
  TODAY            0.00          0.75 1874   0.13  -0.13     0.01
  MONTH TO DATE    1.31                      3.74  -2.43     0.91
  SINCE SEP 1      1.31                      3.74  -2.43     0.91
  SINCE JAN 1     26.26                     24.44   1.82    22.50

SNOWFALL (IN)
  TODAY            0.0           T    2003   0.0    0.0      0.0
                                      1993
  MONTH TO DATE    0.0                       0.1   -0.1      0.0
  SINCE JUL 1      0.0                       0.1   -0.1      0.0
  SNOW DEPTH       0

DEGREE DAYS
 HEATING
  TODAY            0                        14    -14        0
  MONTH TO DATE  191                       251    -60      152
  SINCE SEP 1    191                       251    -60      152
  SINCE JUL 1    268                       400   -132      226

 COOLING
  TODAY            3                         0      3        0
  MONTH TO DATE    8                        13     -5       23
  SINCE SEP 1      8                        13     -5       23
  SINCE JAN 1    178                       203    -25      374
..................................................................


WIND (MPH)
  HIGHEST WIND SPEED    18   HIGHEST WIND DIRECTION     S (200)
  HIGHEST GUST SPEED    24   HIGHEST GUST DIRECTION    SW (210)
  AVERAGE WIND SPEED     9.1


SKY COVER
  POSSIBLE SUNSHINE  MM
  AVERAGE SKY COVER 0.1


WEATHER CONDITIONS
 THE FOLLOWING WEATHER WAS RECORDED TODAY.
  NO SIGNIFICANT WEATHER WAS OBSERVED.


RELATIVE HUMIDITY (PERCENT)
 HIGHEST    86           100 AM
 LOWEST     52           300 PM
 AVERAGE    69

..........................................................


THE DULUTH MN CLIMATE NORMALS FOR TOMORROW
                         NORMAL    RECORD    YEAR
 MAXIMUM TEMPERATURE (F)   60        79      1956
                                             1898
 MINIMUM TEMPERATURE (F)   41        24      1961


SUNRISE AND SUNSET
SEPTEMBER 27 2014.....SUNRISE   702 AM CDT   SUNSET   656 PM CDT
SEPTEMBER 28 2014.....SUNRISE   703 AM CDT   SUNSET   654 PM CDT


-  INDICATES NEGATIVE NUMBERS.
R  INDICATES RECORD WAS SET OR TIED.
MM INDICATES DATA IS MISSING.
T  INDICATES TRACE AMOUNT.




$$
