000
CDUS43 KDLH 140635
CLIDLH


CLIMATE REPORT
NATIONAL WEATHER SERVICE DULUTH MN
133 AM CDT MON APR 14 2014


...................................

...THE DULUTH MN CLIMATE SUMMARY FOR APRIL 13 2014...

CLIMATE NORMAL PERIOD 1981 TO 2010
CLIMATE RECORD PERIOD 1870 TO 2014


WEATHER ITEM   OBSERVED TIME   RECORD YEAR NORMAL DEPARTURE LAST
                VALUE   (LST)  VALUE       VALUE  FROM      YEAR
                                                  NORMAL
..................................................................
TEMPERATURE (F)
 YESTERDAY
  MAXIMUM         39   1151 AM  74    1941  48     -9       36
  MINIMUM         28   1159 PM   9    1950  29     -1       15
  AVERAGE         34                        38     -4       26

PRECIPITATION (IN)
  YESTERDAY        T             0.98 1960   0.08  -0.08     0.01
  MONTH TO DATE    0.84                      0.90  -0.06     1.98
  SINCE MAR 1      2.75                      2.39   0.36     4.02
  SINCE JAN 1      5.60                      4.16   1.44     6.57

SNOWFALL (IN)
  YESTERDAY        T             3.7  1983   0.3   -0.3      0.3
  MONTH TO DATE   13.4                       4.0    9.4     19.8
  SINCE MAR 1     34.3                      17.2   17.1     45.6
  SINCE JUL 1    118.1                      82.8   35.3     98.4
  SNOW DEPTH       9

DEGREE DAYS
 HEATING
  YESTERDAY       31                        27      4       39
  MONTH TO DATE  385                       382      3      449
  SINCE MAR 1   1824                      1592    232     1782
  SINCE JUL 1   9265                      8459    806     8290

 COOLING
  YESTERDAY        0                         0      0        0
  MONTH TO DATE    0                         0      0        0
  SINCE MAR 1      0                         0      0        0
  SINCE JAN 1      0                         0      0        0
..................................................................


WIND (MPH)
  HIGHEST WIND SPEED    25   HIGHEST WIND DIRECTION     N (350)
  HIGHEST GUST SPEED    35   HIGHEST GUST DIRECTION     N (350)
  AVERAGE WIND SPEED    12.6


SKY COVER
  AVERAGE SKY COVER 0.9


WEATHER CONDITIONS
 THE FOLLOWING WEATHER WAS RECORDED YESTERDAY.
  LIGHT RAIN
  FOG
  FOG W/VISIBILITY <= 1/4 MILE


RELATIVE HUMIDITY (PERCENT)
 HIGHEST    92           100 AM
 LOWEST     59           300 PM
 AVERAGE    76

..........................................................


THE DULUTH MN CLIMATE NORMALS FOR TODAY
                         NORMAL    RECORD    YEAR
 MAXIMUM TEMPERATURE (F)   49        82      1908
 MINIMUM TEMPERATURE (F)   29         8      2013
                                             1926


SUNRISE AND SUNSET
APRIL 14 2014.........SUNRISE   623 AM CDT   SUNSET   756 PM CDT
APRIL 15 2014.........SUNRISE   621 AM CDT   SUNSET   757 PM CDT


-  INDICATES NEGATIVE NUMBERS.
R  INDICATES RECORD WAS SET OR TIED.
MM INDICATES DATA IS MISSING.
T  INDICATES TRACE AMOUNT.




$$
