000
CDUS43 KDLH 120650
CLIDLH


CLIMATE REPORT
NATIONAL WEATHER SERVICE DULUTH MN
149 AM CDT FRI SEP 12 2014


...................................

...THE DULUTH MN CLIMATE SUMMARY FOR SEPTEMBER 11 2014...

CLIMATE NORMAL PERIOD 1981 TO 2010
CLIMATE RECORD PERIOD 1870 TO 2014


WEATHER ITEM   OBSERVED TIME   RECORD YEAR NORMAL DEPARTURE LAST
                VALUE   (LST)  VALUE       VALUE  FROM      YEAR
                                                  NORMAL
..................................................................
TEMPERATURE (F)
 YESTERDAY
  MAXIMUM         53    317 PM  92    1931  67    -14       78
  MINIMUM         39   1151 PM  31    1965  48     -9       54
  AVERAGE         46                        58    -12       66

PRECIPITATION (IN)
  YESTERDAY        0.01          1.51 1949   0.14  -0.13     0.02
  MONTH TO DATE    0.67                      1.52  -0.85     0.34
  SINCE SEP 1      0.67                      1.52  -0.85     0.34
  SINCE JAN 1     25.62                     22.22   3.40    21.93

SNOWFALL (IN)
  YESTERDAY        0.0           0.0  2002   0.0    0.0      0.0
                                      2001
  MONTH TO DATE    0.0                       0.0    0.0      0.0
  SINCE SEP 1      0.0                       0.0    0.0      0.0
  SINCE JUL 1      0.0                       0.0    0.0      0.0
  SNOW DEPTH       0

DEGREE DAYS
 HEATING
  YESTERDAY       19                         8     11        0
  MONTH TO DATE   48                        71    -23       24
  SINCE SEP 1     48                        71    -23       24
  SINCE JUL 1    125                       220    -95       98

 COOLING
  YESTERDAY        0                         1     -1        1
  MONTH TO DATE    5                        11     -6       22
  SINCE SEP 1      5                        11     -6       22
  SINCE JAN 1    175                       201    -26      373
..................................................................


WIND (MPH)
  HIGHEST WIND SPEED    16   HIGHEST WIND DIRECTION     N (20)
  HIGHEST GUST SPEED    19   HIGHEST GUST DIRECTION     N (20)
  AVERAGE WIND SPEED     6.0


SKY COVER
  AVERAGE SKY COVER 0.7


WEATHER CONDITIONS
 THE FOLLOWING WEATHER WAS RECORDED YESTERDAY.
  LIGHT RAIN


RELATIVE HUMIDITY (PERCENT)
 HIGHEST    86           300 AM
 LOWEST     50           100 PM
 AVERAGE    68

..........................................................


THE DULUTH MN CLIMATE NORMALS FOR TODAY
                         NORMAL    RECORD    YEAR
 MAXIMUM TEMPERATURE (F)   67        87      1948
 MINIMUM TEMPERATURE (F)   48        29      2007


SUNRISE AND SUNSET
SEPTEMBER 12 2014.....SUNRISE   643 AM CDT   SUNSET   726 PM CDT
SEPTEMBER 13 2014.....SUNRISE   644 AM CDT   SUNSET   724 PM CDT


-  INDICATES NEGATIVE NUMBERS.
R  INDICATES RECORD WAS SET OR TIED.
MM INDICATES DATA IS MISSING.
T  INDICATES TRACE AMOUNT.




$$
