000
CDUS43 KDLH 100626
CLIDLH


CLIMATE REPORT
NATIONAL WEATHER SERVICE DULUTH MN
125 AM CDT THU JUL 10 2014


...................................

...THE DULUTH MN CLIMATE SUMMARY FOR JULY 9 2014...

CLIMATE NORMAL PERIOD 1981 TO 2010
CLIMATE RECORD PERIOD 1870 TO 2014


WEATHER ITEM   OBSERVED TIME   RECORD YEAR NORMAL DEPARTURE LAST
                VALUE   (LST)  VALUE       VALUE  FROM      YEAR
                                                  NORMAL
..................................................................
TEMPERATURE (F)
 YESTERDAY
  MAXIMUM         73    537 PM  98    1936  76     -3       73
  MINIMUM         51    457 AM  42    1997  55     -4       55
  AVERAGE         62                        66     -4       64

PRECIPITATION (IN)
  YESTERDAY        0.00          1.30 1923   0.13  -0.13     0.22
  MONTH TO DATE    1.54                      1.29   0.25     0.56
  SINCE JUN 1      6.01                      5.52   0.49     5.10
  SINCE JAN 1     18.44                     14.44   4.00    18.44

SNOWFALL (IN)
  YESTERDAY        0.0           T    1948   0.0    0.0      0.0
  MONTH TO DATE    0.0                       0.0    0.0      0.0
  SINCE JUN 1      T                         0.0    0.0      0.0
  SINCE JUL 1      0.0                       0.0    0.0      0.0
  SNOW DEPTH       0

DEGREE DAYS
 HEATING
  YESTERDAY        3                         2      1        1
  MONTH TO DATE   12                        24    -12        9
  SINCE JUN 1    174                       203    -29      155
  SINCE JUL 1     12                        24    -12        9

 COOLING
  YESTERDAY        0                         3     -3        0
  MONTH TO DATE   24                        24      0       30
  SINCE JUN 1     53                        54     -1       83
  SINCE JAN 1     71                        58     13       84
..................................................................


WIND (MPH)
  HIGHEST WIND SPEED    15   HIGHEST WIND DIRECTION     N (350)
  HIGHEST GUST SPEED    21   HIGHEST GUST DIRECTION     N (360)
  AVERAGE WIND SPEED     5.2


SKY COVER
  AVERAGE SKY COVER 0.3


WEATHER CONDITIONS
 THE FOLLOWING WEATHER WAS RECORDED YESTERDAY.
  NO SIGNIFICANT WEATHER WAS OBSERVED.


RELATIVE HUMIDITY (PERCENT)
 HIGHEST    89           200 AM
 LOWEST     41           400 PM
 AVERAGE    65

..........................................................


THE DULUTH MN CLIMATE NORMALS FOR TODAY
                         NORMAL    RECORD    YEAR
 MAXIMUM TEMPERATURE (F)   76        95      1980
                                             1936
 MINIMUM TEMPERATURE (F)   55        41      1968


SUNRISE AND SUNSET
JULY 10 2014..........SUNRISE   525 AM CDT   SUNSET   903 PM CDT
JULY 11 2014..........SUNRISE   526 AM CDT   SUNSET   902 PM CDT


-  INDICATES NEGATIVE NUMBERS.
R  INDICATES RECORD WAS SET OR TIED.
MM INDICATES DATA IS MISSING.
T  INDICATES TRACE AMOUNT.




$$
