815
CDUS43 KDLH 140808
CLIDLH


CLIMATE REPORT
NATIONAL WEATHER SERVICE DULUTH MN
208 AM CST SUN JAN 14 2018


...................................

...THE DULUTH MN CLIMATE SUMMARY FOR JANUARY 13 2018...

CLIMATE NORMAL PERIOD 1981 TO 2010
CLIMATE RECORD PERIOD 1870 TO 2018


WEATHER ITEM   OBSERVED TIME   RECORD YEAR NORMAL DEPARTURE LAST
                VALUE   (LST)  VALUE       VALUE  FROM      YEAR
                                                  NORMAL
..................................................................
TEMPERATURE (F)
 YESTERDAY
  MAXIMUM          1    234 PM  48    1894  19    -18        5
  MINIMUM        -18    829 AM -34    1929   1    -19      -22
  AVERAGE         -8                        10    -18       -8

PRECIPITATION (IN)
  YESTERDAY        0.00          0.65 1995   0.03  -0.03     0.00
  MONTH TO DATE    0.30                      0.45  -0.15     0.60
  SINCE DEC 1      1.13                      1.66  -0.53     2.67
  SINCE JAN 1      0.30                      0.45  -0.15     0.60

SNOWFALL (IN)
  YESTERDAY        0.0          10.6  1971   0.7   -0.7      0.0
  MONTH TO DATE    3.6                       8.8   -5.2     10.1
  SINCE DEC 1     17.0                      26.5   -9.5     31.4
  SINCE JUL 1     38.6                      42.6   -4.0     39.5
  SNOW DEPTH       8

DEGREE DAYS
 HEATING
  YESTERDAY       73                        55     18       73
  MONTH TO DATE  794                       712     82      806
  SINCE DEC 1   2477                      2268    209     2318
  SINCE JUL 1   4623                      4481    142     3800

 COOLING
  YESTERDAY        0                         0      0        0
  MONTH TO DATE    0                         0      0        0
  SINCE DEC 1      0                         0      0        0
  SINCE JAN 1      0                         0      0        0
..................................................................


WIND (MPH)
  HIGHEST WIND SPEED    15   HIGHEST WIND DIRECTION    NW (320)
  HIGHEST GUST SPEED    19   HIGHEST GUST DIRECTION    NW (310)
  AVERAGE WIND SPEED     8.7


SKY COVER
  AVERAGE SKY COVER 0.0


WEATHER CONDITIONS
 THE FOLLOWING WEATHER WAS RECORDED YESTERDAY.
  NO SIGNIFICANT WEATHER WAS OBSERVED.


RELATIVE HUMIDITY (PERCENT)
 HIGHEST    81           100 AM
 LOWEST     58           100 PM
 AVERAGE    70

..........................................................


THE DULUTH MN CLIMATE NORMALS FOR TODAY
                         NORMAL    RECORD    YEAR
 MAXIMUM TEMPERATURE (F)   19        51      1894
 MINIMUM TEMPERATURE (F)    1       -38      1965


SUNRISE AND SUNSET
JANUARY 14 2018.......SUNRISE   750 AM CST   SUNSET   446 PM CST
JANUARY 15 2018.......SUNRISE   749 AM CST   SUNSET   447 PM CST


-  INDICATES NEGATIVE NUMBERS.
R  INDICATES RECORD WAS SET OR TIED.
MM INDICATES DATA IS MISSING.
T  INDICATES TRACE AMOUNT.




$$
