000
CDUS43 KDLH 250638
CLIDLH


CLIMATE REPORT
NATIONAL WEATHER SERVICE DULUTH MN
135 AM CDT MON APR 25 2016


...................................

...THE DULUTH MN CLIMATE SUMMARY FOR APRIL 24 2016...

CLIMATE NORMAL PERIOD 1981 TO 2010
CLIMATE RECORD PERIOD 1870 TO 2016


WEATHER ITEM   OBSERVED TIME   RECORD YEAR NORMAL DEPARTURE LAST
                VALUE   (LST)  VALUE       VALUE  FROM      YEAR
                                                  NORMAL
..................................................................
TEMPERATURE (F)
 YESTERDAY
  MAXIMUM         41    108 AM  82    1990  54    -13       40
  MINIMUM         35   1012 PM  19    1956  34      1       35
  AVERAGE         38                        44     -6       38

PRECIPITATION (IN)
  YESTERDAY        1.37          1.99 1889   0.09   1.28      T
  MONTH TO DATE    2.08                      1.84   0.24     1.03
  SINCE MAR 1      6.04                      3.33   2.71     1.82
  SINCE JAN 1      7.92                      5.10   2.82     2.66

SNOWFALL (IN)
  YESTERDAY        0.0           4.3  2014   0.2   -0.2       T
  MONTH TO DATE    9.8                       6.2    3.6      1.2
  SINCE MAR 1     27.1                      19.4    7.7      9.3
  SINCE JUL 1     81.3                      85.0   -3.7     49.2
  SNOW DEPTH       0

DEGREE DAYS
 HEATING
  YESTERDAY       27                        21      6       27
  MONTH TO DATE  655                       643     12      562
  SINCE MAR 1   1683                      1853   -170     1621
  SINCE JUL 1   7520                      8720  -1200     8460

 COOLING
  YESTERDAY        0                         0      0        0
  MONTH TO DATE    0                         0      0        0
  SINCE MAR 1      0                         0      0        0
  SINCE JAN 1      0                         0      0        0
..................................................................


WIND (MPH)
  HIGHEST WIND SPEED    32   HIGHEST WIND DIRECTION     E (90)
  HIGHEST GUST SPEED    44   HIGHEST GUST DIRECTION     E (90)
  AVERAGE WIND SPEED    21.3


SKY COVER
  AVERAGE SKY COVER 1.0


WEATHER CONDITIONS
 THE FOLLOWING WEATHER WAS RECORDED YESTERDAY.
  HEAVY RAIN
  RAIN
  LIGHT RAIN
  FOG


RELATIVE HUMIDITY (PERCENT)
 HIGHEST    92           800 AM
 LOWEST     73           100 AM
 AVERAGE    83

..........................................................


THE DULUTH MN CLIMATE NORMALS FOR TODAY
                         NORMAL    RECORD    YEAR
 MAXIMUM TEMPERATURE (F)   54        81      1990
 MINIMUM TEMPERATURE (F)   34        12      1972


SUNRISE AND SUNSET
APRIL 25 2016.........SUNRISE   603 AM CDT   SUNSET   811 PM CDT
APRIL 26 2016.........SUNRISE   601 AM CDT   SUNSET   813 PM CDT


-  INDICATES NEGATIVE NUMBERS.
R  INDICATES RECORD WAS SET OR TIED.
MM INDICATES DATA IS MISSING.
T  INDICATES TRACE AMOUNT.




$$
