000
CDUS43 KDLH 200622
CLIDLH


CLIMATE REPORT
NATIONAL WEATHER SERVICE DULUTH MN
121 AM CDT WED MAY 20 2015


...................................

...THE DULUTH MN CLIMATE SUMMARY FOR MAY 19 2015...

CLIMATE NORMAL PERIOD 1981 TO 2010
CLIMATE RECORD PERIOD 1870 TO 2015


WEATHER ITEM   OBSERVED TIME   RECORD YEAR NORMAL DEPARTURE LAST
                VALUE   (LST)  VALUE       VALUE  FROM      YEAR
                                                  NORMAL
..................................................................
TEMPERATURE (F)
 YESTERDAY
  MAXIMUM         57    521 PM  85    1972  63     -6       56
                                      1941
                                      1925
  MINIMUM         33    509 AM  26    1929  42     -9       46
  AVERAGE         45                        52     -7       51

PRECIPITATION (IN)
  YESTERDAY        T             2.16 1877   0.11  -0.11     0.59
  MONTH TO DATE    2.87                      1.94   0.93     2.90
  SINCE MAR 1      4.69                      5.86  -1.17     8.11
  SINCE JAN 1      5.53                      7.63  -2.10    10.96

SNOWFALL (IN)
  YESTERDAY        T             0.2  1963   0.0    0.0      0.0
  MONTH TO DATE    T                         0.4   -0.4       T
  SINCE MAR 1      9.3                      20.5  -11.2     47.2
  SINCE JUL 1     49.2                      86.1  -36.9    131.0
  SNOW DEPTH       0

DEGREE DAYS
 HEATING
  YESTERDAY       20                        13      7       14
  MONTH TO DATE  293                       293      0      362
  SINCE MAR 1   2027                      2265   -238     2687
  SINCE JUL 1   8866                      9132   -266    10128

 COOLING
  YESTERDAY        0                         0      0        0
  MONTH TO DATE    0                         0      0        0
  SINCE MAR 1      0                         0      0        0
  SINCE JAN 1      0                         0      0        0
..................................................................


WIND (MPH)
  HIGHEST WIND SPEED    18   HIGHEST WIND DIRECTION    NW (320)
  HIGHEST GUST SPEED    25   HIGHEST GUST DIRECTION     N (360)
  AVERAGE WIND SPEED     8.8


SKY COVER
  AVERAGE SKY COVER 0.3


WEATHER CONDITIONS
 THE FOLLOWING WEATHER WAS RECORDED YESTERDAY.
  LIGHT SNOW
  HAZE


RELATIVE HUMIDITY (PERCENT)
 HIGHEST    82           200 AM
 LOWEST     27           300 PM
 AVERAGE    55

..........................................................


THE DULUTH MN CLIMATE NORMALS FOR TODAY
                         NORMAL    RECORD    YEAR
 MAXIMUM TEMPERATURE (F)   64        88      2009
 MINIMUM TEMPERATURE (F)   42        26      1986


SUNRISE AND SUNSET
MAY 20 2015...........SUNRISE   528 AM CDT   SUNSET   842 PM CDT
MAY 21 2015...........SUNRISE   527 AM CDT   SUNSET   843 PM CDT


-  INDICATES NEGATIVE NUMBERS.
R  INDICATES RECORD WAS SET OR TIED.
MM INDICATES DATA IS MISSING.
T  INDICATES TRACE AMOUNT.




$$
