000
CDUS43 KDLH 190627
CLIDLH


CLIMATE REPORT
NATIONAL WEATHER SERVICE DULUTH MN
126 AM CDT FRI MAY 19 2017


...................................

...THE DULUTH MN CLIMATE SUMMARY FOR MAY 18 2017...

CLIMATE NORMAL PERIOD 1981 TO 2010
CLIMATE RECORD PERIOD 1870 TO 2017


WEATHER ITEM   OBSERVED TIME   RECORD YEAR NORMAL DEPARTURE LAST
                VALUE   (LST)  VALUE       VALUE  FROM      YEAR
                                                  NORMAL
..................................................................
TEMPERATURE (F)
 YESTERDAY
  MAXIMUM         58    412 PM  87    2012  63     -5       68
  MINIMUM         38   1159 PM  27    1915  41     -3       38
  AVERAGE         48                        52     -4       53

PRECIPITATION (IN)
  YESTERDAY        0.20          1.31 1883   0.11   0.09     0.00
  MONTH TO DATE    2.83                      1.83   0.00     0.86
  SINCE MAR 1      6.90                      5.75   1.15     7.22
  SINCE JAN 1      9.86                      7.52   2.34     9.10

SNOWFALL (IN)
  YESTERDAY        0.0           0.1  1968   0.0    0.0      0.0
  MONTH TO DATE    0.8                       0.4    0.4      0.1
  SINCE MAR 1      8.0                      20.5  -12.5     27.2
  SINCE JUL 1     67.0                      86.1  -19.1     81.4
  SNOW DEPTH       0

DEGREE DAYS
 HEATING
  YESTERDAY       17                        13      4       12
  MONTH TO DATE  275                       280     -5      284
  SINCE MAR 1   2146                      2252   -106     2121
  SINCE JUL 1   7836                      9119  -1283     7958

 COOLING
  YESTERDAY        0                         0      0        0
  MONTH TO DATE    0                         0      0        7
  SINCE MAR 1      0                         0      0        7
  SINCE JAN 1      0                         0      0        7
..................................................................


WIND (MPH)
  HIGHEST WIND SPEED    21   HIGHEST WIND DIRECTION     N (20)
  HIGHEST GUST SPEED    28   HIGHEST GUST DIRECTION     N (10)
  AVERAGE WIND SPEED    10.5


SKY COVER
  AVERAGE SKY COVER 0.7


WEATHER CONDITIONS
 THE FOLLOWING WEATHER WAS RECORDED YESTERDAY.
  RAIN
  LIGHT RAIN
  FOG


RELATIVE HUMIDITY (PERCENT)
 HIGHEST    93           100 AM
 LOWEST     40           500 PM
 AVERAGE    67

..........................................................


THE DULUTH MN CLIMATE NORMALS FOR TODAY
                         NORMAL    RECORD    YEAR
 MAXIMUM TEMPERATURE (F)   63        85      1972
                                             1941
                                             1925
 MINIMUM TEMPERATURE (F)   42        26      1929


SUNRISE AND SUNSET
MAY 19 2017...........SUNRISE   529 AM CDT   SUNSET   842 PM CDT
MAY 20 2017...........SUNRISE   528 AM CDT   SUNSET   843 PM CDT


-  INDICATES NEGATIVE NUMBERS.
R  INDICATES RECORD WAS SET OR TIED.
MM INDICATES DATA IS MISSING.
T  INDICATES TRACE AMOUNT.




$$
