000
CDUS43 KDLH 150623
CLIDLH


CLIMATE REPORT
NATIONAL WEATHER SERVICE DULUTH MN
1221 AM CST WED FEB 15 2017


...................................

...THE DULUTH MN CLIMATE SUMMARY FOR FEBRUARY 14 2017...

CLIMATE NORMAL PERIOD 1981 TO 2010
CLIMATE RECORD PERIOD 1870 TO 2017


WEATHER ITEM   OBSERVED TIME   RECORD YEAR NORMAL DEPARTURE LAST
                VALUE   (LST)  VALUE       VALUE  FROM      YEAR
                                                  NORMAL
..................................................................
TEMPERATURE (F)
 YESTERDAY
  MAXIMUM         35   1252 PM  48    1882  24     11       14
  MINIMUM         18   1159 PM -24    1970   6     12       -3
                                      1949
                                      1879
  AVERAGE         27                        15     12        6

PRECIPITATION (IN)
  YESTERDAY        0.00          0.81 1911   0.03  -0.03     0.10
  MONTH TO DATE    0.41                      0.34   0.07     0.38
  SINCE DEC 1      3.64                      2.51   1.13     5.13
  SINCE JAN 1      1.57                      1.30   0.27     1.43

SNOWFALL (IN)
  YESTERDAY        0.0           5.4  1995   0.4   -0.4      2.3
  MONTH TO DATE    5.6                       5.7   -0.1      7.4
  SINCE DEC 1     42.4                      42.8   -0.4     45.0
  SINCE JUL 1     50.5                      58.9   -8.4     49.4
  SNOW DEPTH      12

DEGREE DAYS
 HEATING
  YESTERDAY       38                        50    -12       59
  MONTH TO DATE  681                       731    -50      764
  SINCE DEC 1   3704                      3986   -282     3562
  SINCE JUL 1   5186                      6199  -1013     5225

 COOLING
  YESTERDAY        0                         0      0        0
  MONTH TO DATE    0                         0      0        0
  SINCE DEC 1      0                         0      0        0
  SINCE JAN 1      0                         0      0        0
..................................................................


WIND (MPH)
  HIGHEST WIND SPEED    36   HIGHEST WIND DIRECTION    NW (320)
  HIGHEST GUST SPEED    48   HIGHEST GUST DIRECTION    NW (330)
  AVERAGE WIND SPEED    17.3


SKY COVER
  AVERAGE SKY COVER 0.3


WEATHER CONDITIONS
 THE FOLLOWING WEATHER WAS RECORDED YESTERDAY.
  NO SIGNIFICANT WEATHER WAS OBSERVED.


RELATIVE HUMIDITY (PERCENT)
 HIGHEST    85           700 AM
 LOWEST     35           200 PM
 AVERAGE    60

..........................................................


THE DULUTH MN CLIMATE NORMALS FOR TODAY
                         NORMAL    RECORD    YEAR
 MAXIMUM TEMPERATURE (F)   24        46      1931
 MINIMUM TEMPERATURE (F)    6       -30      1936


SUNRISE AND SUNSET
FEBRUARY 15 2017......SUNRISE   712 AM CST   SUNSET   534 PM CST
FEBRUARY 16 2017......SUNRISE   710 AM CST   SUNSET   535 PM CST


-  INDICATES NEGATIVE NUMBERS.
R  INDICATES RECORD WAS SET OR TIED.
MM INDICATES DATA IS MISSING.
T  INDICATES TRACE AMOUNT.




$$
