000
CDUS43 KDLH 260640
CLIDLH


CLIMATE REPORT
NATIONAL WEATHER SERVICE DULUTH MN
1240 AM CST MON JAN 26 2015


...................................

...THE DULUTH MN CLIMATE SUMMARY FOR JANUARY 25 2015...

CLIMATE NORMAL PERIOD 1981 TO 2010
CLIMATE RECORD PERIOD 1870 TO 2015


WEATHER ITEM   OBSERVED TIME   RECORD YEAR NORMAL DEPARTURE LAST
                VALUE   (LST)  VALUE       VALUE  FROM      YEAR
                                                  NORMAL
..................................................................
TEMPERATURE (F)
 YESTERDAY
  MAXIMUM         21   1240 AM  47    1973  19      2       10
  MINIMUM         17    942 PM -31    1904   1     16       -5
  AVERAGE         19                        10      9        3

PRECIPITATION (IN)
  YESTERDAY        T             0.41 1975   0.03  -0.03      T
  MONTH TO DATE    0.31                      0.81  -0.50     0.64
  SINCE DEC 1      1.57                      2.02  -0.45     3.52
  SINCE JAN 1      0.31                      0.81  -0.50     0.64

SNOWFALL (IN)
  YESTERDAY        0.4          10.1  1971   0.6   -0.2       T
  MONTH TO DATE    5.2                      16.3  -11.1      7.6
  SINCE DEC 1     13.8                      34.0  -20.2     47.5
  SINCE JUL 1     30.3                      50.1  -19.8     52.5
  SNOW DEPTH       6

DEGREE DAYS
 HEATING
  YESTERDAY       46                        55     -9       62
  MONTH TO DATE 1342                      1372    -30     1542
  SINCE DEC 1   2683                      2928   -245     3408
  SINCE JUL 1   4898                      5141   -243     5365

 COOLING
  YESTERDAY        0                         0      0        0
  MONTH TO DATE    0                         0      0        0
  SINCE DEC 1      0                         0      0        0
  SINCE JAN 1      0                         0      0        0
..................................................................


WIND (MPH)
  HIGHEST WIND SPEED    20   HIGHEST WIND DIRECTION     E (70)
  HIGHEST GUST SPEED    25   HIGHEST GUST DIRECTION     E (70)
  AVERAGE WIND SPEED     9.9


SKY COVER
  AVERAGE SKY COVER 1.0


WEATHER CONDITIONS
 THE FOLLOWING WEATHER WAS RECORDED YESTERDAY.
  LIGHT SNOW


RELATIVE HUMIDITY (PERCENT)
 HIGHEST    80           400 AM
 LOWEST     67           200 AM
 AVERAGE    74

..........................................................


THE DULUTH MN CLIMATE NORMALS FOR TODAY
                         NORMAL    RECORD    YEAR
 MAXIMUM TEMPERATURE (F)   19        47      1877
 MINIMUM TEMPERATURE (F)    1       -31      1972


SUNRISE AND SUNSET
JANUARY 26 2015.......SUNRISE   740 AM CST   SUNSET   503 PM CST
JANUARY 27 2015.......SUNRISE   739 AM CST   SUNSET   504 PM CST


-  INDICATES NEGATIVE NUMBERS.
R  INDICATES RECORD WAS SET OR TIED.
MM INDICATES DATA IS MISSING.
T  INDICATES TRACE AMOUNT.




$$
