000
CDUS43 KDLH 160622
CLIDLH


CLIMATE REPORT
NATIONAL WEATHER SERVICE DULUTH MN
121 AM CDT SAT AUG 16 2014


...................................

...THE DULUTH MN CLIMATE SUMMARY FOR AUGUST 15 2014...

CLIMATE NORMAL PERIOD 1981 TO 2010
CLIMATE RECORD PERIOD 1870 TO 2014


WEATHER ITEM   OBSERVED TIME   RECORD YEAR NORMAL DEPARTURE LAST
                VALUE   (LST)  VALUE       VALUE  FROM      YEAR
                                                  NORMAL
..................................................................
TEMPERATURE (F)
 YESTERDAY
  MAXIMUM         82    459 PM  92    1930  75      7       80
                                      1922
  MINIMUM         58    540 AM  35    1976  55      3       50
  AVERAGE         70                        65      5       65

PRECIPITATION (IN)
  YESTERDAY        0.00          2.29 1973   0.12  -0.12     0.00
  MONTH TO DATE    1.69                      1.75  -0.06     0.55
  SINCE JUN 1      9.58                      9.83  -0.25     6.82
  SINCE JAN 1     22.01                     18.75   3.26    20.16

SNOWFALL (IN)
  YESTERDAY        0.0           0.0  2002   0.0    0.0      0.0
                                      2001
  MONTH TO DATE    0.0                       0.0    0.0      0.0
  SINCE JUN 1      T                         0.0    0.0      0.0
  SINCE JUL 1      0.0                       0.0    0.0      0.0
  SNOW DEPTH       0

DEGREE DAYS
 HEATING
  YESTERDAY        0                         2     -2        0
  MONTH TO DATE    7                        30    -23       27
  SINCE JUN 1    209                       272    -63      220
  SINCE JUL 1     47                        93    -46       74

 COOLING
  YESTERDAY        5                         2      3        0
  MONTH TO DATE   29                        40    -11        9
  SINCE JUN 1    143                       160    -17      203
  SINCE JAN 1    161                       164     -3      204
..................................................................


WIND (MPH)
  HIGHEST WIND SPEED    15   HIGHEST WIND DIRECTION    SW (210)
  HIGHEST GUST SPEED    18   HIGHEST GUST DIRECTION    SW (240)
  AVERAGE WIND SPEED     7.6


SKY COVER
  AVERAGE SKY COVER 0.2


WEATHER CONDITIONS
 THE FOLLOWING WEATHER WAS RECORDED YESTERDAY.
  NO SIGNIFICANT WEATHER WAS OBSERVED.


RELATIVE HUMIDITY (PERCENT)
 HIGHEST    79           900 PM
 LOWEST     51           200 PM
 AVERAGE    65

..........................................................


THE DULUTH MN CLIMATE NORMALS FOR TODAY
                         NORMAL    RECORD    YEAR
 MAXIMUM TEMPERATURE (F)   75        91      1988
 MINIMUM TEMPERATURE (F)   55        35      1976


SUNRISE AND SUNSET
AUGUST 16 2014........SUNRISE   608 AM CDT   SUNSET   817 PM CDT
AUGUST 17 2014........SUNRISE   609 AM CDT   SUNSET   816 PM CDT


-  INDICATES NEGATIVE NUMBERS.
R  INDICATES RECORD WAS SET OR TIED.
MM INDICATES DATA IS MISSING.
T  INDICATES TRACE AMOUNT.




$$
