779
CDUS43 KDLH 260624
CLIDLH


CLIMATE REPORT
NATIONAL WEATHER SERVICE DULUTH MN
122 AM CDT MON JUN 26 2017


...................................

...THE DULUTH MN CLIMATE SUMMARY FOR JUNE 25 2017...

CLIMATE NORMAL PERIOD 1981 TO 2010
CLIMATE RECORD PERIOD 1870 TO 2017


WEATHER ITEM   OBSERVED TIME   RECORD YEAR NORMAL DEPARTURE LAST
                VALUE   (LST)  VALUE       VALUE  FROM      YEAR
                                                  NORMAL
..................................................................
TEMPERATURE (F)
 YESTERDAY
  MAXIMUM         61    243 PM  93    1980  73    -12       84
  MINIMUM         43   1159 PM  39    1957  52     -9       64
  AVERAGE         52                        63    -11       74

PRECIPITATION (IN)
  YESTERDAY        0.08          1.83 1905   0.16  -0.08     0.30
  MONTH TO DATE    3.01                      3.47  -0.46     3.93
  SINCE JUN 1      3.01                      3.47  -0.46     3.93
  SINCE JAN 1     14.15                     12.39   1.76    14.04

SNOWFALL (IN)
  YESTERDAY        0.0           0.0  2002   0.0    0.0      0.0
                                      2001
  MONTH TO DATE    T                         0.0    0.0       T
  SINCE JUN 1      T                         0.0    0.0       T
  SINCE JUL 1     67.0                      86.1  -19.1     81.4
  SNOW DEPTH       0

DEGREE DAYS
 HEATING
  YESTERDAY       13                         4      9        0
  MONTH TO DATE  100                       161    -61      131
  SINCE JUN 1    100                       161    -61      131
  SINCE JUL 1   8107                      9426  -1319     8175

 COOLING
  YESTERDAY        0                         2     -2        9
  MONTH TO DATE   13                        19     -6       38
  SINCE JUN 1     13                        19     -6       38
  SINCE JAN 1     13                        23    -10       47
..................................................................


WIND (MPH)
  HIGHEST WIND SPEED    22   HIGHEST WIND DIRECTION     N (340)
  HIGHEST GUST SPEED    32   HIGHEST GUST DIRECTION    NW (310)
  AVERAGE WIND SPEED     9.8


SKY COVER
  AVERAGE SKY COVER 0.8


WEATHER CONDITIONS
 THE FOLLOWING WEATHER WAS RECORDED YESTERDAY.
  LIGHT RAIN


RELATIVE HUMIDITY (PERCENT)
 HIGHEST   100           300 AM
 LOWEST     62           200 PM
 AVERAGE    81

..........................................................


THE DULUTH MN CLIMATE NORMALS FOR TODAY
                         NORMAL    RECORD    YEAR
 MAXIMUM TEMPERATURE (F)   74        92      1931
 MINIMUM TEMPERATURE (F)   52        36      1982


SUNRISE AND SUNSET
JUNE 26 2017..........SUNRISE   516 AM CDT   SUNSET   907 PM CDT
JUNE 27 2017..........SUNRISE   516 AM CDT   SUNSET   907 PM CDT


-  INDICATES NEGATIVE NUMBERS.
R  INDICATES RECORD WAS SET OR TIED.
MM INDICATES DATA IS MISSING.
T  INDICATES TRACE AMOUNT.




$$
