000
CDUS43 KDLH 182226
CLIDLH


CLIMATE REPORT
NATIONAL WEATHER SERVICE DULUTH MN
523 PM CDT FRI AUG 18 2017


...................................

...THE DULUTH MN CLIMATE SUMMARY FOR AUGUST 18 2017...
VALID TODAY AS OF 0500 PM LOCAL TIME.

CLIMATE NORMAL PERIOD 1981 TO 2010
CLIMATE RECORD PERIOD 1870 TO 2017


WEATHER ITEM   OBSERVED TIME   RECORD YEAR NORMAL DEPARTURE LAST
                VALUE   (LST)  VALUE       VALUE  FROM      YEAR
                                                  NORMAL
..................................................................
TEMPERATURE (F)
 TODAY
  MAXIMUM         71    359 PM  92    1955  74     -3       80
                                      1934
  MINIMUM         55    700 AM  38    1975  55      0       62
                                      1950
  AVERAGE         63                        64     -1       71

PRECIPITATION (IN)
  TODAY            0.00          2.75 1990   0.11  -0.11     0.22
  MONTH TO DATE    3.98                      2.09   1.89     2.90
  SINCE JUN 1     13.30                     10.17   3.13    11.75
  SINCE JAN 1     24.44                     19.09   5.35    21.86

SNOWFALL (IN)
  TODAY            0.0           0.0  2002   0.0    0.0      0.0
                                      2001
  MONTH TO DATE    0.0                       0.0    0.0      0.0
  SINCE JUL 1      T                         0.0    0.0      0.0
  SNOW DEPTH       0

DEGREE DAYS
 HEATING
  TODAY            2                         3     -1        0
  MONTH TO DATE   54                        38     16        6
  SINCE JUN 1    238                       280    -42      177
  SINCE JUL 1    107                       101      6       35

 COOLING
  TODAY            0                         2     -2        6
  MONTH TO DATE   10                        46    -36       78
  SINCE JUN 1     93                       166    -73      224
  SINCE JAN 1     93                       170    -77      233
..................................................................


WIND (MPH)
  HIGHEST WIND SPEED    10   HIGHEST WIND DIRECTION     N (340)
  HIGHEST GUST SPEED    15   HIGHEST GUST DIRECTION    NW (330)
  AVERAGE WIND SPEED     7.1


SKY COVER
  POSSIBLE SUNSHINE  MM
  AVERAGE SKY COVER 0.6


WEATHER CONDITIONS
 THE FOLLOWING WEATHER WAS RECORDED TODAY.
  FOG


RELATIVE HUMIDITY (PERCENT)
 HIGHEST   100           100 AM
 LOWEST     73          1100 AM
 AVERAGE    87

..........................................................


THE DULUTH MN CLIMATE NORMALS FOR TOMORROW
                         NORMAL    RECORD    YEAR
 MAXIMUM TEMPERATURE (F)   74        94      1976
 MINIMUM TEMPERATURE (F)   54        37      2004


SUNRISE AND SUNSET
AUGUST 18 2017........SUNRISE   610 AM CDT   SUNSET   813 PM CDT
AUGUST 19 2017........SUNRISE   612 AM CDT   SUNSET   811 PM CDT


-  INDICATES NEGATIVE NUMBERS.
R  INDICATES RECORD WAS SET OR TIED.
MM INDICATES DATA IS MISSING.
T  INDICATES TRACE AMOUNT.




$$
