000
CDUS43 KDLH 260627
CLIDLH


CLIMATE REPORT
NATIONAL WEATHER SERVICE DULUTH MN
127 AM CDT TUE MAY 26 2015


...................................

...THE DULUTH MN CLIMATE SUMMARY FOR MAY 25 2015...

CLIMATE NORMAL PERIOD 1981 TO 2010
CLIMATE RECORD PERIOD 1870 TO 2015


WEATHER ITEM   OBSERVED TIME   RECORD YEAR NORMAL DEPARTURE LAST
                VALUE   (LST)  VALUE       VALUE  FROM      YEAR
                                                  NORMAL
..................................................................
TEMPERATURE (F)
 YESTERDAY
  MAXIMUM         59    856 AM  86    2010  65     -6       83
  MINIMUM         49    605 PM  30    1992  43      6       60
                                      1988
  AVERAGE         54                        54      0       72

PRECIPITATION (IN)
  YESTERDAY        0.74          1.34 1880   0.11   0.63     0.00
  MONTH TO DATE    3.70                      2.57   1.13     3.06
  SINCE MAR 1      5.52                      6.49  -0.97     8.27
  SINCE JAN 1      6.36                      8.26  -1.90    11.12

SNOWFALL (IN)
  YESTERDAY        0.0           T    1924   0.0    0.0      0.0
  MONTH TO DATE    T                         0.4   -0.4       T
  SINCE MAR 1      9.3                      20.5  -11.2     47.2
  SINCE JUL 1     49.2                      86.1  -36.9    131.0
  SNOW DEPTH       0

DEGREE DAYS
 HEATING
  YESTERDAY       11                        11      0        0
  MONTH TO DATE  343                       364    -21      394
  SINCE MAR 1   2077                      2336   -259     2719
  SINCE JUL 1   8916                      9203   -287    10160

 COOLING
  YESTERDAY        0                         0      0        7
  MONTH TO DATE    1                         0      1        9
  SINCE MAR 1      1                         0      1        9
  SINCE JAN 1      1                         0      1        9
..................................................................


WIND (MPH)
  HIGHEST WIND SPEED    26   HIGHEST WIND DIRECTION     E (80)
  HIGHEST GUST SPEED    36   HIGHEST GUST DIRECTION     E (70)
  AVERAGE WIND SPEED    11.4


SKY COVER
  AVERAGE SKY COVER 1.0


WEATHER CONDITIONS
 THE FOLLOWING WEATHER WAS RECORDED YESTERDAY.
  RAIN
  LIGHT RAIN
  FOG
  FOG W/VISIBILITY <= 1/4 MILE


RELATIVE HUMIDITY (PERCENT)
 HIGHEST   100           500 PM
 LOWEST     87           700 AM
 AVERAGE    94

..........................................................


THE DULUTH MN CLIMATE NORMALS FOR TODAY
                         NORMAL    RECORD    YEAR
 MAXIMUM TEMPERATURE (F)   65        85      2014
                                             1978
 MINIMUM TEMPERATURE (F)   43        28      1992


SUNRISE AND SUNSET
MAY 26 2015...........SUNRISE   523 AM CDT   SUNSET   849 PM CDT
MAY 27 2015...........SUNRISE   522 AM CDT   SUNSET   850 PM CDT


-  INDICATES NEGATIVE NUMBERS.
R  INDICATES RECORD WAS SET OR TIED.
MM INDICATES DATA IS MISSING.
T  INDICATES TRACE AMOUNT.




$$
