000
CDUS43 KDLH 280629
CLIDLH


CLIMATE REPORT
NATIONAL WEATHER SERVICE DULUTH MN
128 AM CDT SAT MAR 28 2015


...................................

...THE DULUTH MN CLIMATE SUMMARY FOR MARCH 27 2015...

CLIMATE NORMAL PERIOD 1981 TO 2010
CLIMATE RECORD PERIOD 1870 TO 2015


WEATHER ITEM   OBSERVED TIME   RECORD YEAR NORMAL DEPARTURE LAST
                VALUE   (LST)  VALUE       VALUE  FROM      YEAR
                                                  NORMAL
..................................................................
TEMPERATURE (F)
 YESTERDAY
  MAXIMUM         30    430 PM  79    1946  39     -9       30
  MINIMUM         10    622 AM  -8    1982  22    -12       26
  AVERAGE         20                        30    -10       28

PRECIPITATION (IN)
  YESTERDAY        0.00          1.69 1961   0.05  -0.05     0.61
  MONTH TO DATE    0.66                      1.27  -0.61     1.52
  SINCE MAR 1      0.66                      1.27  -0.61     1.52
  SINCE JAN 1      1.50                      3.04  -1.54     4.37

SNOWFALL (IN)
  YESTERDAY        0.0          10.8  1975   0.3   -0.3      6.0
  MONTH TO DATE    7.3                      12.0   -4.7     20.9
  SINCE MAR 1      7.3                      12.0   -4.7     20.9
  SINCE JUL 1     47.2                      77.6  -30.4    104.7
  SNOW DEPTH       0

DEGREE DAYS
 HEATING
  YESTERDAY       45                        35     10       37
  MONTH TO DATE  950                      1078   -128     1303
  SINCE MAR 1    950                      1078   -128     1303
  SINCE JUL 1   7789                      7945   -156     8744

 COOLING
  YESTERDAY        0                         0      0        0
  MONTH TO DATE    0                         0      0        0
  SINCE MAR 1      0                         0      0        0
  SINCE JAN 1      0                         0      0        0
..................................................................


WIND (MPH)
  HIGHEST WIND SPEED    13   HIGHEST WIND DIRECTION    SE (140)
  HIGHEST GUST SPEED    18   HIGHEST GUST DIRECTION     S (160)
  AVERAGE WIND SPEED     5.5


SKY COVER
  AVERAGE SKY COVER 0.1


WEATHER CONDITIONS
 THE FOLLOWING WEATHER WAS RECORDED YESTERDAY.
  NO SIGNIFICANT WEATHER WAS OBSERVED.


RELATIVE HUMIDITY (PERCENT)
 HIGHEST    73           500 AM
 LOWEST     31           400 PM
 AVERAGE    52

..........................................................


THE DULUTH MN CLIMATE NORMALS FOR TODAY
                         NORMAL    RECORD    YEAR
 MAXIMUM TEMPERATURE (F)   40        81      1946
 MINIMUM TEMPERATURE (F)   22       -14      1923


SUNRISE AND SUNSET
MARCH 28 2015.........SUNRISE   656 AM CDT   SUNSET   732 PM CDT
MARCH 29 2015.........SUNRISE   654 AM CDT   SUNSET   733 PM CDT


-  INDICATES NEGATIVE NUMBERS.
R  INDICATES RECORD WAS SET OR TIED.
MM INDICATES DATA IS MISSING.
T  INDICATES TRACE AMOUNT.




$$
