000
CDUS43 KDLH 230621
CLIDLH


CLIMATE REPORT
NATIONAL WEATHER SERVICE DULUTH MN
121 AM CDT FRI SEP 23 2016


...................................

...THE DULUTH MN CLIMATE SUMMARY FOR SEPTEMBER 22 2016...

CLIMATE NORMAL PERIOD 1981 TO 2010
CLIMATE RECORD PERIOD 1870 TO 2016


WEATHER ITEM   OBSERVED TIME   RECORD YEAR NORMAL DEPARTURE LAST
                VALUE   (LST)  VALUE       VALUE  FROM      YEAR
                                                  NORMAL
..................................................................
TEMPERATURE (F)
 YESTERDAY
  MAXIMUM         65    149 PM  84    1922  62      3       68
                                      1908
                                      1903
  MINIMUM         51   1100 PM  23    1974  44      7       52
  AVERAGE         58                        53      5       60

PRECIPITATION (IN)
  YESTERDAY        0.03          2.18 1895   0.14  -0.11     0.00
  MONTH TO DATE    2.55                      3.08  -0.53     5.19
  SINCE SEP 1      2.55                      3.08  -0.53     5.19
  SINCE JAN 1     26.47                     23.78   2.69    22.32

SNOWFALL (IN)
  YESTERDAY        0.0           T    2012   0.0    0.0      0.0
  MONTH TO DATE    0.0                       0.0    0.0      0.0
  SINCE SEP 1      0.0                       0.0    0.0      0.0
  SINCE JUL 1      0.0                       0.0    0.0      0.0
  SNOW DEPTH       0

DEGREE DAYS
 HEATING
  YESTERDAY        7                        12     -5        5
  MONTH TO DATE   84                       184   -100       74
  SINCE SEP 1     84                       184   -100       74
  SINCE JUL 1    138                       333   -195      170

 COOLING
  YESTERDAY        0                         0      0        0
  MONTH TO DATE   14                        13      1       52
  SINCE SEP 1     14                        13      1       52
  SINCE JAN 1    281                       203     78      330
..................................................................


WIND (MPH)
  HIGHEST WIND SPEED    16   HIGHEST WIND DIRECTION     E (70)
  HIGHEST GUST SPEED    21   HIGHEST GUST DIRECTION    NE (60)
  AVERAGE WIND SPEED     8.8


SKY COVER
  AVERAGE SKY COVER 0.7


WEATHER CONDITIONS
 THE FOLLOWING WEATHER WAS RECORDED YESTERDAY.
  LIGHT RAIN
  FOG


RELATIVE HUMIDITY (PERCENT)
 HIGHEST   100          1000 AM
 LOWEST     62          1200 AM
 AVERAGE    81

..........................................................


THE DULUTH MN CLIMATE NORMALS FOR TODAY
                         NORMAL    RECORD    YEAR
 MAXIMUM TEMPERATURE (F)   62        85      1891
 MINIMUM TEMPERATURE (F)   43        28      1928


SUNRISE AND SUNSET
SEPTEMBER 23 2016.....SUNRISE   657 AM CDT   SUNSET   703 PM CDT
SEPTEMBER 24 2016.....SUNRISE   659 AM CDT   SUNSET   701 PM CDT


-  INDICATES NEGATIVE NUMBERS.
R  INDICATES RECORD WAS SET OR TIED.
MM INDICATES DATA IS MISSING.
T  INDICATES TRACE AMOUNT.




$$
