000
CDUS43 KDLH 261244
CLIDLH


CLIMATE REPORT
NATIONAL WEATHER SERVICE DULUTH MN
643 AM CST SAT NOV 26 2016


...................................

...THE DULUTH MN CLIMATE SUMMARY FOR NOVEMBER 25 2016...

CLIMATE NORMAL PERIOD 1981 TO 2010
CLIMATE RECORD PERIOD 1870 TO 2016


WEATHER ITEM   OBSERVED TIME   RECORD YEAR NORMAL DEPARTURE LAST
                VALUE   (LST)  VALUE       VALUE  FROM      YEAR
                                                  NORMAL
..................................................................
TEMPERATURE (F)
 YESTERDAY
  MAXIMUM         35    441 PM  53    1913  30      5       42
  MINIMUM         32   1159 PM -16    1985  17     15       32
  AVERAGE         34                        24     10       37

PRECIPITATION (IN)
  YESTERDAY        T             0.90 1883   0.06  -0.06      T
  MONTH TO DATE    1.69                      1.80  -0.11     2.70
  SINCE SEP 1      6.76                      8.76  -2.00    11.41
  SINCE JAN 1     30.68                     29.46   1.22    28.54

SNOWFALL (IN)
  YESTERDAY        T             7.5  1993   0.5   -0.5      0.0
  MONTH TO DATE    8.1                      10.8   -2.7      3.7
  SINCE SEP 1      8.1                      13.2   -5.1      3.7
  SINCE JUL 1      8.1                      13.2   -5.1      3.7
  SNOW DEPTH       5

DEGREE DAYS
 HEATING
  YESTERDAY       31                        42    -11       28
  MONTH TO DATE  593                       874   -281      638
  SINCE SEP 1   1286                      1850   -564     1361
  SINCE JUL 1   1340                      1999   -659     1457

 COOLING
  YESTERDAY        0                         0      0        0
  MONTH TO DATE    0                         0      0        0
  SINCE SEP 1     14                        14      0       58
  SINCE JAN 1    281                       204     77      336
..................................................................


WIND (MPH)
  HIGHEST WIND SPEED    12   HIGHEST WIND DIRECTION    SW (240)
  HIGHEST GUST SPEED    16   HIGHEST GUST DIRECTION     W (290)
  AVERAGE WIND SPEED     7.6


SKY COVER
  AVERAGE SKY COVER 1.0


WEATHER CONDITIONS
 THE FOLLOWING WEATHER WAS RECORDED YESTERDAY.
  LIGHT RAIN
  LIGHT SNOW
  FOG
  HAZE


RELATIVE HUMIDITY (PERCENT)
 HIGHEST   100           400 AM
 LOWEST     75           400 PM
 AVERAGE    88

..........................................................


THE DULUTH MN CLIMATE NORMALS FOR TODAY
                         NORMAL    RECORD    YEAR
 MAXIMUM TEMPERATURE (F)   30        55      1960
                                             1899
 MINIMUM TEMPERATURE (F)   16        -9      1977


SUNRISE AND SUNSET
NOVEMBER 26 2016......SUNRISE   728 AM CST   SUNSET   425 PM CST
NOVEMBER 27 2016......SUNRISE   729 AM CST   SUNSET   424 PM CST


-  INDICATES NEGATIVE NUMBERS.
R  INDICATES RECORD WAS SET OR TIED.
MM INDICATES DATA IS MISSING.
T  INDICATES TRACE AMOUNT.




$$
