716
CDUS43 KDLH 141336
CLIDLH


CLIMATE REPORT
NATIONAL WEATHER SERVICE DULUTH MN
734 AM CST TUE NOV 14 2017


...................................

...THE DULUTH MN CLIMATE SUMMARY FOR NOVEMBER 13 2017...

CLIMATE NORMAL PERIOD 1981 TO 2010
CLIMATE RECORD PERIOD 1870 TO 2017


WEATHER ITEM   OBSERVED TIME   RECORD YEAR NORMAL DEPARTURE LAST
                VALUE   (LST)  VALUE       VALUE  FROM      YEAR
                                                  NORMAL
..................................................................
TEMPERATURE (F)
 YESTERDAY
  MAXIMUM         34   1036 PM  67    1999  37     -3       59
  MINIMUM         18    626 AM  -7    1986  23     -5       38
  AVERAGE         26                        30     -4       49

PRECIPITATION (IN)
  YESTERDAY        T             0.93 1951   0.07  -0.07     0.00
  MONTH TO DATE    1.09                      0.97   0.12     0.01
  SINCE SEP 1      8.04                      7.93   0.11     5.08
  SINCE JAN 1     35.73                     28.63   7.10    29.00

SNOWFALL (IN)
  YESTERDAY        0.0           7.1  2010   0.5   -0.5      0.0
  MONTH TO DATE    9.4                       4.4    5.0      0.0
  SINCE SEP 1     20.5                       6.8   13.7       T
  SINCE JUL 1     20.5                       6.8   13.7       T
  SNOW DEPTH       5

DEGREE DAYS
 HEATING
  YESTERDAY       39                        35      4       16
  MONTH TO DATE  543                       413    130      214
  SINCE SEP 1   1349                      1389    -40      907
  SINCE JUL 1   1519                      1538    -19      961

 COOLING
  YESTERDAY        0                         0      0        0
  MONTH TO DATE    0                         0      0        0
  SINCE SEP 1     26                        14     12       14
  SINCE JAN 1    126                       204    -78      281
..................................................................


WIND (MPH)
  HIGHEST WIND SPEED    17   HIGHEST WIND DIRECTION     E (110)
  HIGHEST GUST SPEED    23   HIGHEST GUST DIRECTION     E (100)
  AVERAGE WIND SPEED     7.2


SKY COVER
  AVERAGE SKY COVER 0.7


WEATHER CONDITIONS
 THE FOLLOWING WEATHER WAS RECORDED YESTERDAY.
  FOG


RELATIVE HUMIDITY (PERCENT)
 HIGHEST   100           300 AM
 LOWEST     81          1200 AM
 AVERAGE    91

..........................................................


THE DULUTH MN CLIMATE NORMALS FOR TODAY
                         NORMAL    RECORD    YEAR
 MAXIMUM TEMPERATURE (F)   36        63      1953
 MINIMUM TEMPERATURE (F)   23        -3      1959
                                             1919


SUNRISE AND SUNSET
NOVEMBER 14 2017......SUNRISE   711 AM CST   SUNSET   435 PM CST
NOVEMBER 15 2017......SUNRISE   712 AM CST   SUNSET   434 PM CST


-  INDICATES NEGATIVE NUMBERS.
R  INDICATES RECORD WAS SET OR TIED.
MM INDICATES DATA IS MISSING.
T  INDICATES TRACE AMOUNT.




$$
