383
CDUS43 KDLH 220620
CLIDLH


CLIMATE REPORT
NATIONAL WEATHER SERVICE DULUTH MN
119 AM CDT SAT APR 22 2017


...................................

...THE DULUTH MN CLIMATE SUMMARY FOR APRIL 21 2017...

CLIMATE NORMAL PERIOD 1981 TO 2010
CLIMATE RECORD PERIOD 1870 TO 2017


WEATHER ITEM   OBSERVED TIME   RECORD YEAR NORMAL DEPARTURE LAST
                VALUE   (LST)  VALUE       VALUE  FROM      YEAR
                                                  NORMAL
..................................................................
TEMPERATURE (F)
 YESTERDAY
  MAXIMUM         60    435 PM  76    1990  52      8       68
  MINIMUM         34    551 AM  18    1991  32      2       37
  AVERAGE         47                        42      5       53

PRECIPITATION (IN)
  YESTERDAY        0.00          1.54 1964   0.09  -0.09      T
  MONTH TO DATE    2.02                      1.58   0.44     0.71
  SINCE MAR 1      3.07                      3.07   0.00     4.67
  SINCE JAN 1      6.03                      4.84   1.19     6.55

SNOWFALL (IN)
  YESTERDAY        0.0           6.4  1912   0.2   -0.2      0.0
  MONTH TO DATE    0.6                       5.7   -5.1      9.8
  SINCE MAR 1      5.9                      18.9  -13.0     27.1
  SINCE JUL 1     64.9                      84.5  -19.6     81.3
  SNOW DEPTH       0

DEGREE DAYS
 HEATING
  YESTERDAY       18                        23     -5       12
  MONTH TO DATE  443                       578   -135      578
  SINCE MAR 1   1636                      1788   -152     1606
  SINCE JUL 1   7326                      8655  -1329     7443

 COOLING
  YESTERDAY        0                         0      0        0
  MONTH TO DATE    0                         0      0        0
  SINCE MAR 1      0                         0      0        0
  SINCE JAN 1      0                         0      0        0
..................................................................


WIND (MPH)
  HIGHEST WIND SPEED    14   HIGHEST WIND DIRECTION     S (180)
  HIGHEST GUST SPEED    19   HIGHEST GUST DIRECTION     N (350)
  AVERAGE WIND SPEED     6.8


SKY COVER
  AVERAGE SKY COVER 0.2


WEATHER CONDITIONS
 THE FOLLOWING WEATHER WAS RECORDED YESTERDAY.
  FOG
  FOG W/VISIBILITY <= 1/4 MILE


RELATIVE HUMIDITY (PERCENT)
 HIGHEST   100           200 AM
 LOWEST     37           500 PM
 AVERAGE    69

..........................................................


THE DULUTH MN CLIMATE NORMALS FOR TODAY
                         NORMAL    RECORD    YEAR
 MAXIMUM TEMPERATURE (F)   53        80      1990
                                             1980
 MINIMUM TEMPERATURE (F)   33        17      1909


SUNRISE AND SUNSET
APRIL 22 2017.........SUNRISE   608 AM CDT   SUNSET   807 PM CDT
APRIL 23 2017.........SUNRISE   606 AM CDT   SUNSET   808 PM CDT


-  INDICATES NEGATIVE NUMBERS.
R  INDICATES RECORD WAS SET OR TIED.
MM INDICATES DATA IS MISSING.
T  INDICATES TRACE AMOUNT.




$$
