000
CDUS43 KDLH 190645
CLIDLH


CLIMATE REPORT
NATIONAL WEATHER SERVICE DULUTH MN
144 AM CDT TUE APR 19 2016


...................................

...THE DULUTH MN CLIMATE SUMMARY FOR APRIL 18 2016...

CLIMATE NORMAL PERIOD 1981 TO 2010
CLIMATE RECORD PERIOD 1870 TO 2016


WEATHER ITEM   OBSERVED TIME   RECORD YEAR NORMAL DEPARTURE LAST
                VALUE   (LST)  VALUE       VALUE  FROM      YEAR
                                                  NORMAL
..................................................................
TEMPERATURE (F)
 YESTERDAY
  MAXIMUM         46   1222 AM  81    1915  51     -5       52
  MINIMUM         34    737 PM  12    1983  31      3       39
  AVERAGE         40                        41     -1       46

PRECIPITATION (IN)
  YESTERDAY        T             0.96 2013   0.09  -0.09     0.00
  MONTH TO DATE    0.71                      1.33  -0.62     0.45
  SINCE MAR 1      4.67                      2.82   1.85     1.24
  SINCE JAN 1      6.55                      4.59   1.96     2.08

SNOWFALL (IN)
  YESTERDAY        0.0          11.2  2013   0.2   -0.2      0.0
  MONTH TO DATE    9.8                       5.2    4.6      0.1
  SINCE MAR 1     27.1                      18.4    8.7      8.2
  SINCE JUL 1     81.3                      84.0   -2.7     48.1
  SNOW DEPTH       0

DEGREE DAYS
 HEATING
  YESTERDAY       25                        24      1       19
  MONTH TO DATE  532                       508     24      389
  SINCE MAR 1   1560                      1718   -158     1448
  SINCE JUL 1   7397                      8585  -1188     8287

 COOLING
  YESTERDAY        0                         0      0        0
  MONTH TO DATE    0                         0      0        0
  SINCE MAR 1      0                         0      0        0
  SINCE JAN 1      0                         0      0        0
..................................................................


WIND (MPH)
  HIGHEST WIND SPEED    22   HIGHEST WIND DIRECTION     E (90)
  HIGHEST GUST SPEED    28   HIGHEST GUST DIRECTION     E (90)
  AVERAGE WIND SPEED    14.0


SKY COVER
  AVERAGE SKY COVER 1.0


WEATHER CONDITIONS
 THE FOLLOWING WEATHER WAS RECORDED YESTERDAY.
  LIGHT RAIN
  FOG


RELATIVE HUMIDITY (PERCENT)
 HIGHEST   100           700 PM
 LOWEST     60          1200 AM
 AVERAGE    80

..........................................................


THE DULUTH MN CLIMATE NORMALS FOR TODAY
                         NORMAL    RECORD    YEAR
 MAXIMUM TEMPERATURE (F)   51        79      1923
 MINIMUM TEMPERATURE (F)   32        14      1897


SUNRISE AND SUNSET
APRIL 19 2016.........SUNRISE   613 AM CDT   SUNSET   803 PM CDT
APRIL 20 2016.........SUNRISE   611 AM CDT   SUNSET   805 PM CDT


-  INDICATES NEGATIVE NUMBERS.
R  INDICATES RECORD WAS SET OR TIED.
MM INDICATES DATA IS MISSING.
T  INDICATES TRACE AMOUNT.




$$
