867
CDUS43 KDLH 200621
CLIDLH


CLIMATE REPORT
NATIONAL WEATHER SERVICE DULUTH MN
120 AM CDT TUE SEP 20 2016


...................................

...THE DULUTH MN CLIMATE SUMMARY FOR SEPTEMBER 19 2016...

CLIMATE NORMAL PERIOD 1981 TO 2010
CLIMATE RECORD PERIOD 1870 TO 2016


WEATHER ITEM   OBSERVED TIME   RECORD YEAR NORMAL DEPARTURE LAST
                VALUE   (LST)  VALUE       VALUE  FROM      YEAR
                                                  NORMAL
..................................................................
TEMPERATURE (F)
 YESTERDAY
  MAXIMUM         73    319 PM  90    1984  64      9       69
  MINIMUM         50   1159 PM  27    1962  45      5       44
  AVERAGE         62                        54      8       57

PRECIPITATION (IN)
  YESTERDAY        0.00          2.60 1988   0.14  -0.14     0.00
  MONTH TO DATE    2.51                      2.66  -0.15     5.19
  SINCE SEP 1      2.51                      2.66  -0.15     5.19
  SINCE JAN 1     26.43                     23.36   3.07    22.32

SNOWFALL (IN)
  YESTERDAY        0.0           T    2012   0.0    0.0      0.0
                                      1991
  MONTH TO DATE    0.0                       0.0    0.0      0.0
  SINCE SEP 1      0.0                       0.0    0.0      0.0
  SINCE JUL 1      0.0                       0.0    0.0      0.0
  SNOW DEPTH       0

DEGREE DAYS
 HEATING
  YESTERDAY        3                        11     -8        8
  MONTH TO DATE   67                       149    -82       63
  SINCE SEP 1     67                       149    -82       63
  SINCE JUL 1    121                       298   -177      159

 COOLING
  YESTERDAY        0                         0      0        0
  MONTH TO DATE   14                        13      1       51
  SINCE SEP 1     14                        13      1       51
  SINCE JAN 1    281                       203     78      329
..................................................................


WIND (MPH)
  HIGHEST WIND SPEED    33   HIGHEST WIND DIRECTION     W (270)
  HIGHEST GUST SPEED    41   HIGHEST GUST DIRECTION     W (270)
  AVERAGE WIND SPEED    13.5


SKY COVER
  AVERAGE SKY COVER 0.2


WEATHER CONDITIONS
 THE FOLLOWING WEATHER WAS RECORDED YESTERDAY.
  NO SIGNIFICANT WEATHER WAS OBSERVED.


RELATIVE HUMIDITY (PERCENT)
 HIGHEST    97           100 AM
 LOWEST     27           300 PM
 AVERAGE    62

..........................................................


THE DULUTH MN CLIMATE NORMALS FOR TODAY
                         NORMAL    RECORD    YEAR
 MAXIMUM TEMPERATURE (F)   63        87      1891
 MINIMUM TEMPERATURE (F)   44        23      1962


SUNRISE AND SUNSET
SEPTEMBER 20 2016.....SUNRISE   654 AM CDT   SUNSET   709 PM CDT
SEPTEMBER 21 2016.....SUNRISE   655 AM CDT   SUNSET   707 PM CDT


-  INDICATES NEGATIVE NUMBERS.
R  INDICATES RECORD WAS SET OR TIED.
MM INDICATES DATA IS MISSING.
T  INDICATES TRACE AMOUNT.




$$
