180
CDUS43 KDLH 102226
CLIDLH


CLIMATE REPORT
NATIONAL WEATHER SERVICE DULUTH MN
426 PM CST SUN DEC 10 2017


...................................

...THE DULUTH CLIMATE SUMMARY FOR DECEMBER 10 2017...
VALID TODAY AS OF 0400 PM LOCAL TIME.

CLIMATE NORMAL PERIOD 1981 TO 2010
CLIMATE RECORD PERIOD 1870 TO 2017


WEATHER ITEM   OBSERVED TIME   RECORD YEAR NORMAL DEPARTURE LAST
                VALUE   (LST)  VALUE       VALUE  FROM      YEAR
                                                  NORMAL
..................................................................
TEMPERATURE (F)
 TODAY
  MAXIMUM         21    139 PM  46    1896  24     -3        7
                                      1891
  MINIMUM         16    359 PM -25    1977   9      7        0
  AVERAGE         19                        16      3        4

PRECIPITATION (IN)
  TODAY            T             1.14 2015   0.04  -0.04      T
  MONTH TO DATE    0.17                      0.44  -0.27     0.46
  SINCE DEC 1      0.17                      0.44  -0.27     0.46
  SINCE JAN 1     36.12                     30.19   5.93    32.05

SNOWFALL (IN)
  TODAY            0.2           7.3  1983   0.5   -0.3      0.1
  MONTH TO DATE    2.5                       5.4   -2.9      7.0
  SINCE JUL 1     24.1                      21.5    2.6     15.1
  SNOW DEPTH       1

DEGREE DAYS
 HEATING
  TODAY           46                        49     -3       61
  MONTH TO DATE  426                       468    -42      423
  SINCE DEC 1    426                       468    -42      423
  SINCE JUL 1   2572                      2681   -109     1905

 COOLING
  TODAY            0                         0      0        0
  MONTH TO DATE    0                         0      0        0
  SINCE DEC 1      0                         0      0        0
  SINCE JAN 1    126                       204    -78      281
..................................................................


WIND (MPH)
  HIGHEST WIND SPEED    16   HIGHEST WIND DIRECTION    NW (330)
  HIGHEST GUST SPEED    21   HIGHEST GUST DIRECTION     N (340)
  AVERAGE WIND SPEED     8.8


SKY COVER
  AVERAGE SKY COVER 0.9


WEATHER CONDITIONS
 THE FOLLOWING WEATHER WAS RECORDED TODAY.
  LIGHT SNOW


RELATIVE HUMIDITY (PERCENT)
 HIGHEST    84          1200 AM
 LOWEST     73           100 PM
 AVERAGE    79

..........................................................


THE DULUTH CLIMATE NORMALS FOR TOMORROW
                         NORMAL    RECORD    YEAR
 MAXIMUM TEMPERATURE (F)   23        53      1913
 MINIMUM TEMPERATURE (F)    9       -27      1977


SUNRISE AND SUNSET
DECEMBER 10 2017......SUNRISE   743 AM CST   SUNSET   420 PM CST
DECEMBER 11 2017......SUNRISE   744 AM CST   SUNSET   420 PM CST


-  INDICATES NEGATIVE NUMBERS.
R  INDICATES RECORD WAS SET OR TIED.
MM INDICATES DATA IS MISSING.
T  INDICATES TRACE AMOUNT.




$$
