000
CDUS43 KDLH 300631
CLIDLH


CLIMATE REPORT
NATIONAL WEATHER SERVICE DULUTH MN
130 AM CDT SAT APR 30 2016


...................................

...THE DULUTH MN CLIMATE SUMMARY FOR APRIL 29 2016...

CLIMATE NORMAL PERIOD 1981 TO 2010
CLIMATE RECORD PERIOD 1870 TO 2016


WEATHER ITEM   OBSERVED TIME   RECORD YEAR NORMAL DEPARTURE LAST
                VALUE   (LST)  VALUE       VALUE  FROM      YEAR
                                                  NORMAL
..................................................................
TEMPERATURE (F)
 YESTERDAY
  MAXIMUM         52    230 PM  83    1965  56     -4       66
  MINIMUM         29    139 AM  13    1958  36     -7       36
  AVERAGE         41                        46     -5       51

PRECIPITATION (IN)
  YESTERDAY        0.00          1.55 1991   0.10  -0.10     0.00
  MONTH TO DATE    2.40                      2.33   0.07     1.03
  SINCE MAR 1      6.36                      3.82   2.54     1.82
  SINCE JAN 1      8.24                      5.59   2.65     2.66

SNOWFALL (IN)
  YESTERDAY        0.0           8.5  1989   0.1   -0.1      0.0
  MONTH TO DATE    9.8                       6.8    3.0      1.2
  SINCE MAR 1     27.1                      20.0    7.1      9.3
  SINCE JUL 1     81.3                      85.6   -4.3     49.2
  SNOW DEPTH       0

DEGREE DAYS
 HEATING
  YESTERDAY       24                        19      5       14
  MONTH TO DATE  787                       743     44      654
  SINCE MAR 1   1815                      1953   -138     1713
  SINCE JUL 1   7652                      8820  -1168     8552

 COOLING
  YESTERDAY        0                         0      0        0
  MONTH TO DATE    0                         0      0        0
  SINCE MAR 1      0                         0      0        0
  SINCE JAN 1      0                         0      0        0
..................................................................


WIND (MPH)
  HIGHEST WIND SPEED    20   HIGHEST WIND DIRECTION     E (110)
  HIGHEST GUST SPEED    24   HIGHEST GUST DIRECTION     E (100)
  AVERAGE WIND SPEED     8.9


SKY COVER
  AVERAGE SKY COVER 0.2


WEATHER CONDITIONS
 THE FOLLOWING WEATHER WAS RECORDED YESTERDAY.
  NO SIGNIFICANT WEATHER WAS OBSERVED.


RELATIVE HUMIDITY (PERCENT)
 HIGHEST    78           100 AM
 LOWEST     42          1100 AM
 AVERAGE    60

..........................................................


THE DULUTH MN CLIMATE NORMALS FOR TODAY
                         NORMAL    RECORD    YEAR
 MAXIMUM TEMPERATURE (F)   57        85      1952
                                             1934
 MINIMUM TEMPERATURE (F)   36        22      1966


SUNRISE AND SUNSET
APRIL 30 2016.........SUNRISE   554 AM CDT   SUNSET   818 PM CDT
MAY  1 2016...........SUNRISE   553 AM CDT   SUNSET   820 PM CDT


-  INDICATES NEGATIVE NUMBERS.
R  INDICATES RECORD WAS SET OR TIED.
MM INDICATES DATA IS MISSING.
T  INDICATES TRACE AMOUNT.




$$
