000
CDUS43 KDLH 100630
CLIDLH


CLIMATE REPORT
NATIONAL WEATHER SERVICE DULUTH MN
127 AM CDT TUE OCT 10 2017


...................................

...THE DULUTH MN CLIMATE SUMMARY FOR OCTOBER 9 2017...

CLIMATE NORMAL PERIOD 1981 TO 2010
CLIMATE RECORD PERIOD 1870 TO 2017


WEATHER ITEM   OBSERVED TIME   RECORD YEAR NORMAL DEPARTURE LAST
                VALUE   (LST)  VALUE       VALUE  FROM      YEAR
                                                  NORMAL
..................................................................
TEMPERATURE (F)
 YESTERDAY
  MAXIMUM         49   1210 PM  76    1960  55     -6       53
                                      1955
                                      1930
  MINIMUM         30   1149 PM  20    1972  37     -7       30
  AVERAGE         40                        46     -6       42

PRECIPITATION (IN)
  YESTERDAY        T             2.55 1973   0.10  -0.10     0.00
  MONTH TO DATE    2.15                      0.98   1.17     0.66
  SINCE SEP 1      5.70                      5.09   0.61     4.18
  SINCE JAN 1     33.39                     25.79   7.60    28.10

SNOWFALL (IN)
  YESTERDAY        0.0           0.1  1967   0.0    0.0      0.0
  MONTH TO DATE    0.0                       0.2   -0.2       T
  SINCE SEP 1      T                         0.3   -0.3       T
  SINCE JUL 1      T                         0.3   -0.3       T
  SNOW DEPTH       0

DEGREE DAYS
 HEATING
  YESTERDAY       25                        19      6       23
  MONTH TO DATE  125                       158    -33      124
  SINCE SEP 1    337                       456   -119      286
  SINCE JUL 1    507                       605    -98      340

 COOLING
  YESTERDAY        0                         0      0        0
  MONTH TO DATE    0                         0      0        0
  SINCE SEP 1     26                        14     12       14
  SINCE JAN 1    126                       204    -78      281
..................................................................


WIND (MPH)
  HIGHEST WIND SPEED    18   HIGHEST WIND DIRECTION     W (280)
  HIGHEST GUST SPEED    24   HIGHEST GUST DIRECTION     W (290)
  AVERAGE WIND SPEED     9.0


SKY COVER
  AVERAGE SKY COVER 0.3


WEATHER CONDITIONS
 THE FOLLOWING WEATHER WAS RECORDED YESTERDAY.
  LIGHT RAIN


RELATIVE HUMIDITY (PERCENT)
 HIGHEST    82          1000 PM
 LOWEST     45           300 PM
 AVERAGE    64

..........................................................


THE DULUTH MN CLIMATE NORMALS FOR TODAY
                         NORMAL    RECORD    YEAR
 MAXIMUM TEMPERATURE (F)   54        82      1938
 MINIMUM TEMPERATURE (F)   37        18      1906


SUNRISE AND SUNSET
OCTOBER 10 2017.......SUNRISE   720 AM CDT   SUNSET   630 PM CDT
OCTOBER 11 2017.......SUNRISE   721 AM CDT   SUNSET   628 PM CDT


-  INDICATES NEGATIVE NUMBERS.
R  INDICATES RECORD WAS SET OR TIED.
MM INDICATES DATA IS MISSING.
T  INDICATES TRACE AMOUNT.




$$
