000
CDUS43 KDLH 162231
CLIDLH


CLIMATE REPORT
NATIONAL WEATHER SERVICE DULUTH MN
526 PM CDT FRI SEP 16 2016


...................................

...THE DULUTH MN CLIMATE SUMMARY FOR SEPTEMBER 16 2016...
VALID TODAY AS OF 0500 PM LOCAL TIME.

CLIMATE NORMAL PERIOD 1981 TO 2010
CLIMATE RECORD PERIOD 1870 TO 2016


WEATHER ITEM   OBSERVED TIME   RECORD YEAR NORMAL DEPARTURE LAST
                VALUE   (LST)  VALUE       VALUE  FROM      YEAR
                                                  NORMAL
..................................................................
TEMPERATURE (F)
 TODAY
  MAXIMUM         69    418 PM  89    1948  65      4       80
  MINIMUM         61    230 AM  30    1959  46     15       67
  AVERAGE         65                        56      9       74

PRECIPITATION (IN)
  TODAY            0.00          2.16 1955   0.14  -0.14      T
  MONTH TO DATE    2.30                      2.24   0.06     4.00
  SINCE SEP 1      2.30                      2.24   0.06     4.00
  SINCE JAN 1     26.22                     22.94   3.28    21.13

SNOWFALL (IN)
  TODAY            0.0           0.0  2002   0.0    0.0      0.0
                                      2001
  MONTH TO DATE    0.0                       0.0    0.0      0.0
  SINCE JUL 1      0.0                       0.0    0.0      0.0
  SNOW DEPTH       0

DEGREE DAYS
 HEATING
  TODAY            0                        10    -10        0
  MONTH TO DATE   49                       117    -68       46
  SINCE SEP 1     49                       117    -68       46
  SINCE JUL 1    103                       266   -163      142

 COOLING
  TODAY            0                         0      0        9
  MONTH TO DATE   14                        13      1       51
  SINCE SEP 1     14                        13      1       51
  SINCE JAN 1    281                       203     78      329
..................................................................


WIND (MPH)
  HIGHEST WIND SPEED    13   HIGHEST WIND DIRECTION     W (260)
  HIGHEST GUST SPEED    16   HIGHEST GUST DIRECTION     W (250)
  AVERAGE WIND SPEED     6.6


SKY COVER
  POSSIBLE SUNSHINE  MM
  AVERAGE SKY COVER 0.9


WEATHER CONDITIONS
 THE FOLLOWING WEATHER WAS RECORDED TODAY.
  FOG
  FOG W/VISIBILITY <= 1/4 MILE


RELATIVE HUMIDITY (PERCENT)
 HIGHEST   100          1200 AM
 LOWEST     76           100 PM
 AVERAGE    88

..........................................................


THE DULUTH MN CLIMATE NORMALS FOR TOMORROW
                         NORMAL    RECORD    YEAR
 MAXIMUM TEMPERATURE (F)   65        90      1891
 MINIMUM TEMPERATURE (F)   46        28      1959


SUNRISE AND SUNSET
SEPTEMBER 16 2016.....SUNRISE   648 AM CDT   SUNSET   717 PM CDT
SEPTEMBER 17 2016.....SUNRISE   649 AM CDT   SUNSET   715 PM CDT


-  INDICATES NEGATIVE NUMBERS.
R  INDICATES RECORD WAS SET OR TIED.
MM INDICATES DATA IS MISSING.
T  INDICATES TRACE AMOUNT.




$$
