651
CDUS43 KDLH 090621
CLIDLH


CLIMATE REPORT
NATIONAL WEATHER SERVICE DULUTH MN
120 AM CDT SAT MAY 9 2015


...................................

...THE DULUTH MN CLIMATE SUMMARY FOR MAY 8 2015...

CLIMATE NORMAL PERIOD 1981 TO 2010
CLIMATE RECORD PERIOD 1870 TO 2015


WEATHER ITEM   OBSERVED TIME   RECORD YEAR NORMAL DEPARTURE LAST
                VALUE   (LST)  VALUE       VALUE  FROM      YEAR
                                                  NORMAL
..................................................................
TEMPERATURE (F)
 YESTERDAY
  MAXIMUM         55    523 PM  87    1896  60     -5       47
  MINIMUM         40    636 AM  22    1966  38      2       41
  AVERAGE         48                        49     -1       44

PRECIPITATION (IN)
  YESTERDAY        T             1.45 2000   0.10  -0.10     0.90
  MONTH TO DATE    0.50                      0.80  -0.30     1.27
  SINCE MAR 1      2.32                      4.72  -2.40     6.48
  SINCE JAN 1      3.16                      6.49  -3.33     9.33

SNOWFALL (IN)
  YESTERDAY        0.0           5.0  1924   0.1   -0.1      0.0
  MONTH TO DATE    0.0                       0.3   -0.3       T
  SINCE MAR 1      9.3                      20.4  -11.1     47.2
  SINCE JUL 1     49.2                      86.0  -36.8    131.0
  SNOW DEPTH       0

DEGREE DAYS
 HEATING
  YESTERDAY       17                        16      1       21
  MONTH TO DATE   76                       137    -61      174
  SINCE MAR 1   1810                      2109   -299     2499
  SINCE JUL 1   8649                      8976   -327     9940

 COOLING
  YESTERDAY        0                         0      0        0
  MONTH TO DATE    0                         0      0        0
  SINCE MAR 1      0                         0      0        0
  SINCE JAN 1      0                         0      0        0
..................................................................


WIND (MPH)
  HIGHEST WIND SPEED    22   HIGHEST WIND DIRECTION    NW (310)
  HIGHEST GUST SPEED    28   HIGHEST GUST DIRECTION    NW (310)
  AVERAGE WIND SPEED    11.6


SKY COVER
  AVERAGE SKY COVER 0.6


WEATHER CONDITIONS
 THE FOLLOWING WEATHER WAS RECORDED YESTERDAY.
  LIGHT RAIN
  FOG


RELATIVE HUMIDITY (PERCENT)
 HIGHEST    89          1200 AM
 LOWEST     51           500 PM
 AVERAGE    70

..........................................................


THE DULUTH MN CLIMATE NORMALS FOR TODAY
                         NORMAL    RECORD    YEAR
 MAXIMUM TEMPERATURE (F)   60        88      1896
 MINIMUM TEMPERATURE (F)   39        20      1966


SUNRISE AND SUNSET
MAY  9 2015...........SUNRISE   542 AM CDT   SUNSET   829 PM CDT
MAY 10 2015...........SUNRISE   541 AM CDT   SUNSET   830 PM CDT


-  INDICATES NEGATIVE NUMBERS.
R  INDICATES RECORD WAS SET OR TIED.
MM INDICATES DATA IS MISSING.
T  INDICATES TRACE AMOUNT.




$$
