000
CDUS43 KDLH 142245
CLIDLH


CLIMATE REPORT
NATIONAL WEATHER SERVICE DULUTH MN
444 PM CST SAT JAN 14 2017


...................................

...THE DULUTH MN CLIMATE SUMMARY FOR JANUARY 14 2017...
VALID TODAY AS OF 0400 PM LOCAL TIME.

CLIMATE NORMAL PERIOD 1981 TO 2010
CLIMATE RECORD PERIOD 1870 TO 2017


WEATHER ITEM   OBSERVED TIME   RECORD YEAR NORMAL DEPARTURE LAST
                VALUE   (LST)  VALUE       VALUE  FROM      YEAR
                                                  NORMAL
..................................................................
TEMPERATURE (F)
 TODAY
  MAXIMUM         20    358 PM  51    1894  19      1       22
  MINIMUM          2    821 AM -38    1965   1      1       10
  AVERAGE         11                        10      1       16

PRECIPITATION (IN)
  TODAY            0.00          0.48 1928   0.04  -0.04     0.19
  MONTH TO DATE    0.60                      0.49   0.11     0.45
  SINCE DEC 1      2.67                      1.70   0.97     4.15
  SINCE JAN 1      0.60                      0.49   0.11     0.45

SNOWFALL (IN)
  TODAY            0.0           6.7  1923   0.6   -0.6      2.2
  MONTH TO DATE   10.1                       9.4    0.7      6.8
  SINCE JUL 1     39.5                      43.2   -3.7     35.8
  SNOW DEPTH      12

DEGREE DAYS
 HEATING
  TODAY           54                        55     -1       49
  MONTH TO DATE  860                       767     93      727
  SINCE DEC 1   2372                      2323     49     1914
  SINCE JUL 1   3854                      4536   -682     3577

 COOLING
  TODAY            0                         0      0        0
  MONTH TO DATE    0                         0      0        0
  SINCE DEC 1      0                         0      0        0
  SINCE JAN 1      0                         0      0        0
..................................................................


WIND (MPH)
  HIGHEST WIND SPEED    20   HIGHEST WIND DIRECTION    SW (240)
  HIGHEST GUST SPEED    27   HIGHEST GUST DIRECTION    SW (240)
  AVERAGE WIND SPEED    11.7


SKY COVER
  POSSIBLE SUNSHINE  MM
  AVERAGE SKY COVER 0.2


WEATHER CONDITIONS
 THE FOLLOWING WEATHER WAS RECORDED TODAY.
  NO SIGNIFICANT WEATHER WAS OBSERVED.


RELATIVE HUMIDITY (PERCENT)
 HIGHEST    80           900 AM
 LOWEST     56           100 PM
 AVERAGE    68

..........................................................


THE DULUTH MN CLIMATE NORMALS FOR TOMORROW
                         NORMAL    RECORD    YEAR
 MAXIMUM TEMPERATURE (F)   19        42      1933
 MINIMUM TEMPERATURE (F)    1       -39      1972


SUNRISE AND SUNSET
JANUARY 14 2017.......SUNRISE   749 AM CST   SUNSET   446 PM CST
JANUARY 15 2017.......SUNRISE   749 AM CST   SUNSET   448 PM CST


-  INDICATES NEGATIVE NUMBERS.
R  INDICATES RECORD WAS SET OR TIED.
MM INDICATES DATA IS MISSING.
T  INDICATES TRACE AMOUNT.




$$
