000
CDUS43 KDLH 220701
CLIDLH


CLIMATE REPORT
NATIONAL WEATHER SERVICE DULUTH MN
100 AM CST WED FEB 22 2017


...................................

...THE DULUTH MN CLIMATE SUMMARY FOR FEBRUARY 21 2017...

CLIMATE NORMAL PERIOD 1981 TO 2010
CLIMATE RECORD PERIOD 1870 TO 2017


WEATHER ITEM   OBSERVED TIME   RECORD YEAR NORMAL DEPARTURE LAST
                VALUE   (LST)  VALUE       VALUE  FROM      YEAR
                                                  NORMAL
..................................................................
TEMPERATURE (F)
 YESTERDAY
  MAXIMUM         50    403 PM  57    1877  26     24       28
  MINIMUM         33    845 AM -27    1963   8     25       13
  AVERAGE         42                        17     25       21

PRECIPITATION (IN)
  YESTERDAY        0.00          0.76 1922   0.03  -0.03     0.08
  MONTH TO DATE    1.18                      0.54   0.64     0.64
  SINCE DEC 1      4.41                      2.71   1.70     5.39
  SINCE JAN 1      2.34                      1.50   0.84     1.69

SNOWFALL (IN)
  YESTERDAY        0.0           5.8  1960   0.4   -0.4      1.8
  MONTH TO DATE    5.6                       8.8   -3.2      9.3
  SINCE DEC 1     42.4                      45.9   -3.5     46.9
  SINCE JUL 1     50.5                      62.0  -11.5     51.3
  SNOW DEPTH       6

DEGREE DAYS
 HEATING
  YESTERDAY       23                        48    -25       44
  MONTH TO DATE  892                      1074   -182     1061
  SINCE DEC 1   3915                      4329   -414     3859
  SINCE JUL 1   5397                      6542  -1145     5522

 COOLING
  YESTERDAY        0                         0      0        0
  MONTH TO DATE    0                         0      0        0
  SINCE DEC 1      0                         0      0        0
  SINCE JAN 1      0                         0      0        0
..................................................................


WIND (MPH)
  HIGHEST WIND SPEED    23   HIGHEST WIND DIRECTION     W (290)
  HIGHEST GUST SPEED    30   HIGHEST GUST DIRECTION    NW (310)
  AVERAGE WIND SPEED     8.8


SKY COVER
  AVERAGE SKY COVER 0.6


WEATHER CONDITIONS
 THE FOLLOWING WEATHER WAS RECORDED YESTERDAY.
  FOG
  FOG W/VISIBILITY <= 1/4 MILE


RELATIVE HUMIDITY (PERCENT)
 HIGHEST   100           500 AM
 LOWEST     61           300 PM
 AVERAGE    81

..........................................................


THE DULUTH MN CLIMATE NORMALS FOR TODAY
                         NORMAL    RECORD    YEAR
 MAXIMUM TEMPERATURE (F)   26        52      1961
 MINIMUM TEMPERATURE (F)    9       -27      1889


SUNRISE AND SUNSET
FEBRUARY 22 2017......SUNRISE   700 AM CST   SUNSET   544 PM CST
FEBRUARY 23 2017......SUNRISE   659 AM CST   SUNSET   546 PM CST


-  INDICATES NEGATIVE NUMBERS.
R  INDICATES RECORD WAS SET OR TIED.
MM INDICATES DATA IS MISSING.
T  INDICATES TRACE AMOUNT.




$$
