000
CDUS43 KDLH 170736
CLIDLH


CLIMATE REPORT
NATIONAL WEATHER SERVICE DULUTH MN
235 AM CDT SUN APR 17 2016


...................................

...THE DULUTH MN CLIMATE SUMMARY FOR APRIL 16 2016...

CLIMATE NORMAL PERIOD 1981 TO 2010
CLIMATE RECORD PERIOD 1870 TO 2016


WEATHER ITEM   OBSERVED TIME   RECORD YEAR NORMAL DEPARTURE LAST
                VALUE   (LST)  VALUE       VALUE  FROM      YEAR
                                                  NORMAL
..................................................................
TEMPERATURE (F)
 YESTERDAY
  MAXIMUM         71    120 PM  76    1958  50     21       69
  MINIMUM         51    624 AM   4    1875  30     21       48
  AVERAGE         61                        40     21       59

PRECIPITATION (IN)
  YESTERDAY        0.00          0.93 1945   0.09  -0.09      T
  MONTH TO DATE    0.71                      1.16  -0.45     0.45
  SINCE MAR 1      4.67                      2.65   2.02     1.24
  SINCE JAN 1      6.55                      4.42   2.13     2.08

SNOWFALL (IN)
  YESTERDAY        0.0           6.4  2014   0.2   -0.2      0.0
  MONTH TO DATE    9.8                       4.7    5.1      0.1
  SINCE MAR 1     27.1                      17.9    9.2      8.2
  SINCE JUL 1     81.3                      83.5   -2.2     48.1
  SNOW DEPTH       0

DEGREE DAYS
 HEATING
  YESTERDAY        4                        25    -21        6
  MONTH TO DATE  500                       459     41      362
  SINCE MAR 1   1528                      1669   -141     1421
  SINCE JUL 1   7365                      8536  -1171     8260

 COOLING
  YESTERDAY        0                         0      0        0
  MONTH TO DATE    0                         0      0        0
  SINCE MAR 1      0                         0      0        0
  SINCE JAN 1      0                         0      0        0
..................................................................


WIND (MPH)
  HIGHEST WIND SPEED    15   HIGHEST WIND DIRECTION    SE (120)
  HIGHEST GUST SPEED    17   HIGHEST GUST DIRECTION     S (190)
  AVERAGE WIND SPEED     9.6


SKY COVER
  AVERAGE SKY COVER 0.5


WEATHER CONDITIONS
 THE FOLLOWING WEATHER WAS RECORDED YESTERDAY.
  NO SIGNIFICANT WEATHER WAS OBSERVED.


RELATIVE HUMIDITY (PERCENT)
 HIGHEST    59          1100 PM
 LOWEST     37           200 PM
 AVERAGE    48

..........................................................


THE DULUTH MN CLIMATE NORMALS FOR TODAY
                         NORMAL    RECORD    YEAR
 MAXIMUM TEMPERATURE (F)   50        82      1987
 MINIMUM TEMPERATURE (F)   31         8      1983


SUNRISE AND SUNSET
APRIL 17 2016.........SUNRISE   617 AM CDT   SUNSET   801 PM CDT
APRIL 18 2016.........SUNRISE   615 AM CDT   SUNSET   802 PM CDT


-  INDICATES NEGATIVE NUMBERS.
R  INDICATES RECORD WAS SET OR TIED.
MM INDICATES DATA IS MISSING.
T  INDICATES TRACE AMOUNT.




$$
