000
CDUS43 KDLH 080619
CLIDLH


CLIMATE REPORT
NATIONAL WEATHER SERVICE DULUTH MN
118 AM CDT MON SEP 8 2014


...................................

...THE DULUTH MN CLIMATE SUMMARY FOR SEPTEMBER 7 2014...

CLIMATE NORMAL PERIOD 1981 TO 2010
CLIMATE RECORD PERIOD 1870 TO 2014


WEATHER ITEM   OBSERVED TIME   RECORD YEAR NORMAL DEPARTURE LAST
                VALUE   (LST)  VALUE       VALUE  FROM      YEAR
                                                  NORMAL
..................................................................
TEMPERATURE (F)
 YESTERDAY
  MAXIMUM         77    322 PM  95    1976  69      8       84
  MINIMUM         54    540 AM  30    1986  50      4       59
  AVERAGE         66                        59      7       72

PRECIPITATION (IN)
  YESTERDAY        0.00          3.57 1991   0.14  -0.14     0.00
  MONTH TO DATE    0.40                      0.95  -0.55      T
  SINCE SEP 1      0.40                      0.95  -0.55      T
  SINCE JAN 1     25.35                     21.65   3.70    21.59

SNOWFALL (IN)
  YESTERDAY        0.0           0.0  2002   0.0    0.0      0.0
                                      2001
  MONTH TO DATE    0.0                       0.0    0.0      0.0
  SINCE SEP 1      0.0                       0.0    0.0      0.0
  SINCE JUL 1      0.0                       0.0    0.0      0.0
  SNOW DEPTH       0

DEGREE DAYS
 HEATING
  YESTERDAY        0                         7     -7        0
  MONTH TO DATE   12                        41    -29       18
  SINCE SEP 1     12                        41    -29       18
  SINCE JUL 1     89                       190   -101       92

 COOLING
  YESTERDAY        1                         1      0        7
  MONTH TO DATE    5                         7     -2       16
  SINCE SEP 1      5                         7     -2       16
  SINCE JAN 1    175                       197    -22      367
..................................................................


WIND (MPH)
  HIGHEST WIND SPEED    21   HIGHEST WIND DIRECTION    SW (210)
  HIGHEST GUST SPEED    26   HIGHEST GUST DIRECTION    SW (220)
  AVERAGE WIND SPEED    12.0


SKY COVER
  AVERAGE SKY COVER 0.2


WEATHER CONDITIONS
 THE FOLLOWING WEATHER WAS RECORDED YESTERDAY.
  NO SIGNIFICANT WEATHER WAS OBSERVED.


RELATIVE HUMIDITY (PERCENT)
 HIGHEST    72          1200 AM
 LOWEST     43           300 PM
 AVERAGE    58

..........................................................


THE DULUTH MN CLIMATE NORMALS FOR TODAY
                         NORMAL    RECORD    YEAR
 MAXIMUM TEMPERATURE (F)   68        92      1931
 MINIMUM TEMPERATURE (F)   49        32      1956


SUNRISE AND SUNSET
SEPTEMBER  8 2014.....SUNRISE   637 AM CDT   SUNSET   734 PM CDT
SEPTEMBER  9 2014.....SUNRISE   639 AM CDT   SUNSET   732 PM CDT


-  INDICATES NEGATIVE NUMBERS.
R  INDICATES RECORD WAS SET OR TIED.
MM INDICATES DATA IS MISSING.
T  INDICATES TRACE AMOUNT.




$$
