000
CDUS43 KDLH 232225
CLIDLH


CLIMATE REPORT
NATIONAL WEATHER SERVICE DULUTH MN
424 PM CST WED NOV 23 2016


...................................

...THE DULUTH MN CLIMATE SUMMARY FOR NOVEMBER 23 2016...
VALID TODAY AS OF 0400 PM LOCAL TIME.

CLIMATE NORMAL PERIOD 1981 TO 2010
CLIMATE RECORD PERIOD 1870 TO 2016


WEATHER ITEM   OBSERVED TIME   RECORD YEAR NORMAL DEPARTURE LAST
                VALUE   (LST)  VALUE       VALUE  FROM      YEAR
                                                  NORMAL
..................................................................
TEMPERATURE (F)
 TODAY
  MAXIMUM         34    359 PM  51    1907  31      3       36
  MINIMUM         31    331 AM -10    1956  18     13       25
  AVERAGE         33                        25      8       31

PRECIPITATION (IN)
  TODAY            0.43          1.64 1983   0.06   0.37      T
  MONTH TO DATE    1.68                      1.67   0.01     2.70
  SINCE SEP 1      6.75                      8.63  -1.88    11.41
  SINCE JAN 1     30.67                     29.33   1.34    28.54

SNOWFALL (IN)
  TODAY            4.0          16.5  1983   0.6    3.4       T
  MONTH TO DATE    8.6                       9.7   -1.1      3.7
  SINCE JUL 1      8.6                      12.1   -3.5      3.7
  SNOW DEPTH       6

DEGREE DAYS
 HEATING
  TODAY           32                        40     -8       34
  MONTH TO DATE  530                       791   -261      577
  SINCE SEP 1   1223                      1767   -544     1300
  SINCE JUL 1   1277                      1916   -639     1396

 COOLING
  TODAY            0                         0      0        0
  MONTH TO DATE    0                         0      0        0
  SINCE SEP 1     14                        14      0       58
  SINCE JAN 1    281                       204     77      336
..................................................................


WIND (MPH)
  HIGHEST WIND SPEED    15   HIGHEST WIND DIRECTION    SE (120)
  HIGHEST GUST SPEED    19   HIGHEST GUST DIRECTION    SE (120)
  AVERAGE WIND SPEED     8.3


SKY COVER
  POSSIBLE SUNSHINE  MM
  AVERAGE SKY COVER 1.0


WEATHER CONDITIONS
 THE FOLLOWING WEATHER WAS RECORDED TODAY.
  SNOW
  LIGHT SNOW
  FOG
  FOG W/VISIBILITY <= 1/4 MILE


RELATIVE HUMIDITY (PERCENT)
 HIGHEST   100          1200 AM
 LOWEST     92           400 AM
 AVERAGE    96

..........................................................


THE DULUTH MN CLIMATE NORMALS FOR TOMORROW
                         NORMAL    RECORD    YEAR
 MAXIMUM TEMPERATURE (F)   31        53      1984
                                             1890
 MINIMUM TEMPERATURE (F)   17       -17      1884


SUNRISE AND SUNSET
NOVEMBER 23 2016......SUNRISE   723 AM CST   SUNSET   427 PM CST
NOVEMBER 24 2016......SUNRISE   724 AM CST   SUNSET   426 PM CST


-  INDICATES NEGATIVE NUMBERS.
R  INDICATES RECORD WAS SET OR TIED.
MM INDICATES DATA IS MISSING.
T  INDICATES TRACE AMOUNT.




$$
