000
CDUS43 KDLH 120626
CLIDLH


CLIMATE REPORT
NATIONAL WEATHER SERVICE DULUTH MN
1226 AM CST SUN NOV 12 2017


...................................

...THE DULUTH MN CLIMATE SUMMARY FOR NOVEMBER 11 2017...

CLIMATE NORMAL PERIOD 1981 TO 2010
CLIMATE RECORD PERIOD 1870 TO 2017


WEATHER ITEM   OBSERVED TIME   RECORD YEAR NORMAL DEPARTURE LAST
                VALUE   (LST)  VALUE       VALUE  FROM      YEAR
                                                  NORMAL
..................................................................
TEMPERATURE (F)
 YESTERDAY
  MAXIMUM         35    448 PM  62    1930  38     -3       46
  MINIMUM         16    109 AM  -3    1986  25     -9       31
  AVERAGE         26                        31     -5       39

PRECIPITATION (IN)
  YESTERDAY        T             1.67 1940   0.07  -0.07     0.00
  MONTH TO DATE    1.09                      0.82   0.27     0.01
  SINCE SEP 1      8.04                      7.78   0.26     5.08
  SINCE JAN 1     35.73                     28.48   7.25    29.00

SNOWFALL (IN)
  YESTERDAY        T             3.7  1975   0.4   -0.4      0.0
  MONTH TO DATE    9.4                       3.5    5.9      0.0
  SINCE SEP 1     20.5                       5.9   14.6       T
  SINCE JUL 1     20.5                       5.9   14.6       T
  SNOW DEPTH       5

DEGREE DAYS
 HEATING
  YESTERDAY       39                        34      5       26
  MONTH TO DATE  464                       344    120      176
  SINCE SEP 1   1270                      1320    -50      869
  SINCE JUL 1   1440                      1469    -29      923

 COOLING
  YESTERDAY        0                         0      0        0
  MONTH TO DATE    0                         0      0        0
  SINCE SEP 1     26                        14     12       14
  SINCE JAN 1    126                       204    -78      281
..................................................................


WIND (MPH)
  HIGHEST WIND SPEED    18   HIGHEST WIND DIRECTION     W (260)
  HIGHEST GUST SPEED    22   HIGHEST GUST DIRECTION    SW (210)
  AVERAGE WIND SPEED     9.1


SKY COVER
  AVERAGE SKY COVER 0.8


WEATHER CONDITIONS
 THE FOLLOWING WEATHER WAS RECORDED YESTERDAY.
  LT FREEZING RAIN
  FOG


RELATIVE HUMIDITY (PERCENT)
 HIGHEST   100           100 AM
 LOWEST     69           100 PM
 AVERAGE    85

..........................................................


THE DULUTH MN CLIMATE NORMALS FOR TODAY
                         NORMAL    RECORD    YEAR
 MAXIMUM TEMPERATURE (F)   38        60      1884
 MINIMUM TEMPERATURE (F)   24        -6      1966


SUNRISE AND SUNSET
NOVEMBER 12 2017......SUNRISE   708 AM CST   SUNSET   438 PM CST
NOVEMBER 13 2017......SUNRISE   709 AM CST   SUNSET   436 PM CST


-  INDICATES NEGATIVE NUMBERS.
R  INDICATES RECORD WAS SET OR TIED.
MM INDICATES DATA IS MISSING.
T  INDICATES TRACE AMOUNT.




$$
