000
CDUS43 KDLH 282237
CLIDLH


CLIMATE REPORT
NATIONAL WEATHER SERVICE DULUTH MN
432 PM CST MON NOV 28 2016


...................................

...THE DULUTH MN CLIMATE SUMMARY FOR NOVEMBER 28 2016...
VALID TODAY AS OF 0400 PM LOCAL TIME.

CLIMATE NORMAL PERIOD 1981 TO 2010
CLIMATE RECORD PERIOD 1870 TO 2016


WEATHER ITEM   OBSERVED TIME   RECORD YEAR NORMAL DEPARTURE LAST
                VALUE   (LST)  VALUE       VALUE  FROM      YEAR
                                                  NORMAL
..................................................................
TEMPERATURE (F)
 TODAY
  MAXIMUM         45    122 PM  49    1899  29     16       36
  MINIMUM         37    132 AM -16    1875  15     22       13
  AVERAGE         41                        22     19       25

PRECIPITATION (IN)
  TODAY            0.55          2.24 1960   0.05   0.50     0.00
  MONTH TO DATE    2.43                      1.97   0.46     2.72
  SINCE SEP 1      7.50                      8.93  -1.43    11.43
  SINCE JAN 1     31.42                     29.63   1.79    28.56

SNOWFALL (IN)
  TODAY            0.0          11.4  1960   0.5   -0.5      0.0
  MONTH TO DATE    8.1                      12.5   -4.4      4.2
  SINCE JUL 1      8.1                      14.9   -6.8      4.2
  SNOW DEPTH       0

DEGREE DAYS
 HEATING
  TODAY           24                        43    -19       40
  MONTH TO DATE  679                      1002   -323      765
  SINCE SEP 1   1372                      1978   -606     1488
  SINCE JUL 1   1426                      2127   -701     1584

 COOLING
  TODAY            0                         0      0        0
  MONTH TO DATE    0                         0      0        0
  SINCE SEP 1     14                        14      0       58
  SINCE JAN 1    281                       204     77      336
..................................................................


WIND (MPH)
  HIGHEST WIND SPEED    25   HIGHEST WIND DIRECTION     E (100)
  HIGHEST GUST SPEED    34   HIGHEST GUST DIRECTION     E (100)
  AVERAGE WIND SPEED    19.5


SKY COVER
  POSSIBLE SUNSHINE  MM
  AVERAGE SKY COVER 1.0


WEATHER CONDITIONS
 THE FOLLOWING WEATHER WAS RECORDED TODAY.
  HEAVY RAIN
  RAIN
  LIGHT RAIN
  FOG


RELATIVE HUMIDITY (PERCENT)
 HIGHEST   100           100 AM
 LOWEST     92          1200 AM
 AVERAGE    96

..........................................................


THE DULUTH MN CLIMATE NORMALS FOR TOMORROW
                         NORMAL    RECORD    YEAR
 MAXIMUM TEMPERATURE (F)   28        53      1932
 MINIMUM TEMPERATURE (F)   15       -29      1875


SUNRISE AND SUNSET
NOVEMBER 28 2016......SUNRISE   730 AM CST   SUNSET   423 PM CST
NOVEMBER 29 2016......SUNRISE   731 AM CST   SUNSET   423 PM CST


-  INDICATES NEGATIVE NUMBERS.
R  INDICATES RECORD WAS SET OR TIED.
MM INDICATES DATA IS MISSING.
T  INDICATES TRACE AMOUNT.




$$

WM
