000
CDUS43 KDLH 100627
CLIDLH


CLIMATE REPORT
NATIONAL WEATHER SERVICE DULUTH MN
127 AM CDT WED SEP 10 2014


...................................

...THE DULUTH MN CLIMATE SUMMARY FOR SEPTEMBER 9 2014...

CLIMATE NORMAL PERIOD 1981 TO 2010
CLIMATE RECORD PERIOD 1870 TO 2014


WEATHER ITEM   OBSERVED TIME   RECORD YEAR NORMAL DEPARTURE LAST
                VALUE   (LST)  VALUE       VALUE  FROM      YEAR
                                                  NORMAL
..................................................................
TEMPERATURE (F)
 YESTERDAY
  MAXIMUM         73        MM  90    1961  68      5       67
                                      1931
  MINIMUM         54   1100 PM  33    1975  49      5       59
  AVERAGE         64                        58      6       63

PRECIPITATION (IN)
  YESTERDAY        0.04          1.91 1929   0.15  -0.11     0.32
  MONTH TO DATE    0.44                      1.24  -0.80     0.32
  SINCE SEP 1      0.44                      1.24  -0.80     0.32
  SINCE JAN 1     25.39                     21.94   3.45    21.91

SNOWFALL (IN)
  YESTERDAY        0.0           T    1992   0.0    0.0      0.0
  MONTH TO DATE    0.0                       0.0    0.0      0.0
  SINCE SEP 1      0.0                       0.0    0.0      0.0
  SINCE JUL 1      0.0                       0.0    0.0      0.0
  SNOW DEPTH       0

DEGREE DAYS
 HEATING
  YESTERDAY        1                         7     -6        2
  MONTH TO DATE   13                        55    -42       24
  SINCE SEP 1     13                        55    -42       24
  SINCE JUL 1     90                       204   -114       98

 COOLING
  YESTERDAY        0                         1     -1        0
  MONTH TO DATE    5                         9     -4       16
  SINCE SEP 1      5                         9     -4       16
  SINCE JAN 1    175                       199    -24      367
..................................................................


WIND (MPH)
  HIGHEST WIND SPEED    13   HIGHEST WIND DIRECTION     W (250)
  HIGHEST GUST SPEED    MM   HIGHEST GUST DIRECTION    MM
  AVERAGE WIND SPEED     6.9


SKY COVER
  AVERAGE SKY COVER 0.7


WEATHER CONDITIONS
 THE FOLLOWING WEATHER WAS RECORDED YESTERDAY.
  THUNDERSTORM
  LIGHT RAIN
  FOG


RELATIVE HUMIDITY (PERCENT)
 HIGHEST    87           600 AM
 LOWEST     64           100 PM
 AVERAGE    76

..........................................................


THE DULUTH MN CLIMATE NORMALS FOR TODAY
                         NORMAL    RECORD    YEAR
 MAXIMUM TEMPERATURE (F)   67        85      1908
 MINIMUM TEMPERATURE (F)   48        31      1917


SUNRISE AND SUNSET
SEPTEMBER 10 2014.....SUNRISE   640 AM CDT   SUNSET   730 PM CDT
SEPTEMBER 11 2014.....SUNRISE   641 AM CDT   SUNSET   728 PM CDT


-  INDICATES NEGATIVE NUMBERS.
R  INDICATES RECORD WAS SET OR TIED.
MM INDICATES DATA IS MISSING.
T  INDICATES TRACE AMOUNT.




$$
