000
CDUS43 KDLH 240635
CLIDLH


CLIMATE REPORT
NATIONAL WEATHER SERVICE DULUTH MN
134 AM CDT MON APR 24 2017


...................................

...THE DULUTH MN CLIMATE SUMMARY FOR APRIL 23 2017...

CLIMATE NORMAL PERIOD 1981 TO 2010
CLIMATE RECORD PERIOD 1870 TO 2017


WEATHER ITEM   OBSERVED TIME   RECORD YEAR NORMAL DEPARTURE LAST
                VALUE   (LST)  VALUE       VALUE  FROM      YEAR
                                                  NORMAL
..................................................................
TEMPERATURE (F)
 YESTERDAY
  MAXIMUM         45   1213 AM  80    1942  53     -8       53
  MINIMUM         31    914 PM  12    1909  33     -2       30
  AVERAGE         38                        43     -5       42

PRECIPITATION (IN)
  YESTERDAY        0.16          1.99 1968   0.09   0.07      T
  MONTH TO DATE    2.18                      1.75   0.43     0.71
  SINCE MAR 1      3.23                      3.24  -0.01     4.67
  SINCE JAN 1      6.19                      5.01   1.18     6.55

SNOWFALL (IN)
  YESTERDAY        0.6           4.2  1972   0.1    0.5      0.0
  MONTH TO DATE    1.2                       6.0   -4.8      9.8
  SINCE MAR 1      6.5                      19.2  -12.7     27.1
  SINCE JUL 1     65.5                      84.8  -19.3     81.3
  SNOW DEPTH       T

DEGREE DAYS
 HEATING
  YESTERDAY       27                        22      5       23
  MONTH TO DATE  483                       622   -139      628
  SINCE MAR 1   1676                      1832   -156     1656
  SINCE JUL 1   7366                      8699  -1333     7493

 COOLING
  YESTERDAY        0                         0      0        0
  MONTH TO DATE    0                         0      0        0
  SINCE MAR 1      0                         0      0        0
  SINCE JAN 1      0                         0      0        0
..................................................................


WIND (MPH)
  HIGHEST WIND SPEED    23   HIGHEST WIND DIRECTION     E (80)
  HIGHEST GUST SPEED    30   HIGHEST GUST DIRECTION     E (70)
  AVERAGE WIND SPEED    12.7


SKY COVER
  AVERAGE SKY COVER 0.9


WEATHER CONDITIONS
 THE FOLLOWING WEATHER WAS RECORDED YESTERDAY.
  RAIN
  LIGHT RAIN
  SNOW
  LIGHT SNOW
  FOG


RELATIVE HUMIDITY (PERCENT)
 HIGHEST    96           600 AM
 LOWEST     72           700 PM
 AVERAGE    84

..........................................................


THE DULUTH MN CLIMATE NORMALS FOR TODAY
                         NORMAL    RECORD    YEAR
 MAXIMUM TEMPERATURE (F)   54        82      1990
 MINIMUM TEMPERATURE (F)   34        19      1956


SUNRISE AND SUNSET
APRIL 24 2017.........SUNRISE   604 AM CDT   SUNSET   809 PM CDT
APRIL 25 2017.........SUNRISE   603 AM CDT   SUNSET   811 PM CDT


-  INDICATES NEGATIVE NUMBERS.
R  INDICATES RECORD WAS SET OR TIED.
MM INDICATES DATA IS MISSING.
T  INDICATES TRACE AMOUNT.




$$
