000
CDUS43 KDLH 290628
CLIDLH


CLIMATE REPORT
NATIONAL WEATHER SERVICE DULUTH MN
1227 AM CST THU JAN 29 2015


...................................

...THE DULUTH MN CLIMATE SUMMARY FOR JANUARY 28 2015...

CLIMATE NORMAL PERIOD 1981 TO 2010
CLIMATE RECORD PERIOD 1870 TO 2015


WEATHER ITEM   OBSERVED TIME   RECORD YEAR NORMAL DEPARTURE LAST
                VALUE   (LST)  VALUE       VALUE  FROM      YEAR
                                                  NORMAL
..................................................................
TEMPERATURE (F)
 YESTERDAY
  MAXIMUM         29    818 PM  51    1877  20      9       -3
  MINIMUM         23    842 AM -37    1966   2     21      -21
  AVERAGE         26                        11     15      -12

PRECIPITATION (IN)
  YESTERDAY        T             0.45 1914   0.02  -0.02     0.00
  MONTH TO DATE    0.46                      0.88  -0.42     0.73
  SINCE DEC 1      1.72                      2.09  -0.37     3.61
  SINCE JAN 1      0.46                      0.88  -0.42     0.73

SNOWFALL (IN)
  YESTERDAY        0.0           5.0  1996   0.5   -0.5      0.0
  MONTH TO DATE    6.6                      17.9  -11.3      9.4
  SINCE DEC 1     15.2                      35.6  -20.4     49.3
  SINCE JUL 1     31.7                      51.7  -20.0     54.3
  SNOW DEPTH       7

DEGREE DAYS
 HEATING
  YESTERDAY       39                        54    -15       77
  MONTH TO DATE 1459                      1536    -77     1766
  SINCE DEC 1   2800                      3092   -292     3632
  SINCE JUL 1   5015                      5305   -290     5589

 COOLING
  YESTERDAY        0                         0      0        0
  MONTH TO DATE    0                         0      0        0
  SINCE DEC 1      0                         0      0        0
  SINCE JAN 1      0                         0      0        0
..................................................................


WIND (MPH)
  HIGHEST WIND SPEED    14   HIGHEST WIND DIRECTION    SE (150)
  HIGHEST GUST SPEED    18   HIGHEST GUST DIRECTION    SE (150)
  AVERAGE WIND SPEED     8.9


SKY COVER
  AVERAGE SKY COVER 0.9


WEATHER CONDITIONS
 THE FOLLOWING WEATHER WAS RECORDED YESTERDAY.
  LT FREEZING RAIN
  FOG
  HAZE


RELATIVE HUMIDITY (PERCENT)
 HIGHEST    88           500 AM
 LOWEST     75           200 PM
 AVERAGE    82

..........................................................


THE DULUTH MN CLIMATE NORMALS FOR TODAY
                         NORMAL    RECORD    YEAR
 MAXIMUM TEMPERATURE (F)   20        46      1877
 MINIMUM TEMPERATURE (F)    2       -35      1951


SUNRISE AND SUNSET
JANUARY 29 2015.......SUNRISE   737 AM CST   SUNSET   507 PM CST
JANUARY 30 2015.......SUNRISE   736 AM CST   SUNSET   509 PM CST


-  INDICATES NEGATIVE NUMBERS.
R  INDICATES RECORD WAS SET OR TIED.
MM INDICATES DATA IS MISSING.
T  INDICATES TRACE AMOUNT.




$$
