000
CDUS43 KDLH 092221
CLIDLH


CLIMATE REPORT
NATIONAL WEATHER SERVICE DULUTH MN
420 PM CST FRI FEB 9 2018


...................................

...THE DULUTH CLIMATE SUMMARY FOR FEBRUARY 9 2018...
VALID TODAY AS OF 0400 PM LOCAL TIME.

CLIMATE NORMAL PERIOD 1981 TO 2010
CLIMATE RECORD PERIOD 1870 TO 2018


WEATHER ITEM   OBSERVED TIME   RECORD YEAR NORMAL DEPARTURE LAST
                VALUE   (LST)  VALUE       VALUE  FROM      YEAR
                                                  NORMAL
..................................................................
TEMPERATURE (F)
 TODAY
  MAXIMUM          9    359 PM  46    1877  22    -13       14
  MINIMUM         -9    809 AM -36    1899   4    -13      -11
  AVERAGE          0                        13    -13        2

PRECIPITATION (IN)
  TODAY            0.00          0.77 1965   0.02  -0.02      T
  MONTH TO DATE    0.17                      0.21  -0.04     0.38
  SINCE DEC 1      1.63                      2.38  -0.75     3.61
  SINCE JAN 1      0.80                      1.17  -0.37     1.54

SNOWFALL (IN)
  TODAY            0.0           9.2  1965   0.3   -0.3       T
  MONTH TO DATE    1.7                       3.7   -2.0      5.1
  SINCE JUL 1     45.8                      56.9  -11.1     50.0
  SNOW DEPTH       9

DEGREE DAYS
 HEATING
  TODAY           65                        52     13       63
  MONTH TO DATE  592                       476    116      499
  SINCE DEC 1   3941                      3731    210     3522
  SINCE JUL 1   6087                      5944    143     5004

 COOLING
  TODAY            0                         0      0        0
  MONTH TO DATE    0                         0      0        0
  SINCE DEC 1      0                         0      0        0
  SINCE JAN 1      0                         0      0        0
..................................................................


WIND (MPH)
  HIGHEST WIND SPEED    18   HIGHEST WIND DIRECTION     W (270)
  HIGHEST GUST SPEED    23   HIGHEST GUST DIRECTION     N (340)
  AVERAGE WIND SPEED     9.2


SKY COVER
  AVERAGE SKY COVER 0.1


WEATHER CONDITIONS
 THE FOLLOWING WEATHER WAS RECORDED TODAY.
  NO SIGNIFICANT WEATHER WAS OBSERVED.


RELATIVE HUMIDITY (PERCENT)
 HIGHEST    72           700 AM
 LOWEST     50           400 PM
 AVERAGE    61

..........................................................


THE DULUTH CLIMATE NORMALS FOR TOMORROW
                         NORMAL    RECORD    YEAR
 MAXIMUM TEMPERATURE (F)   23        45      1977
 MINIMUM TEMPERATURE (F)    4       -32      1885


SUNRISE AND SUNSET
FEBRUARY  9 2018......SUNRISE   722 AM CST   SUNSET   524 PM CST
FEBRUARY 10 2018......SUNRISE   721 AM CST   SUNSET   526 PM CST


-  INDICATES NEGATIVE NUMBERS.
R  INDICATES RECORD WAS SET OR TIED.
MM INDICATES DATA IS MISSING.
T  INDICATES TRACE AMOUNT.




$$
