000
CDUS43 KDLH 080619
CLIDLH


CLIMATE REPORT
NATIONAL WEATHER SERVICE DULUTH MN
118 AM CDT FRI SEP 8 2017


...................................

...THE DULUTH MN CLIMATE SUMMARY FOR SEPTEMBER 7 2017...

CLIMATE NORMAL PERIOD 1981 TO 2010
CLIMATE RECORD PERIOD 1870 TO 2017


WEATHER ITEM   OBSERVED TIME   RECORD YEAR NORMAL DEPARTURE LAST
                VALUE   (LST)  VALUE       VALUE  FROM      YEAR
                                                  NORMAL
..................................................................
TEMPERATURE (F)
 YESTERDAY
  MAXIMUM         57    305 PM  95    1976  69    -12       69
  MINIMUM         45   1110 PM  30    1986  50     -5       59
  AVERAGE         51                        59     -8       64

PRECIPITATION (IN)
  YESTERDAY        0.01          3.57 1991   0.14  -0.13     0.84
  MONTH TO DATE    0.84                      0.95  -0.11     2.12
  SINCE SEP 1      0.84                      0.95  -0.11     2.12
  SINCE JAN 1     28.53                     21.65   6.88    26.04

SNOWFALL (IN)
  YESTERDAY        0.0           0.0  2002   0.0    0.0      0.0
                                      2001
  MONTH TO DATE    0.0                       0.0    0.0      0.0
  SINCE SEP 1      0.0                       0.0    0.0      0.0
  SINCE JUL 1      T                         0.0    0.0      0.0
  SNOW DEPTH       0

DEGREE DAYS
 HEATING
  YESTERDAY       14                         7      7        1
  MONTH TO DATE   53                        41     12        8
  SINCE SEP 1     53                        41     12        8
  SINCE JUL 1    223                       190     33       62

 COOLING
  YESTERDAY        0                         1     -1        0
  MONTH TO DATE    1                         7     -6       14
  SINCE SEP 1      1                         7     -6       14
  SINCE JAN 1    101                       197    -96      281
..................................................................


WIND (MPH)
  HIGHEST WIND SPEED    10   HIGHEST WIND DIRECTION     E (70)
  HIGHEST GUST SPEED    13   HIGHEST GUST DIRECTION    NE (60)
  AVERAGE WIND SPEED     5.8


SKY COVER
  AVERAGE SKY COVER 0.7


WEATHER CONDITIONS
 THE FOLLOWING WEATHER WAS RECORDED YESTERDAY.
  LIGHT RAIN


RELATIVE HUMIDITY (PERCENT)
 HIGHEST   100          1200 AM
 LOWEST     66           400 PM
 AVERAGE    83

..........................................................


THE DULUTH MN CLIMATE NORMALS FOR TODAY
                         NORMAL    RECORD    YEAR
 MAXIMUM TEMPERATURE (F)   68        92      1931
 MINIMUM TEMPERATURE (F)   49        32      1956


SUNRISE AND SUNSET
SEPTEMBER  8 2017.....SUNRISE   638 AM CDT   SUNSET   734 PM CDT
SEPTEMBER  9 2017.....SUNRISE   639 AM CDT   SUNSET   732 PM CDT


-  INDICATES NEGATIVE NUMBERS.
R  INDICATES RECORD WAS SET OR TIED.
MM INDICATES DATA IS MISSING.
T  INDICATES TRACE AMOUNT.




$$
