000
CDUS43 KDLH 040623
CLIDLH


CLIMATE REPORT
NATIONAL WEATHER SERVICE DULUTH MN
122 AM CDT FRI JUL 4 2014


...................................

...THE DULUTH MN CLIMATE SUMMARY FOR JULY 3 2014...

CLIMATE NORMAL PERIOD 1981 TO 2010
CLIMATE RECORD PERIOD 1870 TO 2014


WEATHER ITEM   OBSERVED TIME   RECORD YEAR NORMAL DEPARTURE LAST
                VALUE   (LST)  VALUE       VALUE  FROM      YEAR
                                                  NORMAL
..................................................................
TEMPERATURE (F)
 YESTERDAY
  MAXIMUM         75    450 PM  93    1990  75      0       82
  MINIMUM         51    506 AM  40    1963  54     -3       49
  AVERAGE         63                        65     -2       66

PRECIPITATION (IN)
  YESTERDAY        0.00          3.41 1897   0.15  -0.15     0.00
  MONTH TO DATE    0.01                      0.45  -0.44     0.00
  SINCE JUN 1      4.48                      4.68  -0.20     4.54
  SINCE JAN 1     16.91                     13.60   3.31    17.88

SNOWFALL (IN)
  YESTERDAY        0.0                       0.0    0.0      0.0
  MONTH TO DATE    0.0                       0.0    0.0      0.0
  SINCE JUN 1      T                         0.0    0.0      0.0
  SINCE JUL 1      0.0                       0.0    0.0      0.0
  SNOW DEPTH       0

DEGREE DAYS
 HEATING
  YESTERDAY        2                         3     -1        0
  MONTH TO DATE    6                         9     -3        4
  SINCE JUN 1    168                       188    -20      150
  SINCE JUL 1      6                         9     -3        4

 COOLING
  YESTERDAY        0                         2     -2        1
  MONTH TO DATE    0                         6     -6        1
  SINCE JUN 1     29                        36     -7       54
  SINCE JAN 1     47                        40      7       55
..................................................................


WIND (MPH)
  HIGHEST WIND SPEED    13   HIGHEST WIND DIRECTION     N (10)
  HIGHEST GUST SPEED    16   HIGHEST GUST DIRECTION     N (10)
  AVERAGE WIND SPEED     4.6


SKY COVER
  AVERAGE SKY COVER 0.2


WEATHER CONDITIONS
 THE FOLLOWING WEATHER WAS RECORDED YESTERDAY.
  NO SIGNIFICANT WEATHER WAS OBSERVED.


RELATIVE HUMIDITY (PERCENT)
 HIGHEST    77           400 AM
 LOWEST     29           600 PM
 AVERAGE    53

..........................................................


THE DULUTH MN CLIMATE NORMALS FOR TODAY
                         NORMAL    RECORD    YEAR
 MAXIMUM TEMPERATURE (F)   75        95      1881
 MINIMUM TEMPERATURE (F)   54        40      1972


SUNRISE AND SUNSET
JULY  4 2014..........SUNRISE   520 AM CDT   SUNSET   906 PM CDT
JULY  5 2014..........SUNRISE   521 AM CDT   SUNSET   905 PM CDT


-  INDICATES NEGATIVE NUMBERS.
R  INDICATES RECORD WAS SET OR TIED.
MM INDICATES DATA IS MISSING.
T  INDICATES TRACE AMOUNT.




$$
