000
CDUS43 KDLH 250621
CLIDLH


CLIMATE REPORT
NATIONAL WEATHER SERVICE DULUTH MN
1221 AM CST WED FEB 25 2015


...................................

...THE DULUTH MN CLIMATE SUMMARY FOR FEBRUARY 24 2015...

CLIMATE NORMAL PERIOD 1981 TO 2010
CLIMATE RECORD PERIOD 1870 TO 2015


WEATHER ITEM   OBSERVED TIME   RECORD YEAR NORMAL DEPARTURE LAST
                VALUE   (LST)  VALUE       VALUE  FROM      YEAR
                                                  NORMAL
..................................................................
TEMPERATURE (F)
 YESTERDAY
  MAXIMUM         25    635 AM  56    1931  27     -2       13
  MINIMUM          1   1159 PM -28    1965   9     -8       -4
  AVERAGE         13                        18     -5        5

PRECIPITATION (IN)
  YESTERDAY        0.02          0.67 2001   0.03  -0.01     0.00
  MONTH TO DATE    0.38                      0.65  -0.27     2.12
  SINCE DEC 1      2.10                      2.82  -0.72     5.73
  SINCE JAN 1      0.84                      1.61  -0.77     2.85

SNOWFALL (IN)
  YESTERDAY        0.3          11.7  2001   0.5   -0.2      0.0
  MONTH TO DATE    8.2                      10.3   -2.1     29.5
  SINCE DEC 1     23.4                      47.4  -24.0     78.8
  SINCE JUL 1     39.9                      63.5  -23.6     83.8
  SNOW DEPTH      10

DEGREE DAYS
 HEATING
  YESTERDAY       52                        47      5       60
  MONTH TO DATE 1421                      1216    205     1385
  SINCE DEC 1   4378                      4471    -93     5206
  SINCE JUL 1   6593                      6684    -91     7163

 COOLING
  YESTERDAY        0                         0      0        0
  MONTH TO DATE    0                         0      0        0
  SINCE DEC 1      0                         0      0        0
  SINCE JAN 1      0                         0      0        0
..................................................................


WIND (MPH)
  HIGHEST WIND SPEED    35   HIGHEST WIND DIRECTION     W (290)
  HIGHEST GUST SPEED    47   HIGHEST GUST DIRECTION    NW (300)
  AVERAGE WIND SPEED    17.3


SKY COVER
  AVERAGE SKY COVER 0.4


WEATHER CONDITIONS
 THE FOLLOWING WEATHER WAS RECORDED YESTERDAY.
  LIGHT SNOW
  FOG
  HAZE
  BLOWING SNOW


RELATIVE HUMIDITY (PERCENT)
 HIGHEST    81           600 AM
 LOWEST     39          1200 PM
 AVERAGE    60

..........................................................


THE DULUTH MN CLIMATE NORMALS FOR TODAY
                         NORMAL    RECORD    YEAR
 MAXIMUM TEMPERATURE (F)   27        53      1976
 MINIMUM TEMPERATURE (F)   10       -26      1990


SUNRISE AND SUNSET
FEBRUARY 25 2015......SUNRISE   656 AM CST   SUNSET   548 PM CST
FEBRUARY 26 2015......SUNRISE   654 AM CST   SUNSET   550 PM CST


-  INDICATES NEGATIVE NUMBERS.
R  INDICATES RECORD WAS SET OR TIED.
MM INDICATES DATA IS MISSING.
T  INDICATES TRACE AMOUNT.




$$
