000
CDUS43 KDLH 240635
CLIDLH


CLIMATE REPORT
NATIONAL WEATHER SERVICE DULUTH MN
134 AM CDT MON AUG 24 2015


...................................

...THE DULUTH MN CLIMATE SUMMARY FOR AUGUST 23 2015...

CLIMATE NORMAL PERIOD 1981 TO 2010
CLIMATE RECORD PERIOD 1870 TO 2015


WEATHER ITEM   OBSERVED TIME   RECORD YEAR NORMAL DEPARTURE LAST
                VALUE   (LST)  VALUE       VALUE  FROM      YEAR
                                                  NORMAL
..................................................................
TEMPERATURE (F)
 YESTERDAY
  MAXIMUM         60    143 AM  94    1947  73    -13       66
  MINIMUM         51   1159 PM  36    1977  54     -3       60
  AVERAGE         56                        63     -7       63

PRECIPITATION (IN)
  YESTERDAY        0.01          2.72 1978   0.12  -0.11      T
  MONTH TO DATE    4.03                      2.70   1.33     3.61
  SINCE JUN 1     10.68                     10.78  -0.10    11.50
  SINCE JAN 1     17.07                     19.70  -2.63    23.93

SNOWFALL (IN)
  YESTERDAY        0.0           T    1998   0.0    0.0      0.0
  MONTH TO DATE    0.0                       0.0    0.0      0.0
  SINCE JUN 1      T                         0.0    0.0       T
  SINCE JUL 1      0.0                       0.0    0.0      0.0
  SNOW DEPTH       0

DEGREE DAYS
 HEATING
  YESTERDAY        9                         3      6        2
  MONTH TO DATE   47                        53     -6       20
  SINCE JUN 1    183                       295   -112      222
  SINCE JUL 1     62                       116    -54       60

 COOLING
  YESTERDAY        0                         2     -2        0
  MONTH TO DATE   77                        56     21       32
  SINCE JUN 1    255                       176     79      146
  SINCE JAN 1    259                       180     79      164
..................................................................


WIND (MPH)
  HIGHEST WIND SPEED    21   HIGHEST WIND DIRECTION     W (290)
  HIGHEST GUST SPEED    35   HIGHEST GUST DIRECTION     W (290)
  AVERAGE WIND SPEED    13.4


SKY COVER
  AVERAGE SKY COVER 0.8


WEATHER CONDITIONS
 THE FOLLOWING WEATHER WAS RECORDED YESTERDAY.
  LIGHT RAIN
  FOG
  HAZE


RELATIVE HUMIDITY (PERCENT)
 HIGHEST   100           200 AM
 LOWEST     93           100 AM
 AVERAGE    97

..........................................................


THE DULUTH MN CLIMATE NORMALS FOR TODAY
                         NORMAL    RECORD    YEAR
 MAXIMUM TEMPERATURE (F)   73        94      1948
 MINIMUM TEMPERATURE (F)   53        35      1977


SUNRISE AND SUNSET
AUGUST 24 2015........SUNRISE   618 AM CDT   SUNSET   804 PM CDT
AUGUST 25 2015........SUNRISE   619 AM CDT   SUNSET   802 PM CDT


-  INDICATES NEGATIVE NUMBERS.
R  INDICATES RECORD WAS SET OR TIED.
MM INDICATES DATA IS MISSING.
T  INDICATES TRACE AMOUNT.




$$
