000
CDUS43 KDLH 232220
CLIDLH


CLIMATE REPORT
NATIONAL WEATHER SERVICE DULUTH MN
519 PM CDT TUE SEP 23 2014


...................................

...THE DULUTH MN CLIMATE SUMMARY FOR SEPTEMBER 23 2014...
VALID TODAY AS OF 0500 PM LOCAL TIME.

CLIMATE NORMAL PERIOD 1981 TO 2010
CLIMATE RECORD PERIOD 1870 TO 2014


WEATHER ITEM   OBSERVED TIME   RECORD YEAR NORMAL DEPARTURE LAST
                VALUE   (LST)  VALUE       VALUE  FROM      YEAR
                                                  NORMAL
..................................................................
TEMPERATURE (F)
 TODAY
  MAXIMUM         73    321 PM  85    1891  62     11       66
  MINIMUM         50    534 AM  28    1928  43      7       50
  AVERAGE         62                        52     10       58

PRECIPITATION (IN)
  TODAY            0.00          2.12 1940   0.13  -0.13     0.00
  MONTH TO DATE    1.31                      3.21  -1.90     0.90
  SINCE SEP 1      1.31                      3.21  -1.90     0.90
  SINCE JAN 1     26.26                     23.91   2.35    22.49

SNOWFALL (IN)
  TODAY            0.0           0.0  2002   0.1   -0.1      0.0
                                      2001
  MONTH TO DATE    0.0                       0.1   -0.1      0.0
  SINCE JUL 1      0.0                       0.1   -0.1      0.0
  SNOW DEPTH       0

DEGREE DAYS
 HEATING
  TODAY            3                        13    -10        7
  MONTH TO DATE  180                       197    -17      136
  SINCE SEP 1    180                       197    -17      136
  SINCE JUL 1    257                       346    -89      210

 COOLING
  TODAY            0                         0      0        0
  MONTH TO DATE    5                        13     -8       23
  SINCE SEP 1      5                        13     -8       23
  SINCE JAN 1    175                       203    -28      374
..................................................................


WIND (MPH)
  HIGHEST WIND SPEED    21   HIGHEST WIND DIRECTION     S (200)
  HIGHEST GUST SPEED    26   HIGHEST GUST DIRECTION     S (200)
  AVERAGE WIND SPEED     8.0


SKY COVER
  POSSIBLE SUNSHINE  MM
  AVERAGE SKY COVER 0.0


WEATHER CONDITIONS
 THE FOLLOWING WEATHER WAS RECORDED TODAY.
  NO SIGNIFICANT WEATHER WAS OBSERVED.


RELATIVE HUMIDITY (PERCENT)
 HIGHEST    83           500 AM
 LOWEST     38           300 PM
 AVERAGE    61

..........................................................


THE DULUTH MN CLIMATE NORMALS FOR TOMORROW
                         NORMAL    RECORD    YEAR
 MAXIMUM TEMPERATURE (F)   61        85      1892
 MINIMUM TEMPERATURE (F)   43        26      2000


SUNRISE AND SUNSET
SEPTEMBER 23 2014.....SUNRISE   657 AM CDT   SUNSET   704 PM CDT
SEPTEMBER 24 2014.....SUNRISE   658 AM CDT   SUNSET   702 PM CDT


-  INDICATES NEGATIVE NUMBERS.
R  INDICATES RECORD WAS SET OR TIED.
MM INDICATES DATA IS MISSING.
T  INDICATES TRACE AMOUNT.




$$
