000
CDUS43 KDLH 180631
CLIDLH


CLIMATE REPORT
NATIONAL WEATHER SERVICE DULUTH MN
130 AM CDT SAT MAR 18 2017


...................................

...THE DULUTH MN CLIMATE SUMMARY FOR MARCH 17 2017...

CLIMATE NORMAL PERIOD 1981 TO 2010
CLIMATE RECORD PERIOD 1870 TO 2017


WEATHER ITEM   OBSERVED TIME   RECORD YEAR NORMAL DEPARTURE LAST
                VALUE   (LST)  VALUE       VALUE  FROM      YEAR
                                                  NORMAL
..................................................................
TEMPERATURE (F)
 YESTERDAY
  MAXIMUM         37    318 PM  75    2012  35      2       30
  MINIMUM         29   1159 PM -15    1941  18     11       26
  AVERAGE         33                        26      7       28

PRECIPITATION (IN)
  YESTERDAY        0.30          1.72 1965   0.05   0.25     0.04
  MONTH TO DATE    0.76                      0.76   0.00     3.10
  SINCE MAR 1      0.76                      0.76   0.00     3.10
  SINCE JAN 1      3.72                      2.53   1.19     4.98

SNOWFALL (IN)
  YESTERDAY        2.4          17.2  1965   0.4    2.0      1.0
  MONTH TO DATE    5.1                       8.4   -3.3     12.9
  SINCE MAR 1      5.1                       8.4   -3.3     12.9
  SINCE JUL 1     64.1                      74.0   -9.9     67.1
  SNOW DEPTH       6

DEGREE DAYS
 HEATING
  YESTERDAY       32                        39     -7       37
  MONTH TO DATE  771                       713     58      555
  SINCE MAR 1    771                       713     58      555
  SINCE JUL 1   6461                      7580  -1119     6392

 COOLING
  YESTERDAY        0                         0      0        0
  MONTH TO DATE    0                         0      0        0
  SINCE MAR 1      0                         0      0        0
  SINCE JAN 1      0                         0      0        0
..................................................................


WIND (MPH)
  HIGHEST WIND SPEED    24   HIGHEST WIND DIRECTION    NW (320)
  HIGHEST GUST SPEED    32   HIGHEST GUST DIRECTION    NW (300)
  AVERAGE WIND SPEED    13.3


SKY COVER
  AVERAGE SKY COVER 1.0


WEATHER CONDITIONS
 THE FOLLOWING WEATHER WAS RECORDED YESTERDAY.
  LIGHT RAIN
  LIGHT SNOW
  FOG


RELATIVE HUMIDITY (PERCENT)
 HIGHEST   100           500 AM
 LOWEST     82           700 PM
 AVERAGE    91

..........................................................


THE DULUTH MN CLIMATE NORMALS FOR TODAY
                         NORMAL    RECORD    YEAR
 MAXIMUM TEMPERATURE (F)   35        73      2012
 MINIMUM TEMPERATURE (F)   18       -14      1923


SUNRISE AND SUNSET
MARCH 18 2017.........SUNRISE   715 AM CDT   SUNSET   719 PM CDT
MARCH 19 2017.........SUNRISE   713 AM CDT   SUNSET   720 PM CDT


-  INDICATES NEGATIVE NUMBERS.
R  INDICATES RECORD WAS SET OR TIED.
MM INDICATES DATA IS MISSING.
T  INDICATES TRACE AMOUNT.




$$
