000
CDUS43 KDLH 132222
CLIDLH


CLIMATE REPORT
NATIONAL WEATHER SERVICE DULUTH MN
518 PM CDT THU APR 13 2017


...................................

...THE DULUTH MN CLIMATE SUMMARY FOR APRIL 13 2017...
VALID TODAY AS OF 0500 PM LOCAL TIME.

CLIMATE NORMAL PERIOD 1981 TO 2010
CLIMATE RECORD PERIOD 1870 TO 2017


WEATHER ITEM   OBSERVED TIME   RECORD YEAR NORMAL DEPARTURE LAST
                VALUE   (LST)  VALUE       VALUE  FROM      YEAR
                                                  NORMAL
..................................................................
TEMPERATURE (F)
 TODAY
  MAXIMUM         59    226 PM  74    1941  48     11       49
  MINIMUM         31    546 AM   9    1950  29      2       31
  AVERAGE         45                        38      7       40

PRECIPITATION (IN)
  TODAY            0.00          0.98 1960   0.08  -0.08     0.02
  MONTH TO DATE    0.43                      0.90  -0.47     0.71
  SINCE MAR 1      1.48                      2.39  -0.91     4.67
  SINCE JAN 1      4.44                      4.16   0.28     6.55

SNOWFALL (IN)
  TODAY            0.0           3.7  1983   0.3   -0.3      0.1
  MONTH TO DATE    0.0                       4.0   -4.0      9.8
  SINCE JUL 1     64.3                      82.8  -18.5     81.3
  SNOW DEPTH       0

DEGREE DAYS
 HEATING
  TODAY           20                        27     -7       25
  MONTH TO DATE  276                       382   -106      470
  SINCE MAR 1   1469                      1592   -123     1498
  SINCE JUL 1   7159                      8459  -1300     7335

 COOLING
  TODAY            0                         0      0        0
  MONTH TO DATE    0                         0      0        0
  SINCE MAR 1      0                         0      0        0
  SINCE JAN 1      0                         0      0        0
..................................................................


WIND (MPH)
  HIGHEST WIND SPEED    15   HIGHEST WIND DIRECTION    SE (150)
  HIGHEST GUST SPEED    21   HIGHEST GUST DIRECTION    SE (150)
  AVERAGE WIND SPEED     6.1


SKY COVER
  POSSIBLE SUNSHINE  MM
  AVERAGE SKY COVER 0.3


WEATHER CONDITIONS
 THE FOLLOWING WEATHER WAS RECORDED TODAY.
  FOG
  FOG W/VISIBILITY <= 1/4 MILE
  HAZE


RELATIVE HUMIDITY (PERCENT)
 HIGHEST   100           400 AM
 LOWEST     47           200 PM
 AVERAGE    74

..........................................................


THE DULUTH MN CLIMATE NORMALS FOR TOMORROW
                         NORMAL    RECORD    YEAR
 MAXIMUM TEMPERATURE (F)   49        82      1908
 MINIMUM TEMPERATURE (F)   29         8      2013
                                             1926


SUNRISE AND SUNSET
APRIL 13 2017.........SUNRISE   624 AM CDT   SUNSET   755 PM CDT
APRIL 14 2017.........SUNRISE   623 AM CDT   SUNSET   756 PM CDT


-  INDICATES NEGATIVE NUMBERS.
R  INDICATES RECORD WAS SET OR TIED.
MM INDICATES DATA IS MISSING.
T  INDICATES TRACE AMOUNT.




$$
