852
CDUS43 KDLH 180630
CLIDLH


CLIMATE REPORT
NATIONAL WEATHER SERVICE DULUTH MN
128 AM CDT SUN SEP 18 2016


...................................

...THE DULUTH MN CLIMATE SUMMARY FOR SEPTEMBER 17 2016...

CLIMATE NORMAL PERIOD 1981 TO 2010
CLIMATE RECORD PERIOD 1870 TO 2016


WEATHER ITEM   OBSERVED TIME   RECORD YEAR NORMAL DEPARTURE LAST
                VALUE   (LST)  VALUE       VALUE  FROM      YEAR
                                                  NORMAL
..................................................................
TEMPERATURE (F)
 YESTERDAY
  MAXIMUM         65   1055 AM  90    1891  65      0       73
  MINIMUM         51   1045 PM  28    1959  46      5       56
  AVERAGE         58                        55      3       65

PRECIPITATION (IN)
  YESTERDAY        0.05          1.39 1923   0.14  -0.09     1.19
  MONTH TO DATE    2.47                      2.38   0.09     5.19
  SINCE SEP 1      2.47                      2.38   0.09     5.19
  SINCE JAN 1     26.39                     23.08   3.31    22.32

SNOWFALL (IN)
  YESTERDAY        0.0           0.0  2002   0.0    0.0      0.0
                                      2001
  MONTH TO DATE    0.0                       0.0    0.0      0.0
  SINCE SEP 1      0.0                       0.0    0.0      0.0
  SINCE JUL 1      0.0                       0.0    0.0      0.0
  SNOW DEPTH       0

DEGREE DAYS
 HEATING
  YESTERDAY        7                        10     -3        0
  MONTH TO DATE   57                       127    -70       46
  SINCE SEP 1     57                       127    -70       46
  SINCE JUL 1    111                       276   -165      142

 COOLING
  YESTERDAY        0                         0      0        0
  MONTH TO DATE   14                        13      1       51
  SINCE SEP 1     14                        13      1       51
  SINCE JAN 1    281                       203     78      329
..................................................................


WIND (MPH)
  HIGHEST WIND SPEED    18   HIGHEST WIND DIRECTION     W (290)
  HIGHEST GUST SPEED    24   HIGHEST GUST DIRECTION     W (290)
  AVERAGE WIND SPEED     9.3


SKY COVER
  AVERAGE SKY COVER 0.7


WEATHER CONDITIONS
 THE FOLLOWING WEATHER WAS RECORDED YESTERDAY.
  LIGHT RAIN
  FOG


RELATIVE HUMIDITY (PERCENT)
 HIGHEST   100           100 AM
 LOWEST     84          1200 PM
 AVERAGE    92

..........................................................


THE DULUTH MN CLIMATE NORMALS FOR TODAY
                         NORMAL    RECORD    YEAR
 MAXIMUM TEMPERATURE (F)   64        84      2000
                                             1984
 MINIMUM TEMPERATURE (F)   45        29      1929


SUNRISE AND SUNSET
SEPTEMBER 18 2016.....SUNRISE   651 AM CDT   SUNSET   713 PM CDT
SEPTEMBER 19 2016.....SUNRISE   652 AM CDT   SUNSET   711 PM CDT


-  INDICATES NEGATIVE NUMBERS.
R  INDICATES RECORD WAS SET OR TIED.
MM INDICATES DATA IS MISSING.
T  INDICATES TRACE AMOUNT.




$$
