002
CDUS43 KDLH 040623
CLIDLH


CLIMATE REPORT
NATIONAL WEATHER SERVICE DULUTH MN
121 AM CDT MON MAY 4 2015


...................................

...THE DULUTH MN CLIMATE SUMMARY FOR MAY 3 2015...

CLIMATE NORMAL PERIOD 1981 TO 2010
CLIMATE RECORD PERIOD 1870 TO 2015


WEATHER ITEM   OBSERVED TIME   RECORD YEAR NORMAL DEPARTURE LAST
                VALUE   (LST)  VALUE       VALUE  FROM      YEAR
                                                  NORMAL
..................................................................
TEMPERATURE (F)
 YESTERDAY
  MAXIMUM         77    122 PM  85    1952  58     19       53
  MINIMUM         51   1002 PM  16    1907  37     14       35
  AVERAGE         64                        47     17       44

PRECIPITATION (IN)
  YESTERDAY        0.01          1.67 1912   0.10  -0.09      T
  MONTH TO DATE    0.01                      0.30  -0.29     0.10
  SINCE MAR 1      1.83                      4.22  -2.39     5.31
  SINCE JAN 1      2.67                      5.99  -3.32     8.16

SNOWFALL (IN)
  YESTERDAY        0.0           1.9  1954   0.0    0.0      0.0
  MONTH TO DATE    0.0                       0.1   -0.1      0.0
  SINCE MAR 1      9.3                      20.2  -10.9     47.2
  SINCE JUL 1     49.2                      85.8  -36.6    131.0
  SNOW DEPTH       0

DEGREE DAYS
 HEATING
  YESTERDAY        1                        18    -17       21
  MONTH TO DATE   17                        54    -37       67
  SINCE MAR 1   1751                      2026   -275     2392
  SINCE JUL 1   8590                      8893   -303     9833

 COOLING
  YESTERDAY        0                         0      0        0
  MONTH TO DATE    0                         0      0        0
  SINCE MAR 1      0                         0      0        0
  SINCE JAN 1      0                         0      0        0
..................................................................


WIND (MPH)
  HIGHEST WIND SPEED    23   HIGHEST WIND DIRECTION    NW (320)
  HIGHEST GUST SPEED    32   HIGHEST GUST DIRECTION    NW (300)
  AVERAGE WIND SPEED    10.8


SKY COVER
  AVERAGE SKY COVER 0.4


WEATHER CONDITIONS
 THE FOLLOWING WEATHER WAS RECORDED YESTERDAY.
  LIGHT RAIN


RELATIVE HUMIDITY (PERCENT)
 HIGHEST    72           700 AM
 LOWEST     23           200 PM
 AVERAGE    48

..........................................................


THE DULUTH MN CLIMATE NORMALS FOR TODAY
                         NORMAL    RECORD    YEAR
 MAXIMUM TEMPERATURE (F)   58        86      1980
 MINIMUM TEMPERATURE (F)   37        23      1967


SUNRISE AND SUNSET
MAY  4 2015...........SUNRISE   549 AM CDT   SUNSET   822 PM CDT
MAY  5 2015...........SUNRISE   548 AM CDT   SUNSET   823 PM CDT


-  INDICATES NEGATIVE NUMBERS.
R  INDICATES RECORD WAS SET OR TIED.
MM INDICATES DATA IS MISSING.
T  INDICATES TRACE AMOUNT.




$$
