000
CDUS43 KDLH 240625
CLIDLH


CLIMATE REPORT
NATIONAL WEATHER SERVICE DULUTH MN
123 AM CDT SUN AUG 24 2014


...................................

...THE DULUTH MN CLIMATE SUMMARY FOR AUGUST 23 2014...

CLIMATE NORMAL PERIOD 1981 TO 2010
CLIMATE RECORD PERIOD 1870 TO 2014


WEATHER ITEM   OBSERVED TIME   RECORD YEAR NORMAL DEPARTURE LAST
                VALUE   (LST)  VALUE       VALUE  FROM      YEAR
                                                  NORMAL
..................................................................
TEMPERATURE (F)
 YESTERDAY
  MAXIMUM         66   1256 PM  94    1947  73     -7       80
  MINIMUM         60    202 AM  36    1977  54      6       51
  AVERAGE         63                        63      0       66

PRECIPITATION (IN)
  YESTERDAY        T             2.72 1978   0.12  -0.12     0.00
  MONTH TO DATE    3.61                      2.70   0.91     0.55
  SINCE JUN 1     11.50                     10.78   0.72     6.82
  SINCE JAN 1     23.93                     19.70   4.23    20.16

SNOWFALL (IN)
  YESTERDAY        0.0           T    1998   0.0    0.0      0.0
  MONTH TO DATE    0.0                       0.0    0.0      0.0
  SINCE JUN 1      T                         0.0    0.0      0.0
  SINCE JUL 1      0.0                       0.0    0.0      0.0
  SNOW DEPTH       0

DEGREE DAYS
 HEATING
  YESTERDAY        2                         3     -1        0
  MONTH TO DATE   20                        53    -33       27
  SINCE JUN 1    222                       295    -73      220
  SINCE JUL 1     60                       116    -56       74

 COOLING
  YESTERDAY        0                         2     -2        1
  MONTH TO DATE   32                        56    -24       66
  SINCE JUN 1    146                       176    -30      260
  SINCE JAN 1    164                       180    -16      261
..................................................................


WIND (MPH)
  HIGHEST WIND SPEED    17   HIGHEST WIND DIRECTION     E (70)
  HIGHEST GUST SPEED    22   HIGHEST GUST DIRECTION    NE (60)
  AVERAGE WIND SPEED     9.7


SKY COVER
  AVERAGE SKY COVER 0.9


WEATHER CONDITIONS
 THE FOLLOWING WEATHER WAS RECORDED YESTERDAY.
  LIGHT RAIN
  FOG
  FOG W/VISIBILITY <= 1/4 MILE


RELATIVE HUMIDITY (PERCENT)
 HIGHEST   100          1100 PM
 LOWEST     87           700 AM
 AVERAGE    94

..........................................................


THE DULUTH MN CLIMATE NORMALS FOR TODAY
                         NORMAL    RECORD    YEAR
 MAXIMUM TEMPERATURE (F)   73        94      1948
 MINIMUM TEMPERATURE (F)   53        35      1977


SUNRISE AND SUNSET
AUGUST 24 2014........SUNRISE   618 AM CDT   SUNSET   803 PM CDT
AUGUST 25 2014........SUNRISE   619 AM CDT   SUNSET   801 PM CDT


-  INDICATES NEGATIVE NUMBERS.
R  INDICATES RECORD WAS SET OR TIED.
MM INDICATES DATA IS MISSING.
T  INDICATES TRACE AMOUNT.




$$
