000
CDUS43 KDLH 210623
CLIDLH


CLIMATE REPORT
NATIONAL WEATHER SERVICE DULUTH MN
1222 AM CST MON NOV 21 2016


...................................

...THE DULUTH MN CLIMATE SUMMARY FOR NOVEMBER 20 2016...

CLIMATE NORMAL PERIOD 1981 TO 2010
CLIMATE RECORD PERIOD 1870 TO 2016


WEATHER ITEM   OBSERVED TIME   RECORD YEAR NORMAL DEPARTURE LAST
                VALUE   (LST)  VALUE       VALUE  FROM      YEAR
                                                  NORMAL
..................................................................
TEMPERATURE (F)
 YESTERDAY
  MAXIMUM         27    325 PM  61    1925  33     -6       29
  MINIMUM         10    325 AM -11    1921  20    -10       16
  AVERAGE         19                        26     -7       23

PRECIPITATION (IN)
  YESTERDAY        0.00          1.56 1930   0.07  -0.07      T
  MONTH TO DATE    1.15                      1.48  -0.33     2.66
  SINCE SEP 1      6.22                      8.44  -2.22    11.37
  SINCE JAN 1     30.14                     29.14   1.00    28.50

SNOWFALL (IN)
  YESTERDAY        0.0          12.0  1975   0.5   -0.5       T
  MONTH TO DATE    3.5                       8.0   -4.5      2.9
  SINCE SEP 1      3.5                      10.4   -6.9      2.9
  SINCE JUL 1      3.5                      10.4   -6.9      2.9
  SNOW DEPTH       2

DEGREE DAYS
 HEATING
  YESTERDAY       46                        39      7       42
  MONTH TO DATE  423                       672   -249      449
  SINCE SEP 1   1116                      1648   -532     1172
  SINCE JUL 1   1170                      1797   -627     1268

 COOLING
  YESTERDAY        0                         0      0        0
  MONTH TO DATE    0                         0      0        0
  SINCE SEP 1     14                        14      0       58
  SINCE JAN 1    281                       204     77      336
..................................................................


WIND (MPH)
  HIGHEST WIND SPEED     7   HIGHEST WIND DIRECTION    SE (140)
  HIGHEST GUST SPEED     8   HIGHEST GUST DIRECTION     N (10)
  AVERAGE WIND SPEED     2.6


SKY COVER
  AVERAGE SKY COVER 0.5


WEATHER CONDITIONS
 THE FOLLOWING WEATHER WAS RECORDED YESTERDAY.
  NO SIGNIFICANT WEATHER WAS OBSERVED.


RELATIVE HUMIDITY (PERCENT)
 HIGHEST    88           500 AM
 LOWEST     63           100 PM
 AVERAGE    76

..........................................................


THE DULUTH MN CLIMATE NORMALS FOR TODAY
                         NORMAL    RECORD    YEAR
 MAXIMUM TEMPERATURE (F)   32        64      1990
 MINIMUM TEMPERATURE (F)   19       -13      1880


SUNRISE AND SUNSET
NOVEMBER 21 2016......SUNRISE   720 AM CST   SUNSET   428 PM CST
NOVEMBER 22 2016......SUNRISE   722 AM CST   SUNSET   427 PM CST


-  INDICATES NEGATIVE NUMBERS.
R  INDICATES RECORD WAS SET OR TIED.
MM INDICATES DATA IS MISSING.
T  INDICATES TRACE AMOUNT.




$$
