000
CDUS43 KDLH 110620
CLIDLH


CLIMATE REPORT
NATIONAL WEATHER SERVICE DULUTH MN
120 AM CDT FRI APR 11 2014


...................................

...THE DULUTH MN CLIMATE SUMMARY FOR APRIL 10 2014...

CLIMATE NORMAL PERIOD 1981 TO 2010
CLIMATE RECORD PERIOD 1870 TO 2014


WEATHER ITEM   OBSERVED TIME   RECORD YEAR NORMAL DEPARTURE LAST
                VALUE   (LST)  VALUE       VALUE  FROM      YEAR
                                                  NORMAL
..................................................................
TEMPERATURE (F)
 YESTERDAY
  MAXIMUM         50    448 PM  84    1977  46      4       36
  MINIMUM         37   1159 PM  10    1962  28      9       27
  AVERAGE         44                        37      7       32

PRECIPITATION (IN)
  YESTERDAY        0.00          1.32 2002   0.08  -0.08     0.00
  MONTH TO DATE    0.80                      0.67   0.13     1.22
  SINCE MAR 1      2.71                      2.16   0.55     3.26
  SINCE JAN 1      5.56                      3.93   1.63     5.81

SNOWFALL (IN)
  YESTERDAY        0.0           4.0  1957   0.3   -0.3      0.0
  MONTH TO DATE   12.9                       3.1    9.8      6.5
  SINCE MAR 1     33.8                      16.3   17.5     32.3
  SINCE JUL 1    117.6                      81.9   35.7     85.1
  SNOW DEPTH      17

DEGREE DAYS
 HEATING
  YESTERDAY       21                        28     -7       33
  MONTH TO DATE  304                       300      4      338
  SINCE MAR 1   1743                      1510    233     1671
  SINCE JUL 1   9184                      8377    807     8179

 COOLING
  YESTERDAY        0                         0      0        0
  MONTH TO DATE    0                         0      0        0
  SINCE MAR 1      0                         0      0        0
  SINCE JAN 1      0                         0      0        0
..................................................................


WIND (MPH)
  HIGHEST WIND SPEED    29   HIGHEST WIND DIRECTION    NW (300)
  HIGHEST GUST SPEED    42   HIGHEST GUST DIRECTION     W (290)
  AVERAGE WIND SPEED    16.1


SKY COVER
  AVERAGE SKY COVER 0.2


WEATHER CONDITIONS
 THE FOLLOWING WEATHER WAS RECORDED YESTERDAY.
  NO SIGNIFICANT WEATHER WAS OBSERVED.


RELATIVE HUMIDITY (PERCENT)
 HIGHEST    76          1200 AM
 LOWEST     27           400 PM
 AVERAGE    52

..........................................................


THE DULUTH MN CLIMATE NORMALS FOR TODAY
                         NORMAL    RECORD    YEAR
 MAXIMUM TEMPERATURE (F)   47        78      1968
 MINIMUM TEMPERATURE (F)   28         6      1940


SUNRISE AND SUNSET
APRIL 11 2014.........SUNRISE   629 AM CDT   SUNSET   752 PM CDT
APRIL 12 2014.........SUNRISE   627 AM CDT   SUNSET   753 PM CDT


-  INDICATES NEGATIVE NUMBERS.
R  INDICATES RECORD WAS SET OR TIED.
MM INDICATES DATA IS MISSING.
T  INDICATES TRACE AMOUNT.




$$
