000
CDUS43 KDLH 190621
CLIDLH


CLIMATE REPORT
NATIONAL WEATHER SERVICE DULUTH MN
120 AM CDT SUN JUL 19 2015


...................................

...THE DULUTH MN CLIMATE SUMMARY FOR JULY 18 2015...

CLIMATE NORMAL PERIOD 1981 TO 2010
CLIMATE RECORD PERIOD 1870 TO 2015


WEATHER ITEM   OBSERVED TIME   RECORD YEAR NORMAL DEPARTURE LAST
                VALUE   (LST)  VALUE       VALUE  FROM      YEAR
                                                  NORMAL
..................................................................
TEMPERATURE (F)
 YESTERDAY
  MAXIMUM         85    305 PM  97    1932  77      8       77
  MINIMUM         62   1138 PM  43    1984  56      6       59
  AVERAGE         74                        66      8       68

PRECIPITATION (IN)
  YESTERDAY        0.02          2.42 1987   0.11  -0.09     0.00
  MONTH TO DATE    2.97                      2.40   0.57     2.46
  SINCE JUN 1      6.61                      6.63  -0.02     6.93
  SINCE JAN 1     13.00                     15.55  -2.55    19.36

SNOWFALL (IN)
  YESTERDAY        0.0           0.0  2002   0.0    0.0      0.0
                                      2001
  MONTH TO DATE    0.0                       0.0    0.0      0.0
  SINCE JUN 1      T                         0.0    0.0       T
  SINCE JUL 1      0.0                       0.0    0.0      0.0
  SNOW DEPTH       0

DEGREE DAYS
 HEATING
  YESTERDAY        0                         2     -2        0
  MONTH TO DATE   15                        42    -27       34
  SINCE JUN 1    136                       221    -85      196
  SINCE JUL 1     15                        42    -27       34

 COOLING
  YESTERDAY        9                         3      6        3
  MONTH TO DATE   68                        51     17       33
  SINCE JUN 1     90                        81      9       62
  SINCE JAN 1     94                        85      9       80
..................................................................


WIND (MPH)
  HIGHEST WIND SPEED    28   HIGHEST WIND DIRECTION     W (270)
  HIGHEST GUST SPEED    37   HIGHEST GUST DIRECTION     W (260)
  AVERAGE WIND SPEED    12.9


SKY COVER
  AVERAGE SKY COVER 0.4


WEATHER CONDITIONS
 THE FOLLOWING WEATHER WAS RECORDED YESTERDAY.
  LIGHT RAIN


RELATIVE HUMIDITY (PERCENT)
 HIGHEST    87           400 AM
 LOWEST     40           300 PM
 AVERAGE    64

..........................................................


THE DULUTH MN CLIMATE NORMALS FOR TODAY
                         NORMAL    RECORD    YEAR
 MAXIMUM TEMPERATURE (F)   77        94      1901
 MINIMUM TEMPERATURE (F)   56        43      1971
                                             1929


SUNRISE AND SUNSET
JULY 19 2015..........SUNRISE   533 AM CDT   SUNSET   856 PM CDT
JULY 20 2015..........SUNRISE   534 AM CDT   SUNSET   855 PM CDT


-  INDICATES NEGATIVE NUMBERS.
R  INDICATES RECORD WAS SET OR TIED.
MM INDICATES DATA IS MISSING.
T  INDICATES TRACE AMOUNT.




$$
