000
CDUS43 KDLH 130631
CLIDLH


CLIMATE REPORT
NATIONAL WEATHER SERVICE DULUTH MN
131 AM CDT WED AUG 13 2014


...................................

...THE DULUTH MN CLIMATE SUMMARY FOR AUGUST 12 2014...

CLIMATE NORMAL PERIOD 1981 TO 2010
CLIMATE RECORD PERIOD 1870 TO 2014


WEATHER ITEM   OBSERVED TIME   RECORD YEAR NORMAL DEPARTURE LAST
                VALUE   (LST)  VALUE       VALUE  FROM      YEAR
                                                  NORMAL
..................................................................
TEMPERATURE (F)
 YESTERDAY
  MAXIMUM         78    225 PM  89    1965  75      3       77
  MINIMUM         54    546 AM  42    1990  55     -1       47
  AVERAGE         66                        65      1       62

PRECIPITATION (IN)
  YESTERDAY        0.03          3.11 1999   0.13  -0.10     0.00
  MONTH TO DATE    1.69                      1.39   0.30     0.55
  SINCE JUN 1      9.58                      9.47   0.11     6.82
  SINCE JAN 1     22.01                     18.39   3.62    20.16

SNOWFALL (IN)
  YESTERDAY        0.0           0.0  2002   0.0    0.0      0.0
                                      2001
  MONTH TO DATE    0.0                       0.0    0.0      0.0
  SINCE JUN 1      T                         0.0    0.0      0.0
  SINCE JUL 1      0.0                       0.0    0.0      0.0
  SNOW DEPTH       0

DEGREE DAYS
 HEATING
  YESTERDAY        0                         2     -2        3
  MONTH TO DATE    4                        24    -20       16
  SINCE JUN 1    206                       266    -60      209
  SINCE JUL 1     44                        87    -43       63

 COOLING
  YESTERDAY        1                         2     -1        0
  MONTH TO DATE   24                        34    -10        9
  SINCE JUN 1    138                       154    -16      203
  SINCE JAN 1    156                       158     -2      204
..................................................................


WIND (MPH)
  HIGHEST WIND SPEED    17   HIGHEST WIND DIRECTION     N (350)
  HIGHEST GUST SPEED    23   HIGHEST GUST DIRECTION     N (340)
  AVERAGE WIND SPEED     8.7


SKY COVER
  AVERAGE SKY COVER 0.4


WEATHER CONDITIONS
 THE FOLLOWING WEATHER WAS RECORDED YESTERDAY.
  FOG
  HAZE


RELATIVE HUMIDITY (PERCENT)
 HIGHEST    93           100 AM
 LOWEST     43           200 PM
 AVERAGE    68

..........................................................


THE DULUTH MN CLIMATE NORMALS FOR TODAY
                         NORMAL    RECORD    YEAR
 MAXIMUM TEMPERATURE (F)   75        91      1970
 MINIMUM TEMPERATURE (F)   55        37      1964


SUNRISE AND SUNSET
AUGUST 13 2014........SUNRISE   604 AM CDT   SUNSET   822 PM CDT
AUGUST 14 2014........SUNRISE   605 AM CDT   SUNSET   821 PM CDT


-  INDICATES NEGATIVE NUMBERS.
R  INDICATES RECORD WAS SET OR TIED.
MM INDICATES DATA IS MISSING.
T  INDICATES TRACE AMOUNT.




$$
