000
CDUS43 KDLH 151253
CLIDLH


CLIMATE REPORT
NATIONAL WEATHER SERVICE DULUTH MN
751 AM CDT WED OCT 15 2014


...................................

...THE DULUTH MN CLIMATE SUMMARY FOR OCTOBER 13 2014...

CLIMATE NORMAL PERIOD 1981 TO 2010
CLIMATE RECORD PERIOD 1870 TO 2014


WEATHER ITEM   OBSERVED TIME   RECORD YEAR NORMAL DEPARTURE LAST
                VALUE   (LST)  VALUE       VALUE  FROM      YEAR
                                                  NORMAL
..................................................................
TEMPERATURE (F)
 YESTERDAY
  MAXIMUM         51    338 PM  80    1956  53     -2       57
  MINIMUM         47   1159 PM  19    1917  36     11       36
  AVERAGE         49                        44      5       47

PRECIPITATION (IN)
  YESTERDAY        0.09          2.27 1920   0.09   0.00     0.00
  MONTH TO DATE    1.03                      1.36  -0.33     1.80
  SINCE SEP 1      2.67                      5.47  -2.80     3.06
  SINCE JAN 1     27.62                     26.17   1.45    24.65

SNOWFALL (IN)
  YESTERDAY        0.0           1.0  1997   0.0    0.0      0.0
  MONTH TO DATE    T                         0.4   -0.4      0.0
  SINCE SEP 1      T                         0.5   -0.5      0.0
  SINCE JUL 1      T                         0.5   -0.5      0.0
  SNOW DEPTH       0

DEGREE DAYS
 HEATING
  YESTERDAY       16                        21     -5       18
  MONTH TO DATE  265                       238     27      124
  SINCE SEP 1    492                       536    -44      292
  SINCE JUL 1    569                       685   -116      366

 COOLING
  YESTERDAY        0                         0      0        0
  MONTH TO DATE    0                         0      0        0
  SINCE SEP 1      9                        14     -5       24
  SINCE JAN 1    179                       204    -25      375
..................................................................


WIND (MPH)
  HIGHEST WIND SPEED    12   HIGHEST WIND DIRECTION     N (10)
  HIGHEST GUST SPEED    16   HIGHEST GUST DIRECTION     N (360)
  AVERAGE WIND SPEED     5.3


SKY COVER
  AVERAGE SKY COVER 1.0


WEATHER CONDITIONS
 THE FOLLOWING WEATHER WAS RECORDED YESTERDAY.
  LIGHT RAIN
  FOG
  HAZE


RELATIVE HUMIDITY (PERCENT)
 HIGHEST    93          1000 AM
 LOWEST     61          1200 AM
 AVERAGE    77

..........................................................


THE DULUTH MN CLIMATE NORMALS FOR TODAY
                         NORMAL    RECORD    YEAR
 MAXIMUM TEMPERATURE (F)   53        80      1947
 MINIMUM TEMPERATURE (F)   36        21      1978


SUNRISE AND SUNSET
OCTOBER 14 2014.......SUNRISE   725 AM CDT   SUNSET   623 PM CDT
OCTOBER 15 2014.......SUNRISE   727 AM CDT   SUNSET   622 PM CDT


-  INDICATES NEGATIVE NUMBERS.
R  INDICATES RECORD WAS SET OR TIED.
MM INDICATES DATA IS MISSING.
T  INDICATES TRACE AMOUNT.




$$
