000
CDUS43 KDLH 050637
CLIDLH


CLIMATE REPORT
NATIONAL WEATHER SERVICE DULUTH MN
1230 AM CST TUE DEC 5 2017


...................................

...THE DULUTH MN CLIMATE SUMMARY FOR DECEMBER 4 2017...

CLIMATE NORMAL PERIOD 1981 TO 2010
CLIMATE RECORD PERIOD 1870 TO 2017


WEATHER ITEM   OBSERVED TIME   RECORD YEAR NORMAL DEPARTURE LAST
                VALUE   (LST)  VALUE       VALUE  FROM      YEAR
                                                  NORMAL
..................................................................
TEMPERATURE (F)
 YESTERDAY
  MAXIMUM         40    519 PM  54    1941  26     14       33
  MINIMUM         26   1159 PM -16    1991  12     14       26
  AVERAGE         33                        19     14       30

PRECIPITATION (IN)
  YESTERDAY        0.11          1.00 1891   0.05   0.06     0.20
  MONTH TO DATE    0.11                      0.19  -0.08     0.21
  SINCE DEC 1      0.11                      0.19  -0.08     0.21
  SINCE JAN 1     36.06                     29.94   6.12    31.80

SNOWFALL (IN)
  YESTERDAY        T            10.7  1955   0.5   -0.5      2.6
  MONTH TO DATE    T                         2.1   -2.1      2.7
  SINCE DEC 1      T                         2.1   -2.1      2.7
  SINCE JUL 1     21.6                      18.2    3.4     10.8
  SNOW DEPTH       T

DEGREE DAYS
 HEATING
  YESTERDAY       32                        46    -14       35
  MONTH TO DATE  126                       182    -56      143
  SINCE DEC 1    126                       182    -56      143
  SINCE JUL 1   2272                      2395   -123     1625

 COOLING
  YESTERDAY        0                         0      0        0
  MONTH TO DATE    0                         0      0        0
  SINCE DEC 1      0                         0      0        0
  SINCE JAN 1    126                       204    -78      281
..................................................................


WIND (MPH)
  HIGHEST WIND SPEED    32   HIGHEST WIND DIRECTION    NW (310)
  HIGHEST GUST SPEED    44   HIGHEST GUST DIRECTION    NW (300)
  AVERAGE WIND SPEED    14.6


SKY COVER
  AVERAGE SKY COVER 1.0


WEATHER CONDITIONS
 THE FOLLOWING WEATHER WAS RECORDED YESTERDAY.
  LIGHT RAIN
  LIGHT SNOW
  FOG
  FOG W/VISIBILITY <= 1/4 MILE
  BLOWING SNOW


RELATIVE HUMIDITY (PERCENT)
 HIGHEST   100          1100 AM
 LOWEST     76          1200 AM
 AVERAGE    88

..........................................................


THE DULUTH MN CLIMATE NORMALS FOR TODAY
                         NORMAL    RECORD    YEAR
 MAXIMUM TEMPERATURE (F)   26        52      1913
 MINIMUM TEMPERATURE (F)   12       -13      1964


SUNRISE AND SUNSET
DECEMBER  5 2017......SUNRISE   738 AM CST   SUNSET   421 PM CST
DECEMBER  6 2017......SUNRISE   739 AM CST   SUNSET   421 PM CST


-  INDICATES NEGATIVE NUMBERS.
R  INDICATES RECORD WAS SET OR TIED.
MM INDICATES DATA IS MISSING.
T  INDICATES TRACE AMOUNT.




$$
