000
CDUS43 KDLH 230621 CCA
CLIDLH

CLIMATE REPORT...CORRECTED
NATIONAL WEATHER SERVICE DULUTH MN
120 AM CDT TUE AUG 23 2016


...................................

...THE DULUTH MN CLIMATE SUMMARY FOR AUGUST 22 2016...

CLIMATE NORMAL PERIOD 1981 TO 2010
CLIMATE RECORD PERIOD 1870 TO 2016


WEATHER ITEM   OBSERVED TIME   RECORD YEAR NORMAL DEPARTURE LAST
                VALUE   (LST)  VALUE       VALUE  FROM      YEAR
                                                  NORMAL
..................................................................
TEMPERATURE (F)
 YESTERDAY
  MAXIMUM         81    306 PM  87    1969  73      8       77
  MINIMUM         55    512 AM  39    1967  54      1       60
  AVERAGE         68                        64      4       69

PRECIPITATION (IN)
  YESTERDAY        0.00          3.07 1978   0.12  -0.12     0.69
  MONTH TO DATE    2.91                      2.58   0.33     4.02
  SINCE JUN 1     11.76                     10.66   1.10    10.67
  SINCE JAN 1     21.87                     19.58   2.29    17.06

SNOWFALL (IN)
  YESTERDAY        0.0           0.0  2002   0.0    0.0      0.0
                                      2001
  MONTH TO DATE    0.0                       0.0    0.0      0.0
  SINCE JUN 1      T                         0.0    0.0       T
  SINCE JUL 1      0.0                       0.0    0.0      0.0
  SNOW DEPTH       0

DEGREE DAYS
 HEATING
  YESTERDAY        0                         3     -3        0
  MONTH TO DATE   16                        50    -34       38
  SINCE JUN 1    187                       292   -105      174
  SINCE JUL 1     45                       113    -68       53

 COOLING
  YESTERDAY        3                         2      1        4
  MONTH TO DATE   87                        54     33       76
  SINCE JUN 1    233                       174     59      254
  SINCE JAN 1    242                       178     64      258
..................................................................


WIND (MPH)
  HIGHEST WIND SPEED    25   HIGHEST WIND DIRECTION     S (190)
  HIGHEST GUST SPEED    31   HIGHEST GUST DIRECTION     S (190)
  AVERAGE WIND SPEED    13.6


SKY COVER
  AVERAGE SKY COVER 0.1


WEATHER CONDITIONS
 THE FOLLOWING WEATHER WAS RECORDED YESTERDAY.
  NO SIGNIFICANT WEATHER WAS OBSERVED.


RELATIVE HUMIDITY (PERCENT)
 HIGHEST    93           500 AM
 LOWEST     51           200 PM
 AVERAGE    72

..........................................................


THE DULUTH MN CLIMATE NORMALS FOR TODAY
                         NORMAL    RECORD    YEAR
 MAXIMUM TEMPERATURE (F)   73        94      1947
 MINIMUM TEMPERATURE (F)   54        36      1977


SUNRISE AND SUNSET
AUGUST 23 2016........SUNRISE   617 AM CDT   SUNSET   804 PM CDT
AUGUST 24 2016........SUNRISE   618 AM CDT   SUNSET   802 PM CDT


-  INDICATES NEGATIVE NUMBERS.
R  INDICATES RECORD WAS SET OR TIED.
MM INDICATES DATA IS MISSING.
T  INDICATES TRACE AMOUNT.




$$
