000
CDUS43 KDLH 222220
CLIDLH


CLIMATE REPORT
NATIONAL WEATHER SERVICE DULUTH MN
518 PM CDT MON SEP 22 2014


...................................

...THE DULUTH MN CLIMATE SUMMARY FOR SEPTEMBER 22 2014...
VALID TODAY AS OF 0500 PM LOCAL TIME.

CLIMATE NORMAL PERIOD 1981 TO 2010
CLIMATE RECORD PERIOD 1870 TO 2014


WEATHER ITEM   OBSERVED TIME   RECORD YEAR NORMAL DEPARTURE LAST
                VALUE   (LST)  VALUE       VALUE  FROM      YEAR
                                                  NORMAL
..................................................................
TEMPERATURE (F)
 TODAY
  MAXIMUM         72    328 PM  84    1922  62     10       60
                                      1908
                                      1903
  MINIMUM         44    526 AM  23    1974  44      0       41
  AVERAGE         58                        53      5       51

PRECIPITATION (IN)
  TODAY            0.00          2.18 1895   0.14  -0.14     0.00
  MONTH TO DATE    1.31                      3.08  -1.77     0.90
  SINCE SEP 1      1.31                      3.08  -1.77     0.90
  SINCE JAN 1     26.26                     23.78   2.48    22.49

SNOWFALL (IN)
  TODAY            0.0           T    2012   0.0    0.0      0.0
  MONTH TO DATE    0.0                       0.0    0.0      0.0
  SINCE JUL 1      0.0                       0.0    0.0      0.0
  SNOW DEPTH       0

DEGREE DAYS
 HEATING
  TODAY            7                        12     -5       14
  MONTH TO DATE  177                       184     -7      129
  SINCE SEP 1    177                       184     -7      129
  SINCE JUL 1    254                       333    -79      203

 COOLING
  TODAY            0                         0      0        0
  MONTH TO DATE    5                        13     -8       23
  SINCE SEP 1      5                        13     -8       23
  SINCE JAN 1    175                       203    -28      374
..................................................................


WIND (MPH)
  HIGHEST WIND SPEED    20   HIGHEST WIND DIRECTION     W (270)
  HIGHEST GUST SPEED    25   HIGHEST GUST DIRECTION     W (260)
  AVERAGE WIND SPEED    10.2


SKY COVER
  POSSIBLE SUNSHINE  MM
  AVERAGE SKY COVER 0.2


WEATHER CONDITIONS
 THE FOLLOWING WEATHER WAS RECORDED TODAY.
  FOG


RELATIVE HUMIDITY (PERCENT)
 HIGHEST    93           500 AM
 LOWEST     44           200 PM
 AVERAGE    69

..........................................................


THE DULUTH MN CLIMATE NORMALS FOR TOMORROW
                         NORMAL    RECORD    YEAR
 MAXIMUM TEMPERATURE (F)   62        85      1891
 MINIMUM TEMPERATURE (F)   43        28      1928


SUNRISE AND SUNSET
SEPTEMBER 22 2014.....SUNRISE   655 AM CDT   SUNSET   706 PM CDT
SEPTEMBER 23 2014.....SUNRISE   657 AM CDT   SUNSET   704 PM CDT


-  INDICATES NEGATIVE NUMBERS.
R  INDICATES RECORD WAS SET OR TIED.
MM INDICATES DATA IS MISSING.
T  INDICATES TRACE AMOUNT.




$$
