000
CDUS43 KDLH 170624
CLIDLH


CLIMATE REPORT
NATIONAL WEATHER SERVICE DULUTH MN
1223 AM CST SAT JAN 17 2015


...................................

...THE DULUTH MN CLIMATE SUMMARY FOR JANUARY 16 2015...

CLIMATE NORMAL PERIOD 1981 TO 2010
CLIMATE RECORD PERIOD 1870 TO 2015


WEATHER ITEM   OBSERVED TIME   RECORD YEAR NORMAL DEPARTURE LAST
                VALUE   (LST)  VALUE       VALUE  FROM      YEAR
                                                  NORMAL
..................................................................
TEMPERATURE (F)
 YESTERDAY
  MAXIMUM         20   1159 PM  42    1942  19      1       30
  MINIMUM          6    627 AM -31    1982   1      5        7
  AVERAGE         13                        10      3       19

PRECIPITATION (IN)
  YESTERDAY        T             0.86 1915   0.03  -0.03     0.12
  MONTH TO DATE    0.21                      0.55  -0.34     0.54
  SINCE DEC 1      1.47                      1.76  -0.29     3.42
  SINCE JAN 1      0.21                      0.55  -0.34     0.54

SNOWFALL (IN)
  YESTERDAY        0.4           8.3  1915   0.7   -0.3      1.9
  MONTH TO DATE    3.8                      10.8   -7.0      5.2
  SINCE DEC 1     12.4                      28.5  -16.1     45.1
  SINCE JUL 1     28.9                      44.6  -15.7     50.1
  SNOW DEPTH       7

DEGREE DAYS
 HEATING
  YESTERDAY       52                        55     -3       46
  MONTH TO DATE  982                       877    105      984
  SINCE DEC 1   2323                      2433   -110     2850
  SINCE JUL 1   4538                      4646   -108     4807

 COOLING
  YESTERDAY        0                         0      0        0
  MONTH TO DATE    0                         0      0        0
  SINCE DEC 1      0                         0      0        0
  SINCE JAN 1      0                         0      0        0
..................................................................


WIND (MPH)
  HIGHEST WIND SPEED    21   HIGHEST WIND DIRECTION    SE (130)
  HIGHEST GUST SPEED    26   HIGHEST GUST DIRECTION     E (100)
  AVERAGE WIND SPEED    12.3


SKY COVER
  AVERAGE SKY COVER 0.8


WEATHER CONDITIONS
 THE FOLLOWING WEATHER WAS RECORDED YESTERDAY.
  LIGHT SNOW
  HAZE


RELATIVE HUMIDITY (PERCENT)
 HIGHEST    76           500 AM
 LOWEST     61           400 PM
 AVERAGE    69

..........................................................


THE DULUTH MN CLIMATE NORMALS FOR TODAY
                         NORMAL    RECORD    YEAR
 MAXIMUM TEMPERATURE (F)   19        45      1884
                                             1876
 MINIMUM TEMPERATURE (F)    1       -38      1982


SUNRISE AND SUNSET
JANUARY 17 2015.......SUNRISE   748 AM CST   SUNSET   450 PM CST
JANUARY 18 2015.......SUNRISE   747 AM CST   SUNSET   451 PM CST


-  INDICATES NEGATIVE NUMBERS.
R  INDICATES RECORD WAS SET OR TIED.
MM INDICATES DATA IS MISSING.
T  INDICATES TRACE AMOUNT.




$$
