000
CDUS43 KDLH 132223
CLIDLH


CLIMATE REPORT
NATIONAL WEATHER SERVICE DULUTH MN
523 PM CDT SUN JUL 13 2014


...................................

...THE DULUTH MN CLIMATE SUMMARY FOR JULY 13 2014...
VALID TODAY AS OF 0500 PM LOCAL TIME.

CLIMATE NORMAL PERIOD 1981 TO 2010
CLIMATE RECORD PERIOD 1870 TO 2014


WEATHER ITEM   OBSERVED TIME   RECORD YEAR NORMAL DEPARTURE LAST
                VALUE   (LST)  VALUE       VALUE  FROM      YEAR
                                                  NORMAL
..................................................................
TEMPERATURE (F)
 TODAY
  MAXIMUM         72    206 PM 106    1936  77     -5       76
  MINIMUM         52    503 AM  39    1990  56     -4       67
  AVERAGE         62                        66     -4       72

PRECIPITATION (IN)
  TODAY            T             2.72 1879   0.12  -0.12     0.14
  MONTH TO DATE    2.21                      1.79   0.42     0.70
  SINCE JUN 1      6.68                      6.02   0.66     5.24
  SINCE JAN 1     19.11                     14.94   4.17    18.58

SNOWFALL (IN)
  TODAY            0.0           0.0  2002   0.0    0.0      0.0
                                      2001
  MONTH TO DATE    0.0                       0.0    0.0      0.0
  SINCE JUL 1      0.0                       0.0    0.0      0.0
  SNOW DEPTH       0

DEGREE DAYS
 HEATING
  TODAY            3                         2      1        0
  MONTH TO DATE   15                        32    -17        9
  SINCE JUN 1    177                       211    -34      155
  SINCE JUL 1     15                        32    -17        9

 COOLING
  TODAY            0                         3     -3        7
  MONTH TO DATE   29                        36     -7       56
  SINCE JUN 1     58                        66     -8      109
  SINCE JAN 1     76                        70      6      110
..................................................................


WIND (MPH)
  HIGHEST WIND SPEED    26   HIGHEST WIND DIRECTION     W (270)
  HIGHEST GUST SPEED    33   HIGHEST GUST DIRECTION     W (270)
  AVERAGE WIND SPEED    12.7


SKY COVER
  POSSIBLE SUNSHINE  MM
  AVERAGE SKY COVER 0.3


WEATHER CONDITIONS
 THE FOLLOWING WEATHER WAS RECORDED TODAY.
  LIGHT RAIN


RELATIVE HUMIDITY (PERCENT)
 HIGHEST    89           400 AM
 LOWEST     40           200 PM
 AVERAGE    65

..........................................................


THE DULUTH MN CLIMATE NORMALS FOR TOMORROW
                         NORMAL    RECORD    YEAR
 MAXIMUM TEMPERATURE (F)   77        98      1901
 MINIMUM TEMPERATURE (F)   56        37      1987


SUNRISE AND SUNSET
JULY 13 2014..........SUNRISE   528 AM CDT   SUNSET   900 PM CDT
JULY 14 2014..........SUNRISE   529 AM CDT   SUNSET   900 PM CDT


-  INDICATES NEGATIVE NUMBERS.
R  INDICATES RECORD WAS SET OR TIED.
MM INDICATES DATA IS MISSING.
T  INDICATES TRACE AMOUNT.




$$
