431
CDUS43 KDLH 210624
CLIDLH


CLIMATE REPORT
NATIONAL WEATHER SERVICE DULUTH MN
123 AM CDT THU APR 21 2016


...................................

...THE DULUTH MN CLIMATE SUMMARY FOR APRIL 20 2016...

CLIMATE NORMAL PERIOD 1981 TO 2010
CLIMATE RECORD PERIOD 1870 TO 2016


WEATHER ITEM   OBSERVED TIME   RECORD YEAR NORMAL DEPARTURE LAST
                VALUE   (LST)  VALUE       VALUE  FROM      YEAR
                                                  NORMAL
..................................................................
TEMPERATURE (F)
 YESTERDAY
  MAXIMUM         64    151 PM  76    1987  52     12       38
  MINIMUM         42    430 AM  11    2013  32     10       33
  AVERAGE         53                        42     11       36

PRECIPITATION (IN)
  YESTERDAY        0.00          1.46 1961   0.08  -0.08     0.01
  MONTH TO DATE    0.71                      1.49  -0.78     0.98
  SINCE MAR 1      4.67                      2.98   1.69     1.77
  SINCE JAN 1      6.55                      4.75   1.80     2.61

SNOWFALL (IN)
  YESTERDAY        0.0           3.2  1893   0.1   -0.1      0.5
  MONTH TO DATE    9.8                       5.5    4.3      0.6
  SINCE MAR 1     27.1                      18.7    8.4      8.7
  SINCE JUL 1     81.3                      84.3   -3.0     48.6
  SNOW DEPTH       0

DEGREE DAYS
 HEATING
  YESTERDAY       12                        23    -11       29
  MONTH TO DATE  566                       555     11      444
  SINCE MAR 1   1594                      1765   -171     1503
  SINCE JUL 1   7431                      8632  -1201     8342

 COOLING
  YESTERDAY        0                         0      0        0
  MONTH TO DATE    0                         0      0        0
  SINCE MAR 1      0                         0      0        0
  SINCE JAN 1      0                         0      0        0
..................................................................


WIND (MPH)
  HIGHEST WIND SPEED    14   HIGHEST WIND DIRECTION    SE (130)
  HIGHEST GUST SPEED    16   HIGHEST GUST DIRECTION    SE (140)
  AVERAGE WIND SPEED     6.4


SKY COVER
  AVERAGE SKY COVER 0.7


WEATHER CONDITIONS
 THE FOLLOWING WEATHER WAS RECORDED YESTERDAY.
  NO SIGNIFICANT WEATHER WAS OBSERVED.


RELATIVE HUMIDITY (PERCENT)
 HIGHEST    66           900 PM
 LOWEST     44           300 PM
 AVERAGE    55

..........................................................


THE DULUTH MN CLIMATE NORMALS FOR TODAY
                         NORMAL    RECORD    YEAR
 MAXIMUM TEMPERATURE (F)   52        76      1990
 MINIMUM TEMPERATURE (F)   32        18      1991


SUNRISE AND SUNSET
APRIL 21 2016.........SUNRISE   609 AM CDT   SUNSET   806 PM CDT
APRIL 22 2016.........SUNRISE   607 AM CDT   SUNSET   807 PM CDT


-  INDICATES NEGATIVE NUMBERS.
R  INDICATES RECORD WAS SET OR TIED.
MM INDICATES DATA IS MISSING.
T  INDICATES TRACE AMOUNT.




$$
