000
CDUS43 KDLH 042245
CLIDLH


CLIMATE REPORT
NATIONAL WEATHER SERVICE DULUTH MN
536 PM CDT MON SEP 4 2017


...................................

...THE DULUTH CLIMATE SUMMARY FOR SEPTEMBER 4 2017...
VALID TODAY AS OF 0500 PM LOCAL TIME.

CLIMATE NORMAL PERIOD 1981 TO 2010
CLIMATE RECORD PERIOD 1870 TO 2017


WEATHER ITEM   OBSERVED TIME   RECORD YEAR NORMAL DEPARTURE LAST
                VALUE   (LST)  VALUE       VALUE  FROM      YEAR
                                                  NORMAL
..................................................................
TEMPERATURE (F)
 TODAY
  MAXIMUM         67   1207 PM  89    1897  70     -3       77
  MINIMUM         52    534 AM  36    1918  51      1       57
  AVERAGE         60                        60      0       67

PRECIPITATION (IN)
  TODAY            0.14          1.60 1911   0.14   0.00     0.04
  MONTH TO DATE    0.80                      0.54   0.26     0.04
  SINCE SEP 1      0.80                      0.54   0.26     0.04
  SINCE JAN 1     28.49                     21.24   7.25    23.96

SNOWFALL (IN)
  TODAY            0.0           0.0  2002   0.0    0.0      0.0
                                      2001
  MONTH TO DATE    0.0                       0.0    0.0      0.0
  SINCE JUL 1      T                         0.0    0.0      0.0
  SNOW DEPTH       0

DEGREE DAYS
 HEATING
  TODAY            5                         6     -1        0
  MONTH TO DATE   13                        22     -9        7
  SINCE SEP 1     13                        22     -9        7
  SINCE JUL 1    183                       171     12       61

 COOLING
  TODAY            0                         1     -1        2
  MONTH TO DATE    1                         4     -3        2
  SINCE SEP 1      1                         4     -3        2
  SINCE JAN 1    101                       194    -93      269
..................................................................


WIND (MPH)
  HIGHEST WIND SPEED    28   HIGHEST WIND DIRECTION    NW (310)
  HIGHEST GUST SPEED    44   HIGHEST GUST DIRECTION    NW (300)
  AVERAGE WIND SPEED     9.4


SKY COVER
  AVERAGE SKY COVER 0.2


WEATHER CONDITIONS
 THE FOLLOWING WEATHER WAS RECORDED TODAY.
  THUNDERSTORM
  RAIN
  LIGHT RAIN
  FOG
  HAZE


RELATIVE HUMIDITY (PERCENT)
 HIGHEST   100           400 AM
 LOWEST     60          1200 PM
 AVERAGE    80

..........................................................


THE DULUTH CLIMATE NORMALS FOR TOMORROW
                         NORMAL    RECORD    YEAR
 MAXIMUM TEMPERATURE (F)   69        90      1947
 MINIMUM TEMPERATURE (F)   50        34      1984
                                             1972
                                             1962


SUNRISE AND SUNSET
SEPTEMBER  4 2017.....SUNRISE   632 AM CDT   SUNSET   741 PM CDT
SEPTEMBER  5 2017.....SUNRISE   634 AM CDT   SUNSET   739 PM CDT


-  INDICATES NEGATIVE NUMBERS.
R  INDICATES RECORD WAS SET OR TIED.
MM INDICATES DATA IS MISSING.
T  INDICATES TRACE AMOUNT.




$$
