000
CDUS43 KDLH 070712
CLIDLH


CLIMATE REPORT
NATIONAL WEATHER SERVICE DULUTH MN
108 AM CST TUE FEB 7 2017


...................................

...THE DULUTH MN CLIMATE SUMMARY FOR FEBRUARY 6 2017...

CLIMATE NORMAL PERIOD 1981 TO 2010
CLIMATE RECORD PERIOD 1870 TO 2017


WEATHER ITEM   OBSERVED TIME   RECORD YEAR NORMAL DEPARTURE LAST
                VALUE   (LST)  VALUE       VALUE  FROM      YEAR
                                                  NORMAL
..................................................................
TEMPERATURE (F)
 YESTERDAY
  MAXIMUM         24   1147 PM  51    1925  22      2       34
  MINIMUM          9    154 AM -31    1936   3      6       16
  AVERAGE         17                        12      5       25

PRECIPITATION (IN)
  YESTERDAY        T             0.35 1927   0.02  -0.02     0.05
                                      1897
  MONTH TO DATE    0.06                      0.14  -0.08     0.15
  SINCE DEC 1      3.29                      2.31   0.98     4.90
  SINCE JAN 1      1.22                      1.10   0.12     1.20

SNOWFALL (IN)
  YESTERDAY        T             2.8  2013   0.4   -0.4      0.6
  MONTH TO DATE    1.1                       2.6   -1.5      3.1
  SINCE DEC 1     37.9                      39.7   -1.8     40.7
  SINCE JUL 1     46.0                      55.8   -9.8     45.1
  SNOW DEPTH      12

DEGREE DAYS
 HEATING
  YESTERDAY       48                        53     -5       40
  MONTH TO DATE  323                       320      3      288
  SINCE DEC 1   3346                      3575   -229     3086
  SINCE JUL 1   4828                      5788   -960     4749

 COOLING
  YESTERDAY        0                         0      0        0
  MONTH TO DATE    0                         0      0        0
  SINCE DEC 1      0                         0      0        0
  SINCE JAN 1      0                         0      0        0
..................................................................


WIND (MPH)
  HIGHEST WIND SPEED    25   HIGHEST WIND DIRECTION     E (90)
  HIGHEST GUST SPEED    34   HIGHEST GUST DIRECTION     E (100)
  AVERAGE WIND SPEED    12.7


SKY COVER
  AVERAGE SKY COVER 1.0


WEATHER CONDITIONS
 THE FOLLOWING WEATHER WAS RECORDED YESTERDAY.
  LIGHT SNOW
  FOG


RELATIVE HUMIDITY (PERCENT)
 HIGHEST    92           700 AM
 LOWEST     73           100 PM
 AVERAGE    83

..........................................................


THE DULUTH MN CLIMATE NORMALS FOR TODAY
                         NORMAL    RECORD    YEAR
 MAXIMUM TEMPERATURE (F)   22        55      1886
 MINIMUM TEMPERATURE (F)    4       -30      1933


SUNRISE AND SUNSET
FEBRUARY  7 2017......SUNRISE   725 AM CST   SUNSET   522 PM CST
FEBRUARY  8 2017......SUNRISE   723 AM CST   SUNSET   523 PM CST


-  INDICATES NEGATIVE NUMBERS.
R  INDICATES RECORD WAS SET OR TIED.
MM INDICATES DATA IS MISSING.
T  INDICATES TRACE AMOUNT.




$$
