000
CDUS43 KDLH 060624
CLIDLH


CLIMATE REPORT
NATIONAL WEATHER SERVICE DULUTH MN
122 AM CDT SUN APR 6 2014


...................................

...THE DULUTH MN CLIMATE SUMMARY FOR APRIL 5 2014...

CLIMATE NORMAL PERIOD 1981 TO 2010
CLIMATE RECORD PERIOD 1870 TO 2014


WEATHER ITEM   OBSERVED TIME   RECORD YEAR NORMAL DEPARTURE LAST
                VALUE   (LST)  VALUE       VALUE  FROM      YEAR
                                                  NORMAL
..................................................................
TEMPERATURE (F)
 YESTERDAY
  MAXIMUM         44    502 PM  79    1991  44      0       35
  MINIMUM         15    634 AM   2    1971  26    -11       20
  AVERAGE         30                        35     -5       28

PRECIPITATION (IN)
  YESTERDAY        0.00          1.02 1947   0.06  -0.06     0.02
  MONTH TO DATE    0.76                      0.31   0.45     0.02
  SINCE MAR 1      2.67                      1.80   0.87     2.06
  SINCE JAN 1      5.52                      3.57   1.95     4.61

SNOWFALL (IN)
  YESTERDAY        0.0           7.3  1933   0.3   -0.3      0.5
  MONTH TO DATE   12.9                       1.6   11.3      0.5
  SINCE MAR 1     33.8                      14.8   19.0     26.3
  SINCE JUL 1    117.6                      80.4   37.2     79.1
  SNOW DEPTH      31

DEGREE DAYS
 HEATING
  YESTERDAY       35                        30      5       37
  MONTH TO DATE  188                       156     32      184
  SINCE MAR 1   1627                      1366    261     1517
  SINCE JUL 1   9068                      8233    835     8025

 COOLING
  YESTERDAY        0                         0      0        0
  MONTH TO DATE    0                         0      0        0
  SINCE MAR 1      0                         0      0        0
  SINCE JAN 1      0                         0      0        0
..................................................................


WIND (MPH)
  HIGHEST WIND SPEED    20   HIGHEST WIND DIRECTION    SW (210)
  HIGHEST GUST SPEED    25   HIGHEST GUST DIRECTION    SW (210)
  AVERAGE WIND SPEED     9.4


SKY COVER
  AVERAGE SKY COVER 0.2


WEATHER CONDITIONS
 THE FOLLOWING WEATHER WAS RECORDED YESTERDAY.
  NO SIGNIFICANT WEATHER WAS OBSERVED.


RELATIVE HUMIDITY (PERCENT)
 HIGHEST    91           600 AM
 LOWEST     43           100 PM
 AVERAGE    67

..........................................................


THE DULUTH MN CLIMATE NORMALS FOR TODAY
                         NORMAL    RECORD    YEAR
 MAXIMUM TEMPERATURE (F)   44        75      1900
 MINIMUM TEMPERATURE (F)   26         2      1982
                                             1979


SUNRISE AND SUNSET
APRIL  6 2014.........SUNRISE   638 AM CDT   SUNSET   745 PM CDT
APRIL  7 2014.........SUNRISE   636 AM CDT   SUNSET   746 PM CDT


-  INDICATES NEGATIVE NUMBERS.
R  INDICATES RECORD WAS SET OR TIED.
MM INDICATES DATA IS MISSING.
T  INDICATES TRACE AMOUNT.




$$
