000
CDUS43 KDLH 302238
CLIDLH


CLIMATE REPORT
NATIONAL WEATHER SERVICE DULUTH MN
536 PM CDT SUN MAR 30 2014


...................................

...THE DULUTH MN CLIMATE SUMMARY FOR MARCH 30 2014...
VALID TODAY AS OF 0500 PM LOCAL TIME.

CLIMATE NORMAL PERIOD 1981 TO 2010
CLIMATE RECORD PERIOD 1870 TO 2014


WEATHER ITEM   OBSERVED TIME   RECORD YEAR NORMAL DEPARTURE LAST
                VALUE   (LST)  VALUE       VALUE  FROM      YEAR
                                                  NORMAL
..................................................................
TEMPERATURE (F)
 TODAY
  MAXIMUM         50    331 PM  67    1918  40     10       53
  MINIMUM         28    108 AM -12    1923  23      5       35
  AVERAGE         39                        32      7       44

PRECIPITATION (IN)
  TODAY            0.00          1.03 1938   0.05  -0.05     0.44
  MONTH TO DATE    1.52                      1.43   0.09     2.03
  SINCE MAR 1      1.52                      1.43   0.09     2.03
  SINCE JAN 1      4.37                      3.20   1.17     4.58

SNOWFALL (IN)
  TODAY            0.0           3.0  1948   0.3   -0.3      0.0
  MONTH TO DATE   20.9                      12.9    8.0     25.5
  SINCE JUL 1    104.7                      78.5   26.2     78.3
  SNOW DEPTH      27

DEGREE DAYS
 HEATING
  TODAY           26                        33     -7       21
  MONTH TO DATE 1410                      1179    231     1299
  SINCE MAR 1   1410                      1179    231     1299
  SINCE JUL 1   8851                      8046    805     7807

 COOLING
  TODAY            0                         0      0        0
  MONTH TO DATE    0                         0      0        0
  SINCE MAR 1      0                         0      0        0
  SINCE JAN 1      0                         0      0        0
..................................................................


WIND (MPH)
  HIGHEST WIND SPEED    18   HIGHEST WIND DIRECTION    SW (210)
  HIGHEST GUST SPEED    25   HIGHEST GUST DIRECTION    SW (230)
  AVERAGE WIND SPEED     9.7


SKY COVER
  POSSIBLE SUNSHINE  MM
  AVERAGE SKY COVER 0.1


WEATHER CONDITIONS
 THE FOLLOWING WEATHER WAS RECORDED TODAY.
  NO SIGNIFICANT WEATHER WAS OBSERVED.


RELATIVE HUMIDITY (PERCENT)
 HIGHEST    78           600 AM
 LOWEST     50           100 PM
 AVERAGE    64

..........................................................


THE DULUTH MN CLIMATE NORMALS FOR TOMORROW
                         NORMAL    RECORD    YEAR
 MAXIMUM TEMPERATURE (F)   41        71      2010
                                             1986
 MINIMUM TEMPERATURE (F)   24        -6      1923


SUNRISE AND SUNSET
MARCH 30 2014.........SUNRISE   652 AM CDT   SUNSET   735 PM CDT
MARCH 31 2014.........SUNRISE   650 AM CDT   SUNSET   737 PM CDT


-  INDICATES NEGATIVE NUMBERS.
R  INDICATES RECORD WAS SET OR TIED.
MM INDICATES DATA IS MISSING.
T  INDICATES TRACE AMOUNT.




$$
