892
CDUS43 KDLH 140641
CLIDLH


CLIMATE REPORT
NATIONAL WEATHER SERVICE DULUTH MN
140 AM CDT MON AUG 14 2017


...................................

...THE DULUTH MN CLIMATE SUMMARY FOR AUGUST 13 2017...

CLIMATE NORMAL PERIOD 1981 TO 2010
CLIMATE RECORD PERIOD 1870 TO 2017


WEATHER ITEM   OBSERVED TIME   RECORD YEAR NORMAL DEPARTURE LAST
                VALUE   (LST)  VALUE       VALUE  FROM      YEAR
                                                  NORMAL
..................................................................
TEMPERATURE (F)
 YESTERDAY
  MAXIMUM         71    833 AM  91    1970  75     -4       78
  MINIMUM         55    249 AM  37    1964  55      0       59
  AVERAGE         63                        65     -2       69

PRECIPITATION (IN)
  YESTERDAY        0.09          2.25 1889   0.12  -0.03     0.00
  MONTH TO DATE    2.39                      1.51   0.88     1.88
  SINCE JUN 1     11.71                      9.59   2.12    10.73
  SINCE JAN 1     22.85                     18.51   4.34    20.84

SNOWFALL (IN)
  YESTERDAY        0.0           T    1989   0.0    0.0      0.0
  MONTH TO DATE    0.0                       0.0    0.0      0.0
  SINCE JUN 1      T                         0.0    0.0       T
  SINCE JUL 1      T                         0.0    0.0      0.0
  SNOW DEPTH       0

DEGREE DAYS
 HEATING
  YESTERDAY        2                         2      0        0
  MONTH TO DATE   37                        26     11        6
  SINCE JUN 1    221                       268    -47      177
  SINCE JUL 1     90                        89      1       35

 COOLING
  YESTERDAY        0                         2     -2        4
  MONTH TO DATE   10                        36    -26       52
  SINCE JUN 1     93                       156    -63      198
  SINCE JAN 1     93                       160    -67      207
..................................................................


WIND (MPH)
  HIGHEST WIND SPEED    12   HIGHEST WIND DIRECTION     E (100)
  HIGHEST GUST SPEED    14   HIGHEST GUST DIRECTION    SW (240)
  AVERAGE WIND SPEED     5.5


SKY COVER
  AVERAGE SKY COVER 0.5


WEATHER CONDITIONS
 THE FOLLOWING WEATHER WAS RECORDED YESTERDAY.
  LIGHT RAIN


RELATIVE HUMIDITY (PERCENT)
 HIGHEST   100          1100 PM
 LOWEST     57           800 AM
 AVERAGE    79

..........................................................


THE DULUTH MN CLIMATE NORMALS FOR TODAY
                         NORMAL    RECORD    YEAR
 MAXIMUM TEMPERATURE (F)   75        93      2015
                                             1961
                                             1938
 MINIMUM TEMPERATURE (F)   55        36      1964


SUNRISE AND SUNSET
AUGUST 14 2017........SUNRISE   605 AM CDT   SUNSET   820 PM CDT
AUGUST 15 2017........SUNRISE   607 AM CDT   SUNSET   818 PM CDT


-  INDICATES NEGATIVE NUMBERS.
R  INDICATES RECORD WAS SET OR TIED.
MM INDICATES DATA IS MISSING.
T  INDICATES TRACE AMOUNT.




$$
