099
CDUS43 KDLH 200639
CLIDLH


CLIMATE REPORT
NATIONAL WEATHER SERVICE DULUTH MN
138 AM CDT WED APR 20 2016


...................................

...THE DULUTH MN CLIMATE SUMMARY FOR APRIL 19 2016...

CLIMATE NORMAL PERIOD 1981 TO 2010
CLIMATE RECORD PERIOD 1870 TO 2016


WEATHER ITEM   OBSERVED TIME   RECORD YEAR NORMAL DEPARTURE LAST
                VALUE   (LST)  VALUE       VALUE  FROM      YEAR
                                                  NORMAL
..................................................................
TEMPERATURE (F)
 YESTERDAY
  MAXIMUM         49   1229 PM  79    1923  51     -2       41
  MINIMUM         36    120 AM  14    1897  32      4       36
  AVERAGE         43                        41      2       39

PRECIPITATION (IN)
  YESTERDAY        0.00          2.61 1948   0.08  -0.08     0.52
  MONTH TO DATE    0.71                      1.41  -0.70     0.97
  SINCE MAR 1      4.67                      2.90   1.77     1.76
  SINCE JAN 1      6.55                      4.67   1.88     2.60

SNOWFALL (IN)
  YESTERDAY        0.0           5.4  1922   0.2   -0.2      0.0
  MONTH TO DATE    9.8                       5.4    4.4      0.1
  SINCE MAR 1     27.1                      18.6    8.5      8.2
  SINCE JUL 1     81.3                      84.2   -2.9     48.1
  SNOW DEPTH       0

DEGREE DAYS
 HEATING
  YESTERDAY       22                        24     -2       26
  MONTH TO DATE  554                       532     22      415
  SINCE MAR 1   1582                      1742   -160     1474
  SINCE JUL 1   7419                      8609  -1190     8313

 COOLING
  YESTERDAY        0                         0      0        0
  MONTH TO DATE    0                         0      0        0
  SINCE MAR 1      0                         0      0        0
  SINCE JAN 1      0                         0      0        0
..................................................................


WIND (MPH)
  HIGHEST WIND SPEED    23   HIGHEST WIND DIRECTION     E (80)
  HIGHEST GUST SPEED    28   HIGHEST GUST DIRECTION     E (90)
  AVERAGE WIND SPEED    13.0


SKY COVER
  AVERAGE SKY COVER 0.8


WEATHER CONDITIONS
 THE FOLLOWING WEATHER WAS RECORDED YESTERDAY.
  NO SIGNIFICANT WEATHER WAS OBSERVED.


RELATIVE HUMIDITY (PERCENT)
 HIGHEST    89          1200 AM
 LOWEST     53           300 PM
 AVERAGE    71

..........................................................


THE DULUTH MN CLIMATE NORMALS FOR TODAY
                         NORMAL    RECORD    YEAR
 MAXIMUM TEMPERATURE (F)   52        76      1987
 MINIMUM TEMPERATURE (F)   32        11      2013


SUNRISE AND SUNSET
APRIL 20 2016.........SUNRISE   611 AM CDT   SUNSET   805 PM CDT
APRIL 21 2016.........SUNRISE   609 AM CDT   SUNSET   806 PM CDT


-  INDICATES NEGATIVE NUMBERS.
R  INDICATES RECORD WAS SET OR TIED.
MM INDICATES DATA IS MISSING.
T  INDICATES TRACE AMOUNT.




$$
