000
CDUS43 KDLH 140626
CLIDLH


CLIMATE REPORT
NATIONAL WEATHER SERVICE DULUTH MN
1225 AM CST TUE FEB 14 2017


...................................

...THE DULUTH MN CLIMATE SUMMARY FOR FEBRUARY 13 2017...

CLIMATE NORMAL PERIOD 1981 TO 2010
CLIMATE RECORD PERIOD 1870 TO 2017


WEATHER ITEM   OBSERVED TIME   RECORD YEAR NORMAL DEPARTURE LAST
                VALUE   (LST)  VALUE       VALUE  FROM      YEAR
                                                  NORMAL
..................................................................
TEMPERATURE (F)
 YESTERDAY
  MAXIMUM         42    336 PM  47    1947  23     19       11
  MINIMUM         20    322 AM -29    1905   5     15      -17
  AVERAGE         31                        14     17       -3

PRECIPITATION (IN)
  YESTERDAY        0.00          0.67 1923   0.03  -0.03     0.00
  MONTH TO DATE    0.41                      0.31   0.10     0.28
  SINCE DEC 1      3.64                      2.48   1.16     5.03
  SINCE JAN 1      1.57                      1.27   0.30     1.33

SNOWFALL (IN)
  YESTERDAY        0.0           5.6  2014   0.4   -0.4      0.0
  MONTH TO DATE    5.6                       5.3    0.3      5.1
  SINCE DEC 1     42.4                      42.4    0.0     42.7
  SINCE JUL 1     50.5                      58.5   -8.0     47.1
  SNOW DEPTH      13

DEGREE DAYS
 HEATING
  YESTERDAY       34                        51    -17       68
  MONTH TO DATE  643                       681    -38      705
  SINCE DEC 1   3666                      3936   -270     3503
  SINCE JUL 1   5148                      6149  -1001     5166

 COOLING
  YESTERDAY        0                         0      0        0
  MONTH TO DATE    0                         0      0        0
  SINCE DEC 1      0                         0      0        0
  SINCE JAN 1      0                         0      0        0
..................................................................


WIND (MPH)
  HIGHEST WIND SPEED    22   HIGHEST WIND DIRECTION     W (270)
  HIGHEST GUST SPEED    28   HIGHEST GUST DIRECTION    NW (300)
  AVERAGE WIND SPEED    13.6


SKY COVER
  AVERAGE SKY COVER 0.1


WEATHER CONDITIONS
 THE FOLLOWING WEATHER WAS RECORDED YESTERDAY.
  NO SIGNIFICANT WEATHER WAS OBSERVED.


RELATIVE HUMIDITY (PERCENT)
 HIGHEST    88           600 AM
 LOWEST     49           300 PM
 AVERAGE    69

..........................................................


THE DULUTH MN CLIMATE NORMALS FOR TODAY
                         NORMAL    RECORD    YEAR
 MAXIMUM TEMPERATURE (F)   24        48      1882
 MINIMUM TEMPERATURE (F)    6       -24      1970
                                             1949
                                             1879


SUNRISE AND SUNSET
FEBRUARY 14 2017......SUNRISE   714 AM CST   SUNSET   532 PM CST
FEBRUARY 15 2017......SUNRISE   712 AM CST   SUNSET   534 PM CST


-  INDICATES NEGATIVE NUMBERS.
R  INDICATES RECORD WAS SET OR TIED.
MM INDICATES DATA IS MISSING.
T  INDICATES TRACE AMOUNT.




$$
