000
CDUS43 KDLH 060655
CLIDLH


CLIMATE REPORT
NATIONAL WEATHER SERVICE DULUTH MN
1254 AM CST TUE FEB 6 2018


...................................

...THE DULUTH MN CLIMATE SUMMARY FOR FEBRUARY 5 2018...

CLIMATE NORMAL PERIOD 1981 TO 2010
CLIMATE RECORD PERIOD 1870 TO 2018


WEATHER ITEM   OBSERVED TIME   RECORD YEAR NORMAL DEPARTURE LAST
                VALUE   (LST)  VALUE       VALUE  FROM      YEAR
                                                  NORMAL
..................................................................
TEMPERATURE (F)
 YESTERDAY
  MAXIMUM          9    231 PM  45    1877  21    -12       21
  MINIMUM         -7    627 AM -33    1936   3    -10        4
  AVERAGE          1                        12    -11       13

PRECIPITATION (IN)
  YESTERDAY        T             0.55 1946   0.02  -0.02      T
  MONTH TO DATE    0.16                      0.12   0.04     0.06
  SINCE DEC 1      1.62                      2.29  -0.67     3.29
  SINCE JAN 1      0.79                      1.08  -0.29     1.22

SNOWFALL (IN)
  YESTERDAY        T            14.0  2006   0.4   -0.4      0.1
  MONTH TO DATE    1.6                       2.2   -0.6      1.1
  SINCE DEC 1     24.1                      39.3  -15.2     37.9
  SINCE JUL 1     45.7                      55.4   -9.7     46.0
  SNOW DEPTH       9

DEGREE DAYS
 HEATING
  YESTERDAY       64                        53     11       52
  MONTH TO DATE  334                       267     67      275
  SINCE DEC 1   3683                      3522    161     3298
  SINCE JUL 1   5829                      5735     94     4780

 COOLING
  YESTERDAY        0                         0      0        0
  MONTH TO DATE    0                         0      0        0
  SINCE DEC 1      0                         0      0        0
  SINCE JAN 1      0                         0      0        0
..................................................................


WIND (MPH)
  HIGHEST WIND SPEED    18   HIGHEST WIND DIRECTION     W (270)
  HIGHEST GUST SPEED    22   HIGHEST GUST DIRECTION     W (270)
  AVERAGE WIND SPEED    11.3


SKY COVER
  AVERAGE SKY COVER 0.2


WEATHER CONDITIONS
 THE FOLLOWING WEATHER WAS RECORDED YESTERDAY.
  HAZE


RELATIVE HUMIDITY (PERCENT)
 HIGHEST    75           200 AM
 LOWEST     55           200 PM
 AVERAGE    65

..........................................................


THE DULUTH MN CLIMATE NORMALS FOR TODAY
                         NORMAL    RECORD    YEAR
 MAXIMUM TEMPERATURE (F)   22        51      1925
 MINIMUM TEMPERATURE (F)    3       -31      1936


SUNRISE AND SUNSET
FEBRUARY  6 2018......SUNRISE   726 AM CST   SUNSET   520 PM CST
FEBRUARY  7 2018......SUNRISE   725 AM CST   SUNSET   521 PM CST


-  INDICATES NEGATIVE NUMBERS.
R  INDICATES RECORD WAS SET OR TIED.
MM INDICATES DATA IS MISSING.
T  INDICATES TRACE AMOUNT.




$$
