000
CDUS43 KDLH 122249
CLIDLH


CLIMATE REPORT
NATIONAL WEATHER SERVICE DULUTH MN
550 PM CDT FRI AUG 12 2016


...................................

...THE DULUTH MN CLIMATE SUMMARY FOR AUGUST 12 2016...
VALID TODAY AS OF 0540 PM LOCAL TIME.

CLIMATE NORMAL PERIOD 1981 TO 2010
CLIMATE RECORD PERIOD 1870 TO 2016


WEATHER ITEM   OBSERVED TIME   RECORD YEAR NORMAL DEPARTURE LAST
                VALUE   (LST)  VALUE       VALUE  FROM      YEAR
                                                  NORMAL
..................................................................
TEMPERATURE (F)
 TODAY
  MAXIMUM         67    313 PM  89    1965  75     -8       85
  MINIMUM         62    558 AM  42    1990  55      7       57
  AVERAGE         65                        65      0       71

PRECIPITATION (IN)
  TODAY            0.00          3.11 1999   0.13  -0.13     0.00
  MONTH TO DATE    1.74                      1.39   0.35     1.46
  SINCE JUN 1     10.59                      9.47   1.12     8.11
  SINCE JAN 1     20.70                     18.39   2.31    14.50

SNOWFALL (IN)
  TODAY            0.0           0.0  2002   0.0    0.0      0.0
                                      2001
  MONTH TO DATE    0.0                       0.0    0.0      0.0
  SINCE JUL 1      0.0                       0.0    0.0      0.0
  SNOW DEPTH       0

DEGREE DAYS
 HEATING
  TODAY            0                         2     -2        0
  MONTH TO DATE    4                        24    -20       15
  SINCE JUN 1    175                       266    -91      151
  SINCE JUL 1     33                        87    -54       30

 COOLING
  TODAY            0                         2     -2        6
  MONTH TO DATE   48                        34     14       27
  SINCE JUN 1    194                       154     40      205
  SINCE JAN 1    203                       158     45      209
..................................................................


WIND (MPH)
  HIGHEST WIND SPEED    13   HIGHEST WIND DIRECTION     E (110)
  HIGHEST GUST SPEED    16   HIGHEST GUST DIRECTION    SE (120)
  AVERAGE WIND SPEED     7.1


SKY COVER
  POSSIBLE SUNSHINE  MM
  AVERAGE SKY COVER 1.0


WEATHER CONDITIONS
 THE FOLLOWING WEATHER WAS RECORDED TODAY.
  FOG
  FOG W/VISIBILITY <= 1/4 MILE


RELATIVE HUMIDITY (PERCENT)
 HIGHEST   100          1200 AM
 LOWEST     87           300 PM
 AVERAGE    94

..........................................................


THE DULUTH MN CLIMATE NORMALS FOR TOMORROW
                         NORMAL    RECORD    YEAR
 MAXIMUM TEMPERATURE (F)   75        91      1970
 MINIMUM TEMPERATURE (F)   55        37      1964


SUNRISE AND SUNSET
AUGUST 12 2016........SUNRISE   603 AM CDT   SUNSET   823 PM CDT
AUGUST 13 2016........SUNRISE   604 AM CDT   SUNSET   821 PM CDT


-  INDICATES NEGATIVE NUMBERS.
R  INDICATES RECORD WAS SET OR TIED.
MM INDICATES DATA IS MISSING.
T  INDICATES TRACE AMOUNT.




$$
