000
CDUS43 KDLH 130625
CLIDLH


CLIMATE REPORT
NATIONAL WEATHER SERVICE DULUTH MN
119 AM CDT SUN AUG 13 2017


...................................

...THE DULUTH MN CLIMATE SUMMARY FOR AUGUST 12 2017...

CLIMATE NORMAL PERIOD 1981 TO 2010
CLIMATE RECORD PERIOD 1870 TO 2017


WEATHER ITEM   OBSERVED TIME   RECORD YEAR NORMAL DEPARTURE LAST
                VALUE   (LST)  VALUE       VALUE  FROM      YEAR
                                                  NORMAL
..................................................................
TEMPERATURE (F)
 YESTERDAY
  MAXIMUM         78    427 PM  89    1965  75      3       67
  MINIMUM         50    521 AM  42    1990  55     -5       59
  AVERAGE         64                        65     -1       63

PRECIPITATION (IN)
  YESTERDAY        0.00          3.11 1999   0.13  -0.13     0.14
  MONTH TO DATE    2.30                      1.39   0.91     1.88
  SINCE JUN 1     11.62                      9.47   2.15    10.73
  SINCE JAN 1     22.76                     18.39   4.37    20.84

SNOWFALL (IN)
  YESTERDAY        0.0           0.0  2002   0.0    0.0      0.0
                                      2001
  MONTH TO DATE    0.0                       0.0    0.0      0.0
  SINCE JUN 1      T                         0.0    0.0       T
  SINCE JUL 1      T                         0.0    0.0      0.0
  SNOW DEPTH       0

DEGREE DAYS
 HEATING
  YESTERDAY        1                         2     -1        2
  MONTH TO DATE   35                        24     11        6
  SINCE JUN 1    219                       266    -47      177
  SINCE JUL 1     88                        87      1       35

 COOLING
  YESTERDAY        0                         2     -2        0
  MONTH TO DATE   10                        34    -24       48
  SINCE JUN 1     93                       154    -61      194
  SINCE JAN 1     93                       158    -65      203
..................................................................


WIND (MPH)
  HIGHEST WIND SPEED    12   HIGHEST WIND DIRECTION    NW (310)
  HIGHEST GUST SPEED    14   HIGHEST GUST DIRECTION    NW (320)
  AVERAGE WIND SPEED     5.6


SKY COVER
  AVERAGE SKY COVER 0.2


WEATHER CONDITIONS
 THE FOLLOWING WEATHER WAS RECORDED YESTERDAY.
  NO SIGNIFICANT WEATHER WAS OBSERVED.


RELATIVE HUMIDITY (PERCENT)
 HIGHEST    96           300 AM
 LOWEST     35           300 PM
 AVERAGE    66

..........................................................


THE DULUTH MN CLIMATE NORMALS FOR TODAY
                         NORMAL    RECORD    YEAR
 MAXIMUM TEMPERATURE (F)   75        91      1970
 MINIMUM TEMPERATURE (F)   55        37      1964


SUNRISE AND SUNSET
AUGUST 13 2017........SUNRISE   604 AM CDT   SUNSET   822 PM CDT
AUGUST 14 2017........SUNRISE   605 AM CDT   SUNSET   820 PM CDT


-  INDICATES NEGATIVE NUMBERS.
R  INDICATES RECORD WAS SET OR TIED.
MM INDICATES DATA IS MISSING.
T  INDICATES TRACE AMOUNT.




$$
