000
CDUS43 KDLH 051223
CLIDLH


CLIMATE REPORT
NATIONAL WEATHER SERVICE DULUTH MN
623 AM CST SUN MAR 5 2017


...................................

...THE DULUTH MN CLIMATE SUMMARY FOR MARCH 4 2017...

CLIMATE NORMAL PERIOD 1981 TO 2010
CLIMATE RECORD PERIOD 1870 TO 2017


WEATHER ITEM   OBSERVED TIME   RECORD YEAR NORMAL DEPARTURE LAST
                VALUE   (LST)  VALUE       VALUE  FROM      YEAR
                                                  NORMAL
..................................................................
TEMPERATURE (F)
 YESTERDAY
  MAXIMUM         36    630 PM  56    2000  30      6       28
  MINIMUM         12    407 AM -18    1875  13     -1        5
  AVERAGE         24                        21      3       17

PRECIPITATION (IN)
  YESTERDAY        0.00          1.00 1880   0.04  -0.04     0.16
  MONTH TO DATE    0.00                      0.17  -0.17     0.16
  SINCE MAR 1      0.00                      0.17  -0.17     0.16
  SINCE JAN 1      2.96                      1.94   1.02     2.04

SNOWFALL (IN)
  YESTERDAY        0.0          12.0  1985   0.5   -0.5      2.1
  MONTH TO DATE    0.0                       2.2   -2.2      2.1
  SINCE MAR 1      0.0                       2.2   -2.2      2.1
  SINCE JUL 1     59.0                      67.8   -8.8     56.3
  SNOW DEPTH       9

DEGREE DAYS
 HEATING
  YESTERDAY       41                        44     -3       48
  MONTH TO DATE  198                       178     20      196
  SINCE MAR 1    198                       178     20      196
  SINCE JUL 1   5888                      7045  -1157     6033

 COOLING
  YESTERDAY        0                         0      0        0
  MONTH TO DATE    0                         0      0        0
  SINCE MAR 1      0                         0      0        0
  SINCE JAN 1      0                         0      0        0
..................................................................


WIND (MPH)
  HIGHEST WIND SPEED    23   HIGHEST WIND DIRECTION    SE (140)
  HIGHEST GUST SPEED    30   HIGHEST GUST DIRECTION    SE (150)
  AVERAGE WIND SPEED    12.8


SKY COVER
  AVERAGE SKY COVER 0.5


WEATHER CONDITIONS
 THE FOLLOWING WEATHER WAS RECORDED YESTERDAY.
  NO SIGNIFICANT WEATHER WAS OBSERVED.


RELATIVE HUMIDITY (PERCENT)
 HIGHEST    80           600 AM
 LOWEST     56           400 PM
 AVERAGE    68

..........................................................


THE DULUTH MN CLIMATE NORMALS FOR TODAY
                         NORMAL    RECORD    YEAR
 MAXIMUM TEMPERATURE (F)   30        57      1878
 MINIMUM TEMPERATURE (F)   13       -18      2003


SUNRISE AND SUNSET
MARCH  5 2017.........SUNRISE   640 AM CST   SUNSET   600 PM CST
MARCH  6 2017.........SUNRISE   638 AM CST   SUNSET   602 PM CST


-  INDICATES NEGATIVE NUMBERS.
R  INDICATES RECORD WAS SET OR TIED.
MM INDICATES DATA IS MISSING.
T  INDICATES TRACE AMOUNT.




$$
