518
CDUS43 KDLH 070642
CLIDLH


CLIMATE REPORT
NATIONAL WEATHER SERVICE DULUTH MN
1238 AM CST SUN JAN 7 2018


...................................

...THE DULUTH MN CLIMATE SUMMARY FOR JANUARY 6 2018...

CLIMATE NORMAL PERIOD 1981 TO 2010
CLIMATE RECORD PERIOD 1870 TO 2018


WEATHER ITEM   OBSERVED TIME   RECORD YEAR NORMAL DEPARTURE LAST
                VALUE   (LST)  VALUE       VALUE  FROM      YEAR
                                                  NORMAL
..................................................................
TEMPERATURE (F)
 YESTERDAY
  MAXIMUM         10   1159 PM  45    2012  19     -9        2
  MINIMUM        -22    649 AM -34    1909   2    -24      -19
  AVERAGE         -6                        10    -16       -8

PRECIPITATION (IN)
  YESTERDAY        T             1.12 1967   0.04  -0.04     0.00
  MONTH TO DATE    0.02                      0.22  -0.20     0.16
  SINCE DEC 1      0.85                      1.43  -0.58     2.23
  SINCE JAN 1      0.02                      0.22  -0.20     0.16

SNOWFALL (IN)
  YESTERDAY        T            16.3  1994   0.6   -0.6      0.0
  MONTH TO DATE    0.4                       4.0   -3.6      1.8
  SINCE DEC 1     13.8                      21.7   -7.9     23.1
  SINCE JUL 1     35.4                      37.8   -2.4     31.2
  SNOW DEPTH       5

DEGREE DAYS
 HEATING
  YESTERDAY       71                        55     16       73
  MONTH TO DATE  426                       327     99      360
  SINCE DEC 1   2109                      1883    226     1872
  SINCE JUL 1   4255                      4096    159     3354

 COOLING
  YESTERDAY        0                         0      0        0
  MONTH TO DATE    0                         0      0        0
  SINCE DEC 1      0                         0      0        0
  SINCE JAN 1      0                         0      0        0
..................................................................


WIND (MPH)
  HIGHEST WIND SPEED    23   HIGHEST WIND DIRECTION    SW (220)
  HIGHEST GUST SPEED    31   HIGHEST GUST DIRECTION    SW (220)
  AVERAGE WIND SPEED    10.4


SKY COVER
  AVERAGE SKY COVER 0.3


WEATHER CONDITIONS
 THE FOLLOWING WEATHER WAS RECORDED YESTERDAY.
  LIGHT SNOW
  HAZE


RELATIVE HUMIDITY (PERCENT)
 HIGHEST    87          1000 AM
 LOWEST     52          1100 PM
 AVERAGE    70

..........................................................


THE DULUTH MN CLIMATE NORMALS FOR TODAY
                         NORMAL    RECORD    YEAR
 MAXIMUM TEMPERATURE (F)   19        46      2003
 MINIMUM TEMPERATURE (F)    2       -36      1912


SUNRISE AND SUNSET
JANUARY  7 2018.......SUNRISE   753 AM CST   SUNSET   437 PM CST
JANUARY  8 2018.......SUNRISE   753 AM CST   SUNSET   439 PM CST


-  INDICATES NEGATIVE NUMBERS.
R  INDICATES RECORD WAS SET OR TIED.
MM INDICATES DATA IS MISSING.
T  INDICATES TRACE AMOUNT.




$$
