000
CDUS43 KDLH 072230
CLIDLH


CLIMATE REPORT
NATIONAL WEATHER SERVICE DULUTH MN
529 PM CDT SAT OCT 7 2017


...................................

...THE DULUTH CLIMATE SUMMARY FOR OCTOBER 7 2017...
VALID TODAY AS OF 0500 PM LOCAL TIME.

CLIMATE NORMAL PERIOD 1981 TO 2010
CLIMATE RECORD PERIOD 1870 TO 2017


WEATHER ITEM   OBSERVED TIME   RECORD YEAR NORMAL DEPARTURE LAST
                VALUE   (LST)  VALUE       VALUE  FROM      YEAR
                                                  NORMAL
..................................................................
TEMPERATURE (F)
 TODAY
  MAXIMUM         64    304 PM  80    2011  56      8       44
                                      1980
                                      1886
  MINIMUM         48    524 AM  24    2001  38     10       35
  AVERAGE         56                        47      9       40

PRECIPITATION (IN)
  TODAY            0.00          1.25 1977   0.11  -0.11     0.26
  MONTH TO DATE    2.15                      0.79   1.36     0.66
  SINCE SEP 1      5.70                      4.90   0.80     4.18
  SINCE JAN 1     33.39                     25.60   7.79    28.10

SNOWFALL (IN)
  TODAY            0.0           0.2  1915   0.0    0.0       T
  MONTH TO DATE    0.0                       0.1   -0.1       T
  SINCE JUL 1      T                         0.2   -0.2       T
  SNOW DEPTH       0

DEGREE DAYS
 HEATING
  TODAY            9                        18     -9       25
  MONTH TO DATE   90                       120    -30       78
  SINCE SEP 1    302                       418   -116      240
  SINCE JUL 1    472                       567    -95      294

 COOLING
  TODAY            0                         0      0        0
  MONTH TO DATE    0                         0      0        0
  SINCE SEP 1     26                        14     12       14
  SINCE JAN 1    126                       204    -78      281
..................................................................


WIND (MPH)
  HIGHEST WIND SPEED    10   HIGHEST WIND DIRECTION    SW (230)
  HIGHEST GUST SPEED    14   HIGHEST GUST DIRECTION     W (260)
  AVERAGE WIND SPEED     5.5


SKY COVER
  AVERAGE SKY COVER 0.9


WEATHER CONDITIONS
 THE FOLLOWING WEATHER WAS RECORDED TODAY.
  NO SIGNIFICANT WEATHER WAS OBSERVED.


RELATIVE HUMIDITY (PERCENT)
 HIGHEST   100          1200 AM
 LOWEST     67           300 PM
 AVERAGE    84

..........................................................


THE DULUTH CLIMATE NORMALS FOR TOMORROW
                         NORMAL    RECORD    YEAR
 MAXIMUM TEMPERATURE (F)   55        82      1943
 MINIMUM TEMPERATURE (F)   37        24      1989
                                             1917


SUNRISE AND SUNSET
OCTOBER  7 2017.......SUNRISE   716 AM CDT   SUNSET   636 PM CDT
OCTOBER  8 2017.......SUNRISE   717 AM CDT   SUNSET   634 PM CDT


-  INDICATES NEGATIVE NUMBERS.
R  INDICATES RECORD WAS SET OR TIED.
MM INDICATES DATA IS MISSING.
T  INDICATES TRACE AMOUNT.




$$
