615
CDUS43 KDLH 250632
CLIDLH


CLIMATE REPORT
NATIONAL WEATHER SERVICE DULUTH MN
130 AM CDT SUN SEP 25 2016


...................................

...THE DULUTH MN CLIMATE SUMMARY FOR SEPTEMBER 24 2016...

CLIMATE NORMAL PERIOD 1981 TO 2010
CLIMATE RECORD PERIOD 1870 TO 2016


WEATHER ITEM   OBSERVED TIME   RECORD YEAR NORMAL DEPARTURE LAST
                VALUE   (LST)  VALUE       VALUE  FROM      YEAR
                                                  NORMAL
..................................................................
TEMPERATURE (F)
 YESTERDAY
  MAXIMUM         62    956 PM  85    1892  61      1       58
  MINIMUM         54    829 AM  26    2000  43     11       53
  AVERAGE         58                        52      6       56

PRECIPITATION (IN)
  YESTERDAY        0.02          2.96 1873   0.14  -0.12     0.28
  MONTH TO DATE    2.57                      3.35  -0.78     6.79
  SINCE SEP 1      2.57                      3.35  -0.78     6.79
  SINCE JAN 1     26.49                     24.05   2.44    23.92

SNOWFALL (IN)
  YESTERDAY        0.0           0.0  2002   0.0    0.0      0.0
                                      2001
  MONTH TO DATE    0.0                       0.1   -0.1      0.0
  SINCE SEP 1      0.0                       0.1   -0.1      0.0
  SINCE JUL 1      0.0                       0.1   -0.1      0.0
  SNOW DEPTH       0

DEGREE DAYS
 HEATING
  YESTERDAY        7                        13     -6        9
  MONTH TO DATE   97                       210   -113       96
  SINCE SEP 1     97                       210   -113       96
  SINCE JUL 1    151                       359   -208      192

 COOLING
  YESTERDAY        0                         0      0        0
  MONTH TO DATE   14                        13      1       52
  SINCE SEP 1     14                        13      1       52
  SINCE JAN 1    281                       203     78      330
..................................................................


WIND (MPH)
  HIGHEST WIND SPEED    16   HIGHEST WIND DIRECTION     E (110)
  HIGHEST GUST SPEED    21   HIGHEST GUST DIRECTION     E (110)
  AVERAGE WIND SPEED    11.2


SKY COVER
  AVERAGE SKY COVER 0.9


WEATHER CONDITIONS
 THE FOLLOWING WEATHER WAS RECORDED YESTERDAY.
  LIGHT RAIN
  FOG


RELATIVE HUMIDITY (PERCENT)
 HIGHEST   100          1000 AM
 LOWEST     80           600 AM
 AVERAGE    90

..........................................................


THE DULUTH MN CLIMATE NORMALS FOR TODAY
                         NORMAL    RECORD    YEAR
 MAXIMUM TEMPERATURE (F)   61        88      1920
 MINIMUM TEMPERATURE (F)   42        25      1926


SUNRISE AND SUNSET
SEPTEMBER 25 2016.....SUNRISE   700 AM CDT   SUNSET   659 PM CDT
SEPTEMBER 26 2016.....SUNRISE   702 AM CDT   SUNSET   657 PM CDT


-  INDICATES NEGATIVE NUMBERS.
R  INDICATES RECORD WAS SET OR TIED.
MM INDICATES DATA IS MISSING.
T  INDICATES TRACE AMOUNT.




$$
