451
CDUS43 KDLH 182231
CLIDLH


CLIMATE REPORT
NATIONAL WEATHER SERVICE DULUTH MN
430 PM CST SAT NOV 18 2017


...................................

...THE DULUTH CLIMATE SUMMARY FOR NOVEMBER 18 2017...
VALID TODAY AS OF 0400 PM LOCAL TIME.

CLIMATE NORMAL PERIOD 1981 TO 2010
CLIMATE RECORD PERIOD 1870 TO 2017


WEATHER ITEM   OBSERVED TIME   RECORD YEAR NORMAL DEPARTURE LAST
                VALUE   (LST)  VALUE       VALUE  FROM      YEAR
                                                  NORMAL
..................................................................
TEMPERATURE (F)
 TODAY
  MAXIMUM         31    147 AM  64    1904  34     -3       40
  MINIMUM         21    840 AM  -4    1932  21      0       26
  AVERAGE         26                        27     -1       33

PRECIPITATION (IN)
  TODAY            0.00          0.87 2016   0.07  -0.07     0.87
  MONTH TO DATE    1.22                      1.34  -0.12     1.15
  SINCE SEP 1      8.17                      8.30  -0.13     6.22
  SINCE JAN 1     35.86                     29.00   6.86    30.14

SNOWFALL (IN)
  TODAY            0.0           4.2  1886   0.5   -0.5      3.5
  MONTH TO DATE   10.2                       6.9    3.3      3.5
  SINCE JUL 1     21.3                       9.3   12.0      3.5
  SNOW DEPTH       3

DEGREE DAYS
 HEATING
  TODAY           39                        38      1       32
  MONTH TO DATE  724                       595    129      334
  SINCE SEP 1   1530                      1571    -41     1027
  SINCE JUL 1   1700                      1720    -20     1081

 COOLING
  TODAY            0                         0      0        0
  MONTH TO DATE    0                         0      0        0
  SINCE SEP 1     26                        14     12       14
  SINCE JAN 1    126                       204    -78      281
..................................................................


WIND (MPH)
  HIGHEST WIND SPEED    23   HIGHEST WIND DIRECTION    NW (320)
  HIGHEST GUST SPEED    33   HIGHEST GUST DIRECTION    NW (330)
  AVERAGE WIND SPEED    12.5


SKY COVER
  AVERAGE SKY COVER 0.6


WEATHER CONDITIONS
 THE FOLLOWING WEATHER WAS RECORDED TODAY.
  NO SIGNIFICANT WEATHER WAS OBSERVED.


RELATIVE HUMIDITY (PERCENT)
 HIGHEST   100          1200 AM
 LOWEST     68           100 PM
 AVERAGE    84

..........................................................


THE DULUTH CLIMATE NORMALS FOR TOMORROW
                         NORMAL    RECORD    YEAR
 MAXIMUM TEMPERATURE (F)   34        55      1912
 MINIMUM TEMPERATURE (F)   20       -10      1932


SUNRISE AND SUNSET
NOVEMBER 18 2017......SUNRISE   716 AM CST   SUNSET   431 PM CST
NOVEMBER 19 2017......SUNRISE   718 AM CST   SUNSET   430 PM CST


-  INDICATES NEGATIVE NUMBERS.
R  INDICATES RECORD WAS SET OR TIED.
MM INDICATES DATA IS MISSING.
T  INDICATES TRACE AMOUNT.




$$
