000
CDUS43 KDLH 270630
CLIDLH


CLIMATE REPORT
NATIONAL WEATHER SERVICE DULUTH MN
124 AM CDT SAT AUG 27 2016


...................................

...THE DULUTH MN CLIMATE SUMMARY FOR AUGUST 26 2016...

CLIMATE NORMAL PERIOD 1981 TO 2010
CLIMATE RECORD PERIOD 1870 TO 2016


WEATHER ITEM   OBSERVED TIME   RECORD YEAR NORMAL DEPARTURE LAST
                VALUE   (LST)  VALUE       VALUE  FROM      YEAR
                                                  NORMAL
..................................................................
TEMPERATURE (F)
 YESTERDAY
  MAXIMUM         73    124 PM  93    1937  73      0       73
  MINIMUM         53    600 AM  36    1968  53      0       42
  AVERAGE         63                        63      0       58

PRECIPITATION (IN)
  YESTERDAY        0.00          0.90 1921   0.13  -0.13     0.00
  MONTH TO DATE    2.92                      3.08  -0.16     4.04
  SINCE JUN 1     11.77                     11.16   0.61    10.69
  SINCE JAN 1     21.88                     20.08   1.80    17.08

SNOWFALL (IN)
  YESTERDAY        0.0           0.0  2002   0.0    0.0      0.0
                                      2001
  MONTH TO DATE    0.0                       0.0    0.0      0.0
  SINCE JUN 1      T                         0.0    0.0       T
  SINCE JUL 1      0.0                       0.0    0.0      0.0
  SNOW DEPTH       0

DEGREE DAYS
 HEATING
  YESTERDAY        2                         4     -2        7
  MONTH TO DATE   19                        64    -45       75
  SINCE JUN 1    190                       306   -116      211
  SINCE JUL 1     48                       127    -79       90

 COOLING
  YESTERDAY        0                         2     -2        0
  MONTH TO DATE  103                        62     41       76
  SINCE JUN 1    249                       182     67      254
  SINCE JAN 1    258                       186     72      258
..................................................................


WIND (MPH)
  HIGHEST WIND SPEED    12   HIGHEST WIND DIRECTION     S (180)
  HIGHEST GUST SPEED    16   HIGHEST GUST DIRECTION     W (260)
  AVERAGE WIND SPEED     6.3


SKY COVER
  AVERAGE SKY COVER 0.4


WEATHER CONDITIONS
 THE FOLLOWING WEATHER WAS RECORDED YESTERDAY.
  NO SIGNIFICANT WEATHER WAS OBSERVED.


RELATIVE HUMIDITY (PERCENT)
 HIGHEST    93           400 AM
 LOWEST     44          1200 PM
 AVERAGE    69

..........................................................


THE DULUTH MN CLIMATE NORMALS FOR TODAY
                         NORMAL    RECORD    YEAR
 MAXIMUM TEMPERATURE (F)   72        92      1984
 MINIMUM TEMPERATURE (F)   53        32      1986


SUNRISE AND SUNSET
AUGUST 27 2016........SUNRISE   622 AM CDT   SUNSET   756 PM CDT
AUGUST 28 2016........SUNRISE   624 AM CDT   SUNSET   754 PM CDT


-  INDICATES NEGATIVE NUMBERS.
R  INDICATES RECORD WAS SET OR TIED.
MM INDICATES DATA IS MISSING.
T  INDICATES TRACE AMOUNT.




$$
