000
CDUS43 KDLH 012229
CLIDLH


CLIMATE REPORT
NATIONAL WEATHER SERVICE DULUTH MN
527 PM CDT SAT JUL 1 2017


...................................

...THE DULUTH MN CLIMATE SUMMARY FOR JULY 1 2017...
VALID TODAY AS OF 0500 PM LOCAL TIME.

CLIMATE NORMAL PERIOD 1981 TO 2010
CLIMATE RECORD PERIOD 1870 TO 2017


WEATHER ITEM   OBSERVED TIME   RECORD YEAR NORMAL DEPARTURE LAST
                VALUE   (LST)  VALUE       VALUE  FROM      YEAR
                                                  NORMAL
..................................................................
TEMPERATURE (F)
 TODAY
  MAXIMUM         71    110 PM  99    1883  75     -4       74
  MINIMUM         55    456 AM  35    1988  54      1       45
  AVERAGE         63                        64     -1       60

PRECIPITATION (IN)
  TODAY            T             2.09 1953   0.15  -0.15     0.00
  MONTH TO DATE    T                         0.15  -0.15     0.00
  SINCE JUN 1      5.21                      4.38   0.83     4.46
  SINCE JAN 1     16.35                     13.30   3.05    14.57

SNOWFALL (IN)
  TODAY            0.0           T    1953   0.0    0.0      0.0
  MONTH TO DATE    0.0                       0.0    0.0      0.0
  SINCE JUL 1      0.0                       0.0    0.0      0.0
  SNOW DEPTH       0

DEGREE DAYS
 HEATING
  TODAY            2                         3     -1        5
  MONTH TO DATE    2                         3     -1        5
  SINCE JUN 1    133                       182    -49      147
  SINCE JUL 1      2                         3     -1        5

 COOLING
  TODAY            0                         2     -2        0
  MONTH TO DATE    0                         2     -2        0
  SINCE JUN 1     13                        32    -19       43
  SINCE JAN 1     13                        36    -23       52
..................................................................


WIND (MPH)
  HIGHEST WIND SPEED    16   HIGHEST WIND DIRECTION     W (260)
  HIGHEST GUST SPEED    21   HIGHEST GUST DIRECTION     W (270)
  AVERAGE WIND SPEED     8.5


SKY COVER
  POSSIBLE SUNSHINE  MM
  AVERAGE SKY COVER 0.8


WEATHER CONDITIONS
 THE FOLLOWING WEATHER WAS RECORDED TODAY.
  LIGHT RAIN
  FOG


RELATIVE HUMIDITY (PERCENT)
 HIGHEST   100          1200 AM
 LOWEST     51           200 PM
 AVERAGE    76

..........................................................


THE DULUTH MN CLIMATE NORMALS FOR TOMORROW
                         NORMAL    RECORD    YEAR
 MAXIMUM TEMPERATURE (F)   75        90      1937
 MINIMUM TEMPERATURE (F)   54        42      1994
                                             1980
                                             1971


SUNRISE AND SUNSET
JULY  1 2017..........SUNRISE   519 AM CDT   SUNSET   906 PM CDT
JULY  2 2017..........SUNRISE   519 AM CDT   SUNSET   906 PM CDT


-  INDICATES NEGATIVE NUMBERS.
R  INDICATES RECORD WAS SET OR TIED.
MM INDICATES DATA IS MISSING.
T  INDICATES TRACE AMOUNT.




$$
