000
CDUS43 KDLH 130624
CLIDLH


CLIMATE REPORT
NATIONAL WEATHER SERVICE DULUTH MN
123 AM CDT WED APR 13 2016


...................................

...THE DULUTH MN CLIMATE SUMMARY FOR APRIL 12 2016...

CLIMATE NORMAL PERIOD 1981 TO 2010
CLIMATE RECORD PERIOD 1870 TO 2016


WEATHER ITEM   OBSERVED TIME   RECORD YEAR NORMAL DEPARTURE LAST
                VALUE   (LST)  VALUE       VALUE  FROM      YEAR
                                                  NORMAL
..................................................................
TEMPERATURE (F)
 YESTERDAY
  MAXIMUM         42    240 PM  76    2015  47     -5       76
  MINIMUM         17    543 AM   6    1950  29    -12       51
  AVERAGE         30                        38     -8       64

PRECIPITATION (IN)
  YESTERDAY        0.01          1.65 1893   0.08  -0.07     0.38
  MONTH TO DATE    0.69                      0.82  -0.13     0.45
  SINCE MAR 1      4.65                      2.31   2.34     1.24
  SINCE JAN 1      6.53                      4.08   2.45     2.08

SNOWFALL (IN)
  YESTERDAY        0.3           6.0  2013   0.3    0.0      0.0
                                      1924
  MONTH TO DATE    9.7                       3.7    6.0      0.1
  SINCE MAR 1     27.0                      16.9   10.1      8.2
  SINCE JUL 1     81.2                      82.5   -1.3     48.1
  SNOW DEPTH       0

DEGREE DAYS
 HEATING
  YESTERDAY       35                        27      8        1
  MONTH TO DATE  445                       355     90      311
  SINCE MAR 1   1473                      1565    -92     1370
  SINCE JUL 1   7310                      8432  -1122     8209

 COOLING
  YESTERDAY        0                         0      0        0
  MONTH TO DATE    0                         0      0        0
  SINCE MAR 1      0                         0      0        0
  SINCE JAN 1      0                         0      0        0
..................................................................


WIND (MPH)
  HIGHEST WIND SPEED    14   HIGHEST WIND DIRECTION     S (160)
  HIGHEST GUST SPEED    18   HIGHEST GUST DIRECTION     S (160)
  AVERAGE WIND SPEED     6.3


SKY COVER
  AVERAGE SKY COVER 0.3


WEATHER CONDITIONS
 THE FOLLOWING WEATHER WAS RECORDED YESTERDAY.
  LIGHT SNOW
  FOG


RELATIVE HUMIDITY (PERCENT)
 HIGHEST    85           900 PM
 LOWEST     40           100 PM
 AVERAGE    63

..........................................................


THE DULUTH MN CLIMATE NORMALS FOR TODAY
                         NORMAL    RECORD    YEAR
 MAXIMUM TEMPERATURE (F)   48        74      1941
 MINIMUM TEMPERATURE (F)   29         9      1950


SUNRISE AND SUNSET
APRIL 13 2016.........SUNRISE   624 AM CDT   SUNSET   755 PM CDT
APRIL 14 2016.........SUNRISE   622 AM CDT   SUNSET   756 PM CDT


-  INDICATES NEGATIVE NUMBERS.
R  INDICATES RECORD WAS SET OR TIED.
MM INDICATES DATA IS MISSING.
T  INDICATES TRACE AMOUNT.




$$
