000
CDUS43 KDLH 252228
CLIDLH


CLIMATE REPORT
NATIONAL WEATHER SERVICE DULUTH MN
428 PM CST SAT NOV 25 2017


...................................

...THE DULUTH CLIMATE SUMMARY FOR NOVEMBER 25 2017...
VALID TODAY AS OF 0400 PM LOCAL TIME.

CLIMATE NORMAL PERIOD 1981 TO 2010
CLIMATE RECORD PERIOD 1870 TO 2017


WEATHER ITEM   OBSERVED TIME   RECORD YEAR NORMAL DEPARTURE LAST
                VALUE   (LST)  VALUE       VALUE  FROM      YEAR
                                                  NORMAL
..................................................................
TEMPERATURE (F)
 TODAY
  MAXIMUM         37   1203 AM  53    1913  30      7       35
  MINIMUM         21    914 AM -16    1985  17      4       32
  AVERAGE         29                        24      5       34

PRECIPITATION (IN)
  TODAY            0.00          0.90 1883   0.06  -0.06      T
  MONTH TO DATE    1.31                      1.80  -0.49     1.69
  SINCE SEP 1      8.26                      8.76  -0.50     6.76
  SINCE JAN 1     35.95                     29.46   6.49    30.68

SNOWFALL (IN)
  TODAY            0.0           7.5  1993   0.5   -0.5       T
  MONTH TO DATE   10.5                      10.8   -0.3      8.1
  SINCE JUL 1     21.6                      13.2    8.4      8.1
  SNOW DEPTH       1

DEGREE DAYS
 HEATING
  TODAY           36                        42     -6       31
  MONTH TO DATE 1004                       874    130      593
  SINCE SEP 1   1810                      1850    -40     1286
  SINCE JUL 1   1980                      1999    -19     1340

 COOLING
  TODAY            0                         0      0        0
  MONTH TO DATE    0                         0      0        0
  SINCE SEP 1     26                        14     12       14
  SINCE JAN 1    126                       204    -78      281
..................................................................


WIND (MPH)
  HIGHEST WIND SPEED    25   HIGHEST WIND DIRECTION    NW (310)
  HIGHEST GUST SPEED    37   HIGHEST GUST DIRECTION    NW (330)
  AVERAGE WIND SPEED    14.9


SKY COVER
  AVERAGE SKY COVER 0.2


WEATHER CONDITIONS
 THE FOLLOWING WEATHER WAS RECORDED TODAY.
  NO SIGNIFICANT WEATHER WAS OBSERVED.


RELATIVE HUMIDITY (PERCENT)
 HIGHEST    82          1200 AM
 LOWEST     50          1200 PM
 AVERAGE    66

..........................................................


THE DULUTH CLIMATE NORMALS FOR TOMORROW
                         NORMAL    RECORD    YEAR
 MAXIMUM TEMPERATURE (F)   30        55      1960
                                             1899
 MINIMUM TEMPERATURE (F)   16        -9      1977


SUNRISE AND SUNSET
NOVEMBER 25 2017......SUNRISE   726 AM CST   SUNSET   425 PM CST
NOVEMBER 26 2017......SUNRISE   727 AM CST   SUNSET   425 PM CST


-  INDICATES NEGATIVE NUMBERS.
R  INDICATES RECORD WAS SET OR TIED.
MM INDICATES DATA IS MISSING.
T  INDICATES TRACE AMOUNT.




$$
