000
CDUS43 KDLH 110624
CLIDLH


CLIMATE REPORT
NATIONAL WEATHER SERVICE DULUTH MN
1220 AM CST TUE NOV 11 2014


...................................

...THE DULUTH MN CLIMATE SUMMARY FOR NOVEMBER 10 2014...

CLIMATE NORMAL PERIOD 1981 TO 2010
CLIMATE RECORD PERIOD 1870 TO 2014


WEATHER ITEM   OBSERVED TIME   RECORD YEAR NORMAL DEPARTURE LAST
                VALUE   (LST)  VALUE       VALUE  FROM      YEAR
                                                  NORMAL
..................................................................
TEMPERATURE (F)
 YESTERDAY
  MAXIMUM         25    204 PM  64    1917  39    -14       40
  MINIMUM         21    440 AM   1    1986  25     -4       24
  AVERAGE         23                        32     -9       32

PRECIPITATION (IN)
  YESTERDAY        0.33          2.26 1998   0.08   0.25     0.02
  MONTH TO DATE    0.53                      0.75  -0.22     0.41
  SINCE SEP 1      3.97                      7.71  -3.74     5.60
  SINCE JAN 1     28.92                     28.41   0.51    27.19

SNOWFALL (IN)
  YESTERDAY        4.7           7.2  1998   0.4    4.3      0.5
  MONTH TO DATE    5.3                       3.1    2.2      1.1
  SINCE SEP 1      5.4                       5.5   -0.1      1.4
  SINCE JUL 1      5.4                       5.5   -0.1      1.4
  SNOW DEPTH       T

DEGREE DAYS
 HEATING
  YESTERDAY       42                        33      9       33
  MONTH TO DATE  309                       310     -1      312
  SINCE SEP 1   1158                      1286   -128     1090
  SINCE JUL 1   1235                      1435   -200     1164

 COOLING
  YESTERDAY        0                         0      0        0
  MONTH TO DATE    0                         0      0        0
  SINCE SEP 1      9                        14     -5       24
  SINCE JAN 1    179                       204    -25      375
..................................................................


WIND (MPH)
  HIGHEST WIND SPEED    22   HIGHEST WIND DIRECTION     N (20)
  HIGHEST GUST SPEED    28   HIGHEST GUST DIRECTION     N (360)
  AVERAGE WIND SPEED    11.5


SKY COVER
  AVERAGE SKY COVER 0.9


WEATHER CONDITIONS
 THE FOLLOWING WEATHER WAS RECORDED YESTERDAY.
  SNOW
  LIGHT SNOW
  FOG
  FOG W/VISIBILITY <= 1/4 MILE


RELATIVE HUMIDITY (PERCENT)
 HIGHEST    88          1100 AM
 LOWEST     68          1200 AM
 AVERAGE    78

..........................................................


THE DULUTH MN CLIMATE NORMALS FOR TODAY
                         NORMAL    RECORD    YEAR
 MAXIMUM TEMPERATURE (F)   38        62      1930
 MINIMUM TEMPERATURE (F)   25        -3      1986


SUNRISE AND SUNSET
NOVEMBER 11 2014......SUNRISE   706 AM CST   SUNSET   439 PM CST
NOVEMBER 12 2014......SUNRISE   707 AM CST   SUNSET   438 PM CST


-  INDICATES NEGATIVE NUMBERS.
R  INDICATES RECORD WAS SET OR TIED.
MM INDICATES DATA IS MISSING.
T  INDICATES TRACE AMOUNT.




$$
