000
CDUS43 KDLH 112241
CLIDLH


CLIMATE REPORT
NATIONAL WEATHER SERVICE DULUTH MN
539 PM CDT MON SEP 11 2017


...................................

...THE DULUTH CLIMATE SUMMARY FOR SEPTEMBER 11 2017...
VALID TODAY AS OF 0500 PM LOCAL TIME.

CLIMATE NORMAL PERIOD 1981 TO 2010
CLIMATE RECORD PERIOD 1870 TO 2017


WEATHER ITEM   OBSERVED TIME   RECORD YEAR NORMAL DEPARTURE LAST
                VALUE   (LST)  VALUE       VALUE  FROM      YEAR
                                                  NORMAL
..................................................................
TEMPERATURE (F)
 TODAY
  MAXIMUM         79    324 PM  92    1931  67     12       76
  MINIMUM         59    659 AM  31    1965  48     11       50
  AVERAGE         69                        58     11       63

PRECIPITATION (IN)
  TODAY            T             1.51 1949   0.14  -0.14     0.00
  MONTH TO DATE    0.86                      1.52  -0.66     2.21
  SINCE SEP 1      0.86                      1.52  -0.66     2.21
  SINCE JAN 1     28.55                     22.22   6.33    26.13

SNOWFALL (IN)
  TODAY            0.0           0.0  2002   0.0    0.0      0.0
                                      2001
  MONTH TO DATE    0.0                       0.0    0.0      0.0
  SINCE JUL 1      T                         0.0    0.0      0.0
  SNOW DEPTH       0

DEGREE DAYS
 HEATING
  TODAY            0                         8     -8        2
  MONTH TO DATE   82                        71     11       16
  SINCE SEP 1     82                        71     11       16
  SINCE JUL 1    252                       220     32       70

 COOLING
  TODAY            4                         1      3        0
  MONTH TO DATE    5                        11     -6       14
  SINCE SEP 1      5                        11     -6       14
  SINCE JAN 1    105                       201    -96      281
..................................................................


WIND (MPH)
  HIGHEST WIND SPEED    18   HIGHEST WIND DIRECTION     W (280)
  HIGHEST GUST SPEED    24   HIGHEST GUST DIRECTION     W (270)
  AVERAGE WIND SPEED    12.9


SKY COVER
  AVERAGE SKY COVER 0.4


WEATHER CONDITIONS
 THE FOLLOWING WEATHER WAS RECORDED TODAY.
  HAZE


RELATIVE HUMIDITY (PERCENT)
 HIGHEST    84          1200 AM
 LOWEST     40           400 PM
 AVERAGE    62

..........................................................


THE DULUTH CLIMATE NORMALS FOR TOMORROW
                         NORMAL    RECORD    YEAR
 MAXIMUM TEMPERATURE (F)   67        87      1948
 MINIMUM TEMPERATURE (F)   48        29      2007


SUNRISE AND SUNSET
SEPTEMBER 11 2017.....SUNRISE   642 AM CDT   SUNSET   728 PM CDT
SEPTEMBER 12 2017.....SUNRISE   643 AM CDT   SUNSET   726 PM CDT


-  INDICATES NEGATIVE NUMBERS.
R  INDICATES RECORD WAS SET OR TIED.
MM INDICATES DATA IS MISSING.
T  INDICATES TRACE AMOUNT.




$$
