000
CDUS43 KDLH 040622
CLIDLH


CLIMATE REPORT
NATIONAL WEATHER SERVICE DULUTH MN
121 AM CDT FRI APR 4 2014


...................................

...THE DULUTH MN CLIMATE SUMMARY FOR APRIL 3 2014...

CLIMATE NORMAL PERIOD 1981 TO 2010
CLIMATE RECORD PERIOD 1870 TO 2014


WEATHER ITEM   OBSERVED TIME   RECORD YEAR NORMAL DEPARTURE LAST
                VALUE   (LST)  VALUE       VALUE  FROM      YEAR
                                                  NORMAL
..................................................................
TEMPERATURE (F)
 YESTERDAY
  MAXIMUM         30    959 AM  74    1929  43    -13       42
  MINIMUM         24   1149 PM  -5    1954  25     -1       13
  AVERAGE         27                        34     -7       28

PRECIPITATION (IN)
  YESTERDAY        0.26          0.71 2007   0.06   0.20      T
  MONTH TO DATE    0.42                      0.18   0.24      T
  SINCE MAR 1      2.33                      1.67   0.66     2.04
  SINCE JAN 1      5.18                      3.44   1.74     4.59

SNOWFALL (IN)
  YESTERDAY        6.3          12.1  2007   0.3    6.0      0.0
  MONTH TO DATE    9.8                       1.0    8.8      0.0
  SINCE MAR 1     30.7                      14.2   16.5     25.8
  SINCE JUL 1    114.5                      79.8   34.7     78.6
  SNOW DEPTH      26

DEGREE DAYS
 HEATING
  YESTERDAY       38                        31      7       37
  MONTH TO DATE  119                        95     24      117
  SINCE MAR 1   1558                      1305    253     1450
  SINCE JUL 1   8999                      8172    827     7958

 COOLING
  YESTERDAY        0                         0      0        0
  MONTH TO DATE    0                         0      0        0
  SINCE MAR 1      0                         0      0        0
  SINCE JAN 1      0                         0      0        0
..................................................................


WIND (MPH)
  HIGHEST WIND SPEED    28   HIGHEST WIND DIRECTION     E (70)
  HIGHEST GUST SPEED    34   HIGHEST GUST DIRECTION     E (70)
  AVERAGE WIND SPEED    18.1


SKY COVER
  AVERAGE SKY COVER 1.0


WEATHER CONDITIONS
 THE FOLLOWING WEATHER WAS RECORDED YESTERDAY.
  HEAVY SNOW
  SNOW
  LIGHT SNOW
  FOG
  FOG W/VISIBILITY <= 1/4 MILE
  HAZE


RELATIVE HUMIDITY (PERCENT)
 HIGHEST    88           600 PM
 LOWEST     46           200 AM
 AVERAGE    67

..........................................................


THE DULUTH MN CLIMATE NORMALS FOR TODAY
                         NORMAL    RECORD    YEAR
 MAXIMUM TEMPERATURE (F)   43        69      1991
 MINIMUM TEMPERATURE (F)   25        -5      1975


SUNRISE AND SUNSET
APRIL  4 2014.........SUNRISE   642 AM CDT   SUNSET   742 PM CDT
APRIL  5 2014.........SUNRISE   640 AM CDT   SUNSET   743 PM CDT


-  INDICATES NEGATIVE NUMBERS.
R  INDICATES RECORD WAS SET OR TIED.
MM INDICATES DATA IS MISSING.
T  INDICATES TRACE AMOUNT.




$$
