000
CDUS43 KDLH 102238
CLIDLH


CLIMATE REPORT
NATIONAL WEATHER SERVICE DULUTH MN
536 PM CDT WED AUG 10 2016


...................................

...THE DULUTH MN CLIMATE SUMMARY FOR AUGUST 10 2016...
VALID TODAY AS OF 0500 PM LOCAL TIME.

CLIMATE NORMAL PERIOD 1981 TO 2010
CLIMATE RECORD PERIOD 1870 TO 2016


WEATHER ITEM   OBSERVED TIME   RECORD YEAR NORMAL DEPARTURE LAST
                VALUE   (LST)  VALUE       VALUE  FROM      YEAR
                                                  NORMAL
..................................................................
TEMPERATURE (F)
 TODAY
  MAXIMUM         69   1159 AM  90    1947  76     -7       80
  MINIMUM         61   1022 AM  41    1967  55      6       59
  AVERAGE         65                        65      0       70

PRECIPITATION (IN)
  TODAY            0.17          2.38 1909   0.12   0.05     0.00
  MONTH TO DATE    1.65                      1.14   0.51     1.46
  SINCE JUN 1     10.50                      9.22   1.28     8.11
  SINCE JAN 1     20.61                     18.14   2.47    14.50

SNOWFALL (IN)
  TODAY            0.0           0.0  2002   0.0    0.0      0.0
                                      2001
  MONTH TO DATE    0.0                       0.0    0.0      0.0
  SINCE JUL 1      0.0                       0.0    0.0      0.0
  SNOW DEPTH       0

DEGREE DAYS
 HEATING
  TODAY            0                         2     -2        0
  MONTH TO DATE    2                        20    -18       15
  SINCE JUN 1    173                       262    -89      151
  SINCE JUL 1     31                        83    -52       30

 COOLING
  TODAY            0                         3     -3        5
  MONTH TO DATE   46                        30     16       18
  SINCE JUN 1    192                       150     42      196
  SINCE JAN 1    201                       154     47      200
..................................................................


WIND (MPH)
  HIGHEST WIND SPEED    30   HIGHEST WIND DIRECTION     E (110)
  HIGHEST GUST SPEED    37   HIGHEST GUST DIRECTION     E (110)
  AVERAGE WIND SPEED    11.1


SKY COVER
  POSSIBLE SUNSHINE  MM
  AVERAGE SKY COVER 0.7


WEATHER CONDITIONS
 THE FOLLOWING WEATHER WAS RECORDED TODAY.
  THUNDERSTORM
  RAIN
  LIGHT RAIN
  FOG


RELATIVE HUMIDITY (PERCENT)
 HIGHEST   100           900 AM
 LOWEST     73           400 PM
 AVERAGE    87

..........................................................


THE DULUTH MN CLIMATE NORMALS FOR TOMORROW
                         NORMAL    RECORD    YEAR
 MAXIMUM TEMPERATURE (F)   75        94      1947
 MINIMUM TEMPERATURE (F)   55        37      1982


SUNRISE AND SUNSET
AUGUST 10 2016........SUNRISE   601 AM CDT   SUNSET   826 PM CDT
AUGUST 11 2016........SUNRISE   602 AM CDT   SUNSET   825 PM CDT


-  INDICATES NEGATIVE NUMBERS.
R  INDICATES RECORD WAS SET OR TIED.
MM INDICATES DATA IS MISSING.
T  INDICATES TRACE AMOUNT.




$$
