000
CDUS43 KDLH 030634
CLIDLH


CLIMATE REPORT
NATIONAL WEATHER SERVICE DULUTH MN
131 AM CDT FRI NOV 3 2017


...................................

...THE DULUTH MN CLIMATE SUMMARY FOR NOVEMBER 2 2017...

CLIMATE NORMAL PERIOD 1981 TO 2010
CLIMATE RECORD PERIOD 1870 TO 2017


WEATHER ITEM   OBSERVED TIME   RECORD YEAR NORMAL DEPARTURE LAST
                VALUE   (LST)  VALUE       VALUE  FROM      YEAR
                                                  NORMAL
..................................................................
TEMPERATURE (F)
 YESTERDAY
  MAXIMUM         34    231 PM  71    1903  43     -9       59
  MINIMUM         28   1159 PM  -1    1951  29     -1       32
  AVERAGE         31                        36     -5       46

PRECIPITATION (IN)
  YESTERDAY        0.00          1.22 1961   0.07  -0.07     0.01
  MONTH TO DATE    0.39                      0.15   0.24     0.01
  SINCE SEP 1      7.34                      7.11   0.23     5.08
  SINCE JAN 1     35.03                     27.81   7.22    29.00

SNOWFALL (IN)
  YESTERDAY        0.0           8.6  1992   0.2   -0.2      0.0
  MONTH TO DATE    4.4                       0.5    3.9      0.0
  SINCE SEP 1     15.5                       2.9   12.6       T
  SINCE JUL 1     15.5                       2.9   12.6       T
  SNOW DEPTH       6

DEGREE DAYS
 HEATING
  YESTERDAY       34                        29      5       19
  MONTH TO DATE   73                        58     15       37
  SINCE SEP 1    879                      1034   -155      730
  SINCE JUL 1   1049                      1183   -134      784

 COOLING
  YESTERDAY        0                         0      0        0
  MONTH TO DATE    0                         0      0        0
  SINCE SEP 1     26                        14     12       14
  SINCE JAN 1    126                       204    -78      281
..................................................................


WIND (MPH)
  HIGHEST WIND SPEED    21   HIGHEST WIND DIRECTION    NW (310)
  HIGHEST GUST SPEED    27   HIGHEST GUST DIRECTION    NW (310)
  AVERAGE WIND SPEED     8.6


SKY COVER
  AVERAGE SKY COVER 1.0


WEATHER CONDITIONS
 THE FOLLOWING WEATHER WAS RECORDED YESTERDAY.
  FOG


RELATIVE HUMIDITY (PERCENT)
 HIGHEST   100          1200 AM
 LOWEST     78           600 PM
 AVERAGE    89

..........................................................


THE DULUTH MN CLIMATE NORMALS FOR TODAY
                         NORMAL    RECORD    YEAR
 MAXIMUM TEMPERATURE (F)   43        73      1903
 MINIMUM TEMPERATURE (F)   28         2      1951


SUNRISE AND SUNSET
NOVEMBER  3 2017......SUNRISE   754 AM CDT   SUNSET   550 PM CDT
NOVEMBER  4 2017......SUNRISE   756 AM CDT   SUNSET   548 PM CDT


-  INDICATES NEGATIVE NUMBERS.
R  INDICATES RECORD WAS SET OR TIED.
MM INDICATES DATA IS MISSING.
T  INDICATES TRACE AMOUNT.




$$
