000
CDUS43 KDLH 100625
CLIDLH


CLIMATE REPORT
NATIONAL WEATHER SERVICE DULUTH MN
1224 AM CST MON NOV 10 2014


...................................

...THE DULUTH MN CLIMATE SUMMARY FOR NOVEMBER 9 2014...

CLIMATE NORMAL PERIOD 1981 TO 2010
CLIMATE RECORD PERIOD 1870 TO 2014


WEATHER ITEM   OBSERVED TIME   RECORD YEAR NORMAL DEPARTURE LAST
                VALUE   (LST)  VALUE       VALUE  FROM      YEAR
                                                  NORMAL
..................................................................
TEMPERATURE (F)
 YESTERDAY
  MAXIMUM         31    240 PM  71    1999  39     -8       36
  MINIMUM         20   1145 PM   5    1959  26     -6       34
                                      1945
  AVERAGE         26                        32     -6       35

PRECIPITATION (IN)
  YESTERDAY        T             0.75 1919   0.08  -0.08     0.03
  MONTH TO DATE    0.20                      0.67  -0.47     0.39
  SINCE SEP 1      3.64                      7.63  -3.99     5.58
  SINCE JAN 1     28.59                     28.33   0.26    27.17

SNOWFALL (IN)
  YESTERDAY        T             4.0  1920   0.4   -0.4       T
  MONTH TO DATE    0.6                       2.7   -2.1      0.6
  SINCE SEP 1      0.7                       5.1   -4.4      0.9
  SINCE JUL 1      0.7                       5.1   -4.4      0.9
  SNOW DEPTH       T

DEGREE DAYS
 HEATING
  YESTERDAY       39                        33      6       30
  MONTH TO DATE  267                       277    -10      279
  SINCE SEP 1   1116                      1253   -137     1057
  SINCE JUL 1   1193                      1402   -209     1131

 COOLING
  YESTERDAY        0                         0      0        0
  MONTH TO DATE    0                         0      0        0
  SINCE SEP 1      9                        14     -5       24
  SINCE JAN 1    179                       204    -25      375
..................................................................


WIND (MPH)
  HIGHEST WIND SPEED    18   HIGHEST WIND DIRECTION     W (290)
  HIGHEST GUST SPEED    24   HIGHEST GUST DIRECTION     W (290)
  AVERAGE WIND SPEED     9.5


SKY COVER
  AVERAGE SKY COVER 0.4


WEATHER CONDITIONS
 THE FOLLOWING WEATHER WAS RECORDED YESTERDAY.
  LIGHT SNOW


RELATIVE HUMIDITY (PERCENT)
 HIGHEST    85          1200 AM
 LOWEST     43           300 PM
 AVERAGE    64

..........................................................


THE DULUTH MN CLIMATE NORMALS FOR TODAY
                         NORMAL    RECORD    YEAR
 MAXIMUM TEMPERATURE (F)   39        64      1917
 MINIMUM TEMPERATURE (F)   25         1      1986


SUNRISE AND SUNSET
NOVEMBER 10 2014......SUNRISE   704 AM CST   SUNSET   440 PM CST
NOVEMBER 11 2014......SUNRISE   705 AM CST   SUNSET   439 PM CST


-  INDICATES NEGATIVE NUMBERS.
R  INDICATES RECORD WAS SET OR TIED.
MM INDICATES DATA IS MISSING.
T  INDICATES TRACE AMOUNT.




$$
