000
CDUS43 KDLH 220626
CLIDLH


CLIMATE REPORT
NATIONAL WEATHER SERVICE DULUTH MN
123 AM CDT THU SEP 22 2016


...................................

...THE DULUTH MN CLIMATE SUMMARY FOR SEPTEMBER 21 2016...

CLIMATE NORMAL PERIOD 1981 TO 2010
CLIMATE RECORD PERIOD 1870 TO 2016


WEATHER ITEM   OBSERVED TIME   RECORD YEAR NORMAL DEPARTURE LAST
                VALUE   (LST)  VALUE       VALUE  FROM      YEAR
                                                  NORMAL
..................................................................
TEMPERATURE (F)
 YESTERDAY
  MAXIMUM         68    221 PM  88    1908  63      5       77
  MINIMUM         53    517 AM  28    1974  44      9       55
  AVERAGE         61                        53      8       66

PRECIPITATION (IN)
  YESTERDAY        0.01          2.43 1924   0.14  -0.13     0.00
  MONTH TO DATE    2.52                      2.94  -0.42     5.19
  SINCE SEP 1      2.52                      2.94  -0.42     5.19
  SINCE JAN 1     26.44                     23.64   2.80    22.32

SNOWFALL (IN)
  YESTERDAY        0.0           0.2  1974   0.0    0.0      0.0
  MONTH TO DATE    0.0                       0.0    0.0      0.0
  SINCE SEP 1      0.0                       0.0    0.0      0.0
  SINCE JUL 1      0.0                       0.0    0.0      0.0
  SNOW DEPTH       0

DEGREE DAYS
 HEATING
  YESTERDAY        4                        12     -8        0
  MONTH TO DATE   77                       172    -95       69
  SINCE SEP 1     77                       172    -95       69
  SINCE JUL 1    131                       321   -190      165

 COOLING
  YESTERDAY        0                         0      0        1
  MONTH TO DATE   14                        13      1       52
  SINCE SEP 1     14                        13      1       52
  SINCE JAN 1    281                       203     78      330
..................................................................


WIND (MPH)
  HIGHEST WIND SPEED    30   HIGHEST WIND DIRECTION     E (100)
  HIGHEST GUST SPEED    38   HIGHEST GUST DIRECTION     E (100)
  AVERAGE WIND SPEED    11.7


SKY COVER
  AVERAGE SKY COVER 0.7


WEATHER CONDITIONS
 THE FOLLOWING WEATHER WAS RECORDED YESTERDAY.
  THUNDERSTORM
  LIGHT RAIN


RELATIVE HUMIDITY (PERCENT)
 HIGHEST    80          1200 AM
 LOWEST     45          1100 AM
 AVERAGE    63

..........................................................


THE DULUTH MN CLIMATE NORMALS FOR TODAY
                         NORMAL    RECORD    YEAR
 MAXIMUM TEMPERATURE (F)   62        84      1922
                                             1908
                                             1903
 MINIMUM TEMPERATURE (F)   44        23      1974


SUNRISE AND SUNSET
SEPTEMBER 22 2016.....SUNRISE   656 AM CDT   SUNSET   705 PM CDT
SEPTEMBER 23 2016.....SUNRISE   657 AM CDT   SUNSET   703 PM CDT


-  INDICATES NEGATIVE NUMBERS.
R  INDICATES RECORD WAS SET OR TIED.
MM INDICATES DATA IS MISSING.
T  INDICATES TRACE AMOUNT.




$$
