000
CDUS43 KDLH 290632
CLIDLH


CLIMATE REPORT
NATIONAL WEATHER SERVICE DULUTH MN
1231 AM CST FRI JAN 29 2016


...................................

...THE DULUTH MN CLIMATE SUMMARY FOR JANUARY 28 2016...

CLIMATE NORMAL PERIOD 1981 TO 2010
CLIMATE RECORD PERIOD 1870 TO 2016


WEATHER ITEM   OBSERVED TIME   RECORD YEAR NORMAL DEPARTURE LAST
                VALUE   (LST)  VALUE       VALUE  FROM      YEAR
                                                  NORMAL
..................................................................
TEMPERATURE (F)
 YESTERDAY
  MAXIMUM         33   1213 AM  51    1877  20     13       29
  MINIMUM          2   1120 PM -37    1966   2      0       23
  AVERAGE         18                        11      7       26

PRECIPITATION (IN)
  YESTERDAY        T             0.45 1914   0.02  -0.02      T
  MONTH TO DATE    0.92                      0.88   0.04     0.46
  SINCE DEC 1      4.62                      2.09   2.53     1.72
  SINCE JAN 1      0.92                      0.88   0.04     0.46

SNOWFALL (IN)
  YESTERDAY        T             5.0  1996   0.5   -0.5      0.0
  MONTH TO DATE   12.3                      17.9   -5.6      6.6
  SINCE DEC 1     36.9                      35.6    1.3     15.2
  SINCE JUL 1     41.3                      51.7  -10.4     31.7
  SNOW DEPTH      12

DEGREE DAYS
 HEATING
  YESTERDAY       47                        54     -7       39
  MONTH TO DATE 1495                      1536    -41     1459
  SINCE DEC 1   2682                      3092   -410     2800
  SINCE JUL 1   4345                      5305   -960     5015

 COOLING
  YESTERDAY        0                         0      0        0
  MONTH TO DATE    0                         0      0        0
  SINCE DEC 1      0                         0      0        0
  SINCE JAN 1      0                         0      0        0
..................................................................


WIND (MPH)
  HIGHEST WIND SPEED    26   HIGHEST WIND DIRECTION    NW (330)
  HIGHEST GUST SPEED    33   HIGHEST GUST DIRECTION    NW (330)
  AVERAGE WIND SPEED    12.3


SKY COVER
  AVERAGE SKY COVER 0.6


WEATHER CONDITIONS
 THE FOLLOWING WEATHER WAS RECORDED YESTERDAY.
  LIGHT SNOW
  BLOWING SNOW


RELATIVE HUMIDITY (PERCENT)
 HIGHEST    88           900 PM
 LOWEST     57           400 PM
 AVERAGE    73

..........................................................


THE DULUTH MN CLIMATE NORMALS FOR TODAY
                         NORMAL    RECORD    YEAR
 MAXIMUM TEMPERATURE (F)   20        46      1877
 MINIMUM TEMPERATURE (F)    2       -35      1951


SUNRISE AND SUNSET
JANUARY 29 2016.......SUNRISE   737 AM CST   SUNSET   507 PM CST
JANUARY 30 2016.......SUNRISE   736 AM CST   SUNSET   508 PM CST


-  INDICATES NEGATIVE NUMBERS.
R  INDICATES RECORD WAS SET OR TIED.
MM INDICATES DATA IS MISSING.
T  INDICATES TRACE AMOUNT.




$$
