000
CDUS43 KDLH 120627
CLIDLH


CLIMATE REPORT
NATIONAL WEATHER SERVICE DULUTH MN
1225 AM CST FRI DEC 12 2014


...................................

...THE DULUTH MN CLIMATE SUMMARY FOR DECEMBER 11 2014...

CLIMATE NORMAL PERIOD 1981 TO 2010
CLIMATE RECORD PERIOD 1870 TO 2014


WEATHER ITEM   OBSERVED TIME   RECORD YEAR NORMAL DEPARTURE LAST
                VALUE   (LST)  VALUE       VALUE  FROM      YEAR
                                                  NORMAL
..................................................................
TEMPERATURE (F)
 YESTERDAY
  MAXIMUM         29   1104 PM  53    1913  23      6       -3
  MINIMUM         22    437 AM -27    1977   9     13      -16
  AVERAGE         26                        16     10       -9

PRECIPITATION (IN)
  YESTERDAY        T             1.33 1949   0.04  -0.04     0.01
  MONTH TO DATE    0.19                      0.48  -0.29     2.21
  SINCE DEC 1      0.19                      0.48  -0.29     2.21
  SINCE JAN 1     29.56                     30.23  -0.67    29.81

SNOWFALL (IN)
  YESTERDAY        T             7.4  1983   0.6   -0.6       T
  MONTH TO DATE    2.4                       6.0   -3.6     24.4
  SINCE DEC 1      2.4                       6.0   -3.6     24.4
  SINCE JUL 1     18.9                      22.1   -3.2     29.4
  SNOW DEPTH       6

DEGREE DAYS
 HEATING
  YESTERDAY       39                        49    -10       74
  MONTH TO DATE  508                       517     -9      630
  SINCE DEC 1    508                       517     -9      630
  SINCE JUL 1   2723                      2730     -7     2587

 COOLING
  YESTERDAY        0                         0      0        0
  MONTH TO DATE    0                         0      0        0
  SINCE DEC 1      0                         0      0        0
  SINCE JAN 1    179                       204    -25      375
..................................................................


WIND (MPH)
  HIGHEST WIND SPEED    17   HIGHEST WIND DIRECTION    SW (240)
  HIGHEST GUST SPEED    20   HIGHEST GUST DIRECTION    SW (240)
  AVERAGE WIND SPEED    10.4


SKY COVER
  AVERAGE SKY COVER 1.0


WEATHER CONDITIONS
 THE FOLLOWING WEATHER WAS RECORDED YESTERDAY.
  MIXED PRECIP
  LT FREEZING RAIN
  LIGHT SNOW
  FOG
  FOG W/VISIBILITY <= 1/4 MILE


RELATIVE HUMIDITY (PERCENT)
 HIGHEST    92           300 AM
 LOWEST     84          1000 AM
 AVERAGE    88

..........................................................


THE DULUTH MN CLIMATE NORMALS FOR TODAY
                         NORMAL    RECORD    YEAR
 MAXIMUM TEMPERATURE (F)   23        54      1891
 MINIMUM TEMPERATURE (F)    8       -23      1879


SUNRISE AND SUNSET
DECEMBER 12 2014......SUNRISE   744 AM CST   SUNSET   420 PM CST
DECEMBER 13 2014......SUNRISE   745 AM CST   SUNSET   420 PM CST


-  INDICATES NEGATIVE NUMBERS.
R  INDICATES RECORD WAS SET OR TIED.
MM INDICATES DATA IS MISSING.
T  INDICATES TRACE AMOUNT.




$$
