000
CDUS43 KDLH 030638
CLIDLH


CLIMATE REPORT
NATIONAL WEATHER SERVICE DULUTH MN
127 AM CDT WED MAY 3 2017


...................................

...THE DULUTH MN CLIMATE SUMMARY FOR MAY 2 2017...

CLIMATE NORMAL PERIOD 1981 TO 2010
CLIMATE RECORD PERIOD 1870 TO 2017


WEATHER ITEM   OBSERVED TIME   RECORD YEAR NORMAL DEPARTURE LAST
                VALUE   (LST)  VALUE       VALUE  FROM      YEAR
                                                  NORMAL
..................................................................
TEMPERATURE (F)
 YESTERDAY
  MAXIMUM         58    553 PM  86    1880  58      0       64
  MINIMUM         35    408 AM  21    2002  37     -2       31
                                      1967
  AVERAGE         47                        47      0       48

PRECIPITATION (IN)
  YESTERDAY        T             1.93 1887   0.10  -0.10     0.00
  MONTH TO DATE    0.52                      0.20   0.32     0.00
  SINCE MAR 1      4.59                      4.12   0.47     6.36
  SINCE JAN 1      7.55                      5.89   1.66     8.24

SNOWFALL (IN)
  YESTERDAY        T             4.3  1950   0.1   -0.1      0.0
  MONTH TO DATE    0.8                       0.1    0.7      0.0
  SINCE MAR 1      8.0                      20.2  -12.2     27.1
  SINCE JUL 1     67.0                      85.8  -18.8     81.3
  SNOW DEPTH       T

DEGREE DAYS
 HEATING
  YESTERDAY       18                        18      0       17
  MONTH TO DATE   45                        36      9       39
  SINCE MAR 1   1916                      2008    -92     1876
  SINCE JUL 1   7606                      8875  -1269     7713

 COOLING
  YESTERDAY        0                         0      0        0
  MONTH TO DATE    0                         0      0        0
  SINCE MAR 1      0                         0      0        0
  SINCE JAN 1      0                         0      0        0
..................................................................


WIND (MPH)
  HIGHEST WIND SPEED    18   HIGHEST WIND DIRECTION     N (20)
  HIGHEST GUST SPEED    28   HIGHEST GUST DIRECTION     N (10)
  AVERAGE WIND SPEED     8.9


SKY COVER
  AVERAGE SKY COVER 0.5


WEATHER CONDITIONS
 THE FOLLOWING WEATHER WAS RECORDED YESTERDAY.
  LIGHT SNOW


RELATIVE HUMIDITY (PERCENT)
 HIGHEST    92          1200 AM
 LOWEST     30           400 PM
 AVERAGE    61

..........................................................


THE DULUTH MN CLIMATE NORMALS FOR TODAY
                         NORMAL    RECORD    YEAR
 MAXIMUM TEMPERATURE (F)   58        85      1952
 MINIMUM TEMPERATURE (F)   37        16      1907


SUNRISE AND SUNSET
MAY  3 2017...........SUNRISE   550 AM CDT   SUNSET   822 PM CDT
MAY  4 2017...........SUNRISE   549 AM CDT   SUNSET   823 PM CDT


-  INDICATES NEGATIVE NUMBERS.
R  INDICATES RECORD WAS SET OR TIED.
MM INDICATES DATA IS MISSING.
T  INDICATES TRACE AMOUNT.




$$
