000
CDUS43 KDLH 150624
CLIDLH


CLIMATE REPORT
NATIONAL WEATHER SERVICE DULUTH MN
123 AM CDT SUN MAY 15 2016


...................................

...THE DULUTH MN CLIMATE SUMMARY FOR MAY 14 2016...

CLIMATE NORMAL PERIOD 1981 TO 2010
CLIMATE RECORD PERIOD 1870 TO 2016


WEATHER ITEM   OBSERVED TIME   RECORD YEAR NORMAL DEPARTURE LAST
                VALUE   (LST)  VALUE       VALUE  FROM      YEAR
                                                  NORMAL
..................................................................
TEMPERATURE (F)
 YESTERDAY
  MAXIMUM         38    507 PM  91    1932  62    -24       52
  MINIMUM         28   1120 PM  27    1921  40    -12       40
  AVERAGE         33                        51    -18       46

PRECIPITATION (IN)
  YESTERDAY        T             1.30 1961   0.10  -0.10     0.33
                                      1940
  MONTH TO DATE    0.83                      1.41  -0.58     2.47
  SINCE MAR 1      7.19                      5.33   1.86     4.29
  SINCE JAN 1      9.07                      7.10   1.97     5.13

SNOWFALL (IN)
  YESTERDAY        T             1.0  1974   0.0    0.0      0.0
  MONTH TO DATE    0.1                       0.4   -0.3       T
  SINCE MAR 1     27.2                      20.5    6.7      9.3
  SINCE JUL 1     81.4                      86.1   -4.7     49.2
  SNOW DEPTH       T

DEGREE DAYS
 HEATING
  YESTERDAY       32                        14     18       19
  MONTH TO DATE  216                       226    -10      213
  SINCE MAR 1   2053                      2198   -145     1947
  SINCE JUL 1   7890                      9065  -1175     8786

 COOLING
  YESTERDAY        0                         0      0        0
  MONTH TO DATE    7                         0      7        0
  SINCE MAR 1      7                         0      7        0
  SINCE JAN 1      7                         0      7        0
..................................................................


WIND (MPH)
  HIGHEST WIND SPEED    23   HIGHEST WIND DIRECTION    NW (310)
  HIGHEST GUST SPEED    33   HIGHEST GUST DIRECTION     N (340)
  AVERAGE WIND SPEED    13.6


SKY COVER
  AVERAGE SKY COVER 0.7


WEATHER CONDITIONS
 THE FOLLOWING WEATHER WAS RECORDED YESTERDAY.
  LIGHT SNOW


RELATIVE HUMIDITY (PERCENT)
 HIGHEST    78           200 AM
 LOWEST     44           600 PM
 AVERAGE    61

..........................................................


THE DULUTH MN CLIMATE NORMALS FOR TODAY
                         NORMAL    RECORD    YEAR
 MAXIMUM TEMPERATURE (F)   62        88      1931
 MINIMUM TEMPERATURE (F)   40        26      2004


SUNRISE AND SUNSET
MAY 15 2016...........SUNRISE   533 AM CDT   SUNSET   838 PM CDT
MAY 16 2016...........SUNRISE   532 AM CDT   SUNSET   839 PM CDT


-  INDICATES NEGATIVE NUMBERS.
R  INDICATES RECORD WAS SET OR TIED.
MM INDICATES DATA IS MISSING.
T  INDICATES TRACE AMOUNT.




$$
