000
CDUS43 KDLH 070636
CLIDLH


CLIMATE REPORT
NATIONAL WEATHER SERVICE DULUTH MN
133 AM CDT SUN SEP 7 2014


...................................

...THE DULUTH MN CLIMATE SUMMARY FOR SEPTEMBER 6 2014...

CLIMATE NORMAL PERIOD 1981 TO 2010
CLIMATE RECORD PERIOD 1870 TO 2014


WEATHER ITEM   OBSERVED TIME   RECORD YEAR NORMAL DEPARTURE LAST
                VALUE   (LST)  VALUE       VALUE  FROM      YEAR
                                                  NORMAL
..................................................................
TEMPERATURE (F)
 YESTERDAY
  MAXIMUM         72    300 PM  91    1978  69      3       88
  MINIMUM         51    604 AM  33    1986  50      1       60
  AVERAGE         62                        59      3       74

PRECIPITATION (IN)
  YESTERDAY        0.00          3.97 1876   0.14  -0.14     0.00
  MONTH TO DATE    0.40                      0.81  -0.41      T
  SINCE SEP 1      0.40                      0.81  -0.41      T
  SINCE JAN 1     25.35                     21.51   3.84    21.59

SNOWFALL (IN)
  YESTERDAY        0.0           T    1954   0.0    0.0      0.0
  MONTH TO DATE    0.0                       0.0    0.0      0.0
  SINCE SEP 1      0.0                       0.0    0.0      0.0
  SINCE JUL 1      0.0                       0.0    0.0      0.0
  SNOW DEPTH       0

DEGREE DAYS
 HEATING
  YESTERDAY        3                         6     -3        0
  MONTH TO DATE   12                        34    -22       18
  SINCE SEP 1     12                        34    -22       18
  SINCE JUL 1     89                       183    -94       92

 COOLING
  YESTERDAY        0                         1     -1        9
  MONTH TO DATE    4                         6     -2        9
  SINCE SEP 1      4                         6     -2        9
  SINCE JAN 1    174                       196    -22      360
..................................................................


WIND (MPH)
  HIGHEST WIND SPEED    18   HIGHEST WIND DIRECTION     W (260)
  HIGHEST GUST SPEED    24   HIGHEST GUST DIRECTION     W (250)
  AVERAGE WIND SPEED    10.1


SKY COVER
  AVERAGE SKY COVER 0.2


WEATHER CONDITIONS
 THE FOLLOWING WEATHER WAS RECORDED YESTERDAY.
  NO SIGNIFICANT WEATHER WAS OBSERVED.


RELATIVE HUMIDITY (PERCENT)
 HIGHEST    83           300 AM
 LOWEST     38           400 PM
 AVERAGE    61

..........................................................


THE DULUTH MN CLIMATE NORMALS FOR TODAY
                         NORMAL    RECORD    YEAR
 MAXIMUM TEMPERATURE (F)   69        95      1976
 MINIMUM TEMPERATURE (F)   50        30      1986


SUNRISE AND SUNSET
SEPTEMBER  7 2014.....SUNRISE   636 AM CDT   SUNSET   736 PM CDT
SEPTEMBER  8 2014.....SUNRISE   637 AM CDT   SUNSET   734 PM CDT


-  INDICATES NEGATIVE NUMBERS.
R  INDICATES RECORD WAS SET OR TIED.
MM INDICATES DATA IS MISSING.
T  INDICATES TRACE AMOUNT.




$$
