000
CDUS43 KDLH 022236
CLIDLH


CLIMATE REPORT
NATIONAL WEATHER SERVICE DULUTH MN
436 PM CST THU MAR 2 2017


...................................

...THE DULUTH MN CLIMATE SUMMARY FOR MARCH 2 2017...
VALID TODAY AS OF 0400 PM LOCAL TIME.

CLIMATE NORMAL PERIOD 1981 TO 2010
CLIMATE RECORD PERIOD 1870 TO 2017


WEATHER ITEM   OBSERVED TIME   RECORD YEAR NORMAL DEPARTURE LAST
                VALUE   (LST)  VALUE       VALUE  FROM      YEAR
                                                  NORMAL
..................................................................
TEMPERATURE (F)
 TODAY
  MAXIMUM         17    359 PM  54    1889  29    -12       24
  MINIMUM          7    855 AM -29    1989  12     -5        8
  AVERAGE         12                        20     -8       16

PRECIPITATION (IN)
  TODAY            0.00          0.44 1906   0.05  -0.05      T
  MONTH TO DATE    0.00                      0.09  -0.09      T
  SINCE MAR 1      0.00                      0.09  -0.09      T
  SINCE JAN 1      2.96                      1.86   1.10     1.88

SNOWFALL (IN)
  TODAY            0.0           6.0  1953   0.5   -0.5       T
  MONTH TO DATE    0.0                       1.1   -1.1       T
  SINCE JUL 1     59.0                      66.7   -7.7     54.2
  SNOW DEPTH       9

DEGREE DAYS
 HEATING
  TODAY           53                        45      8       49
  MONTH TO DATE   95                        90      5      105
  SINCE MAR 1     95                        90      5      105
  SINCE JUL 1   5785                      6957  -1172     5942

 COOLING
  TODAY            0                         0      0        0
  MONTH TO DATE    0                         0      0        0
  SINCE MAR 1      0                         0      0        0
  SINCE JAN 1      0                         0      0        0
..................................................................


WIND (MPH)
  HIGHEST WIND SPEED    22   HIGHEST WIND DIRECTION    NW (310)
  HIGHEST GUST SPEED    30   HIGHEST GUST DIRECTION    NW (300)
  AVERAGE WIND SPEED    12.7


SKY COVER
  POSSIBLE SUNSHINE  MM
  AVERAGE SKY COVER 0.1


WEATHER CONDITIONS
 THE FOLLOWING WEATHER WAS RECORDED TODAY.
  NO SIGNIFICANT WEATHER WAS OBSERVED.


RELATIVE HUMIDITY (PERCENT)
 HIGHEST    84           300 AM
 LOWEST     28           400 PM
 AVERAGE    56

..........................................................


THE DULUTH MN CLIMATE NORMALS FOR TOMORROW
                         NORMAL    RECORD    YEAR
 MAXIMUM TEMPERATURE (F)   29        55      2000
 MINIMUM TEMPERATURE (F)   12       -23      2014


SUNRISE AND SUNSET
MARCH  2 2017.........SUNRISE   646 AM CST   SUNSET   556 PM CST
MARCH  3 2017.........SUNRISE   644 AM CST   SUNSET   558 PM CST


-  INDICATES NEGATIVE NUMBERS.
R  INDICATES RECORD WAS SET OR TIED.
MM INDICATES DATA IS MISSING.
T  INDICATES TRACE AMOUNT.




$$
