000
CDUS43 KDLH 052232
CLIDLH


CLIMATE REPORT
NATIONAL WEATHER SERVICE DULUTH MN
530 PM CDT FRI AUG 5 2016


...................................

...THE DULUTH MN CLIMATE SUMMARY FOR AUGUST 5 2016...
VALID TODAY AS OF 0500 PM LOCAL TIME.

CLIMATE NORMAL PERIOD 1981 TO 2010
CLIMATE RECORD PERIOD 1870 TO 2016


WEATHER ITEM   OBSERVED TIME   RECORD YEAR NORMAL DEPARTURE LAST
                VALUE   (LST)  VALUE       VALUE  FROM      YEAR
                                                  NORMAL
..................................................................
TEMPERATURE (F)
 TODAY
  MAXIMUM         75    343 PM  93    2001  76     -1       72
  MINIMUM         62    602 AM  40    1992  56      6       48
  AVERAGE         69                        66      3       60

PRECIPITATION (IN)
  TODAY            0.00          1.69 1900   0.11  -0.11     0.00
  MONTH TO DATE    1.48                      0.55   0.93     0.02
  SINCE JUN 1     10.33                      8.63   1.70     6.67
  SINCE JAN 1     20.44                     17.55   2.89    13.06

SNOWFALL (IN)
  TODAY            0.0           0.0  2002   0.0    0.0      0.0
                                      2001
  MONTH TO DATE    0.0                       0.0    0.0      0.0
  SINCE JUL 1      0.0                       0.0    0.0      0.0
  SNOW DEPTH       0

DEGREE DAYS
 HEATING
  TODAY            0                         2     -2        5
  MONTH TO DATE    0                        10    -10       10
  SINCE JUN 1    171                       252    -81      146
  SINCE JUL 1     29                        73    -44       25

 COOLING
  TODAY            4                         3      1        0
  MONTH TO DATE   33                        15     18        6
  SINCE JUN 1    179                       135     44      184
  SINCE JAN 1    188                       139     49      188
..................................................................


WIND (MPH)
  HIGHEST WIND SPEED    17   HIGHEST WIND DIRECTION     W (280)
  HIGHEST GUST SPEED    24   HIGHEST GUST DIRECTION     N (340)
  AVERAGE WIND SPEED    12.4


SKY COVER
  POSSIBLE SUNSHINE  MM
  AVERAGE SKY COVER 0.7


WEATHER CONDITIONS
 THE FOLLOWING WEATHER WAS RECORDED TODAY.
  NO SIGNIFICANT WEATHER WAS OBSERVED.


RELATIVE HUMIDITY (PERCENT)
 HIGHEST    84          1200 AM
 LOWEST     57           100 PM
 AVERAGE    71

..........................................................


THE DULUTH MN CLIMATE NORMALS FOR TOMORROW
                         NORMAL    RECORD    YEAR
 MAXIMUM TEMPERATURE (F)   76        94      1930
 MINIMUM TEMPERATURE (F)   56        40      1975


SUNRISE AND SUNSET
AUGUST  5 2016........SUNRISE   554 AM CDT   SUNSET   834 PM CDT
AUGUST  6 2016........SUNRISE   556 AM CDT   SUNSET   833 PM CDT


-  INDICATES NEGATIVE NUMBERS.
R  INDICATES RECORD WAS SET OR TIED.
MM INDICATES DATA IS MISSING.
T  INDICATES TRACE AMOUNT.




$$
