000
CDUS43 KDLH 130621
CLIDLH


CLIMATE REPORT
NATIONAL WEATHER SERVICE DULUTH MN
1219 AM CST TUE FEB 13 2018


...................................

...THE DULUTH MN CLIMATE SUMMARY FOR FEBRUARY 12 2018...

CLIMATE NORMAL PERIOD 1981 TO 2010
CLIMATE RECORD PERIOD 1870 TO 2018


WEATHER ITEM   OBSERVED TIME   RECORD YEAR NORMAL DEPARTURE LAST
                VALUE   (LST)  VALUE       VALUE  FROM      YEAR
                                                  NORMAL
..................................................................
TEMPERATURE (F)
 YESTERDAY
  MAXIMUM          8    415 PM  45    1976  23    -15       35
  MINIMUM        -10    757 AM -33    1875   5    -15       22
  AVERAGE         -1                        14    -15       29

PRECIPITATION (IN)
  YESTERDAY        0.00          0.37 1922   0.02  -0.02      T
  MONTH TO DATE    0.17                      0.28  -0.11     0.41
  SINCE DEC 1      1.63                      2.45  -0.82     3.64
  SINCE JAN 1      0.80                      1.24  -0.44     1.57

SNOWFALL (IN)
  YESTERDAY        0.0           2.6  1994   0.4   -0.4       T
  MONTH TO DATE    1.7                       4.9   -3.2      5.6
  SINCE DEC 1     24.2                      42.0  -17.8     42.4
  SINCE JUL 1     45.8                      58.1  -12.3     50.5
  SNOW DEPTH       8

DEGREE DAYS
 HEATING
  YESTERDAY       66                        51     15       36
  MONTH TO DATE  780                       630    150      609
  SINCE DEC 1   4129                      3885    244     3632
  SINCE JUL 1   6275                      6098    177     5114

 COOLING
  YESTERDAY        0                         0      0        0
  MONTH TO DATE    0                         0      0        0
  SINCE DEC 1      0                         0      0        0
  SINCE JAN 1      0                         0      0        0
..................................................................


WIND (MPH)
  HIGHEST WIND SPEED    17   HIGHEST WIND DIRECTION    NW (310)
  HIGHEST GUST SPEED    21   HIGHEST GUST DIRECTION    NW (320)
  AVERAGE WIND SPEED     9.1


SKY COVER
  AVERAGE SKY COVER 0.0


WEATHER CONDITIONS
 THE FOLLOWING WEATHER WAS RECORDED YESTERDAY.
  NO SIGNIFICANT WEATHER WAS OBSERVED.


RELATIVE HUMIDITY (PERCENT)
 HIGHEST    78           300 AM
 LOWEST     39           500 PM
 AVERAGE    59

..........................................................


THE DULUTH MN CLIMATE NORMALS FOR TODAY
                         NORMAL    RECORD    YEAR
 MAXIMUM TEMPERATURE (F)   23        47      1947
 MINIMUM TEMPERATURE (F)    5       -29      1905


SUNRISE AND SUNSET
FEBRUARY 13 2018......SUNRISE   716 AM CST   SUNSET   531 PM CST
FEBRUARY 14 2018......SUNRISE   714 AM CST   SUNSET   532 PM CST


-  INDICATES NEGATIVE NUMBERS.
R  INDICATES RECORD WAS SET OR TIED.
MM INDICATES DATA IS MISSING.
T  INDICATES TRACE AMOUNT.




$$
