218
CDUS43 KDLH 142230
CLIDLH


CLIMATE REPORT
NATIONAL WEATHER SERVICE DULUTH MN
530 PM CDT WED SEP 14 2016


...................................

...THE DULUTH MN CLIMATE SUMMARY FOR SEPTEMBER 14 2016...
VALID TODAY AS OF 0520 PM LOCAL TIME.

CLIMATE NORMAL PERIOD 1981 TO 2010
CLIMATE RECORD PERIOD 1870 TO 2016


WEATHER ITEM   OBSERVED TIME   RECORD YEAR NORMAL DEPARTURE LAST
                VALUE   (LST)  VALUE       VALUE  FROM      YEAR
                                                  NORMAL
..................................................................
TEMPERATURE (F)
 TODAY
  MAXIMUM         64    417 PM  84    1920  66     -2       79
  MINIMUM         40    433 AM  30    1964  47     -7       56
  AVERAGE         52                        56     -4       68

PRECIPITATION (IN)
  TODAY            0.00          3.30 1941   0.14  -0.14     0.00
  MONTH TO DATE    2.22                      1.95   0.27     4.00
  SINCE SEP 1      2.22                      1.95   0.27     4.00
  SINCE JAN 1     26.14                     22.65   3.49    21.13

SNOWFALL (IN)
  TODAY            0.0           T    2011   0.0    0.0      0.0
                                      1984
  MONTH TO DATE    0.0                       0.0    0.0      0.0
  SINCE JUL 1      0.0                       0.0    0.0      0.0
  SNOW DEPTH       0

DEGREE DAYS
 HEATING
  TODAY           13                         9      4        0
  MONTH TO DATE   42                        97    -55       46
  SINCE SEP 1     42                        97    -55       46
  SINCE JUL 1     96                       246   -150      142

 COOLING
  TODAY            0                         0      0        3
  MONTH TO DATE   14                        13      1       38
  SINCE SEP 1     14                        13      1       38
  SINCE JAN 1    281                       203     78      316
..................................................................


WIND (MPH)
  HIGHEST WIND SPEED    12   HIGHEST WIND DIRECTION     W (260)
  HIGHEST GUST SPEED    14   HIGHEST GUST DIRECTION    SW (220)
  AVERAGE WIND SPEED     5.1


SKY COVER
  POSSIBLE SUNSHINE  MM
  AVERAGE SKY COVER 0.2


WEATHER CONDITIONS
 THE FOLLOWING WEATHER WAS RECORDED TODAY.
  NO SIGNIFICANT WEATHER WAS OBSERVED.


RELATIVE HUMIDITY (PERCENT)
 HIGHEST    96           100 AM
 LOWEST     43           400 PM
 AVERAGE    70

..........................................................


THE DULUTH MN CLIMATE NORMALS FOR TOMORROW
                         NORMAL    RECORD    YEAR
 MAXIMUM TEMPERATURE (F)   65        89      1939
 MINIMUM TEMPERATURE (F)   46        27      1964


SUNRISE AND SUNSET
SEPTEMBER 14 2016.....SUNRISE   646 AM CDT   SUNSET   721 PM CDT
SEPTEMBER 15 2016.....SUNRISE   647 AM CDT   SUNSET   719 PM CDT


-  INDICATES NEGATIVE NUMBERS.
R  INDICATES RECORD WAS SET OR TIED.
MM INDICATES DATA IS MISSING.
T  INDICATES TRACE AMOUNT.




$$
