000
CDUS43 KDLH 150625
CLIDLH


CLIMATE REPORT
NATIONAL WEATHER SERVICE DULUTH MN
1225 AM CST THU JAN 15 2015


...................................

...THE DULUTH MN CLIMATE SUMMARY FOR JANUARY 14 2015...

CLIMATE NORMAL PERIOD 1981 TO 2010
CLIMATE RECORD PERIOD 1870 TO 2015


WEATHER ITEM   OBSERVED TIME   RECORD YEAR NORMAL DEPARTURE LAST
                VALUE   (LST)  VALUE       VALUE  FROM      YEAR
                                                  NORMAL
..................................................................
TEMPERATURE (F)
 YESTERDAY
  MAXIMUM         21    550 PM  51    1894  19      2       14
  MINIMUM         11   1234 AM -38    1965   1     10        3
  AVERAGE         16                        10      6        9

PRECIPITATION (IN)
  YESTERDAY        0.01          0.48 1928   0.04  -0.03     0.00
  MONTH TO DATE    0.20                      0.49  -0.29     0.35
  SINCE DEC 1      1.46                      1.70  -0.24     3.23
  SINCE JAN 1      0.20                      0.49  -0.29     0.35

SNOWFALL (IN)
  YESTERDAY        0.3           6.7  1923   0.6   -0.3      0.0
  MONTH TO DATE    3.2                       9.4   -6.2      1.4
  SINCE DEC 1     11.8                      27.1  -15.3     41.3
  SINCE JUL 1     28.3                      43.2  -14.9     46.3
  SNOW DEPTH       6

DEGREE DAYS
 HEATING
  YESTERDAY       49                        55     -6       56
  MONTH TO DATE  889                       767    122      879
  SINCE DEC 1   2230                      2323    -93     2745
  SINCE JUL 1   4445                      4536    -91     4702

 COOLING
  YESTERDAY        0                         0      0        0
  MONTH TO DATE    0                         0      0        0
  SINCE DEC 1      0                         0      0        0
  SINCE JAN 1      0                         0      0        0
..................................................................


WIND (MPH)
  HIGHEST WIND SPEED    17   HIGHEST WIND DIRECTION    SW (240)
  HIGHEST GUST SPEED    25   HIGHEST GUST DIRECTION    SW (230)
  AVERAGE WIND SPEED     9.3


SKY COVER
  AVERAGE SKY COVER 0.8


WEATHER CONDITIONS
 THE FOLLOWING WEATHER WAS RECORDED YESTERDAY.
  LIGHT SNOW
  HAZE


RELATIVE HUMIDITY (PERCENT)
 HIGHEST    80           500 AM
 LOWEST     62           300 PM
 AVERAGE    71

..........................................................


THE DULUTH MN CLIMATE NORMALS FOR TODAY
                         NORMAL    RECORD    YEAR
 MAXIMUM TEMPERATURE (F)   19        42      1933
 MINIMUM TEMPERATURE (F)    1       -39      1972


SUNRISE AND SUNSET
JANUARY 15 2015.......SUNRISE   749 AM CST   SUNSET   447 PM CST
JANUARY 16 2015.......SUNRISE   749 AM CST   SUNSET   448 PM CST


-  INDICATES NEGATIVE NUMBERS.
R  INDICATES RECORD WAS SET OR TIED.
MM INDICATES DATA IS MISSING.
T  INDICATES TRACE AMOUNT.




$$
