000
CDUS43 KDLH 182219
CLIDLH


CLIMATE REPORT
NATIONAL WEATHER SERVICE DULUTH MN
518 PM CDT FRI JUL 18 2014


...................................

...THE DULUTH MN CLIMATE SUMMARY FOR JULY 18 2014...
VALID TODAY AS OF 0500 PM LOCAL TIME.

CLIMATE NORMAL PERIOD 1981 TO 2010
CLIMATE RECORD PERIOD 1870 TO 2014


WEATHER ITEM   OBSERVED TIME   RECORD YEAR NORMAL DEPARTURE LAST
                VALUE   (LST)  VALUE       VALUE  FROM      YEAR
                                                  NORMAL
..................................................................
TEMPERATURE (F)
 TODAY
  MAXIMUM         77    344 PM  97    1932  77      0       94
  MINIMUM         59    516 AM  43    1984  56      3       68
  AVERAGE         68                        66      2       81

PRECIPITATION (IN)
  TODAY            0.00          2.42 1987   0.11  -0.11     0.07
  MONTH TO DATE    2.46                      2.40   0.06     0.91
  SINCE JUN 1      6.93                      6.63   0.30     5.45
  SINCE JAN 1     19.36                     15.55   3.81    18.79

SNOWFALL (IN)
  TODAY            0.0           0.0  2002   0.0    0.0      0.0
                                      2001
  MONTH TO DATE    0.0                       0.0    0.0      0.0
  SINCE JUL 1      0.0                       0.0    0.0      0.0
  SNOW DEPTH       0

DEGREE DAYS
 HEATING
  TODAY            0                         2     -2        0
  MONTH TO DATE   34                        42     -8        9
  SINCE JUN 1    196                       221    -25      155
  SINCE JUL 1     34                        42     -8        9

 COOLING
  TODAY            3                         3      0       16
  MONTH TO DATE   33                        51    -18      118
  SINCE JUN 1     62                        81    -19      171
  SINCE JAN 1     80                        85     -5      172
..................................................................


WIND (MPH)
  HIGHEST WIND SPEED    22   HIGHEST WIND DIRECTION    SW (210)
  HIGHEST GUST SPEED    30   HIGHEST GUST DIRECTION    SW (210)
  AVERAGE WIND SPEED    11.6


SKY COVER
  POSSIBLE SUNSHINE  MM
  AVERAGE SKY COVER 0.2


WEATHER CONDITIONS
 THE FOLLOWING WEATHER WAS RECORDED TODAY.
  NO SIGNIFICANT WEATHER WAS OBSERVED.


RELATIVE HUMIDITY (PERCENT)
 HIGHEST    78           400 AM
 LOWEST     43           200 PM
 AVERAGE    61

..........................................................


THE DULUTH MN CLIMATE NORMALS FOR TOMORROW
                         NORMAL    RECORD    YEAR
 MAXIMUM TEMPERATURE (F)   77        94      1901
 MINIMUM TEMPERATURE (F)   56        43      1971
                                             1929


SUNRISE AND SUNSET
JULY 18 2014..........SUNRISE   533 AM CDT   SUNSET   857 PM CDT
JULY 19 2014..........SUNRISE   534 AM CDT   SUNSET   856 PM CDT


-  INDICATES NEGATIVE NUMBERS.
R  INDICATES RECORD WAS SET OR TIED.
MM INDICATES DATA IS MISSING.
T  INDICATES TRACE AMOUNT.




$$
