000
CDUS43 KDLH 180623
CLIDLH


CLIMATE REPORT
NATIONAL WEATHER SERVICE DULUTH MN
121 AM CDT TUE APR 18 2017


...................................

...THE DULUTH MN CLIMATE SUMMARY FOR APRIL 17 2017...

CLIMATE NORMAL PERIOD 1981 TO 2010
CLIMATE RECORD PERIOD 1870 TO 2017


WEATHER ITEM   OBSERVED TIME   RECORD YEAR NORMAL DEPARTURE LAST
                VALUE   (LST)  VALUE       VALUE  FROM      YEAR
                                                  NORMAL
..................................................................
TEMPERATURE (F)
 YESTERDAY
  MAXIMUM         42    305 PM  82    1987  50     -8       69
  MINIMUM         30   1159 PM   8    1983  31     -1       46
  AVERAGE         36                        40     -4       58

PRECIPITATION (IN)
  YESTERDAY        T             0.65 1894   0.08  -0.08     0.00
  MONTH TO DATE    0.45                      1.24  -0.79     0.71
  SINCE MAR 1      1.50                      2.73  -1.23     4.67
  SINCE JAN 1      4.46                      4.50  -0.04     6.55

SNOWFALL (IN)
  YESTERDAY        T             5.4  1949   0.3   -0.3      0.0
  MONTH TO DATE    T                         5.0   -5.0      9.8
  SINCE MAR 1      5.3                      18.2  -12.9     27.1
  SINCE JUL 1     64.3                      83.8  -19.5     81.3
  SNOW DEPTH       0

DEGREE DAYS
 HEATING
  YESTERDAY       29                        25      4        7
  MONTH TO DATE  345                       484   -139      507
  SINCE MAR 1   1538                      1694   -156     1535
  SINCE JUL 1   7228                      8561  -1333     7372

 COOLING
  YESTERDAY        0                         0      0        0
  MONTH TO DATE    0                         0      0        0
  SINCE MAR 1      0                         0      0        0
  SINCE JAN 1      0                         0      0        0
..................................................................


WIND (MPH)
  HIGHEST WIND SPEED    18   HIGHEST WIND DIRECTION     E (110)
  HIGHEST GUST SPEED    24   HIGHEST GUST DIRECTION     E (100)
  AVERAGE WIND SPEED     9.2


SKY COVER
  AVERAGE SKY COVER 0.8


WEATHER CONDITIONS
 THE FOLLOWING WEATHER WAS RECORDED YESTERDAY.
  LIGHT RAIN
  LIGHT SNOW
  FOG
  FOG W/VISIBILITY <= 1/4 MILE


RELATIVE HUMIDITY (PERCENT)
 HIGHEST   100          1200 AM
 LOWEST     60           300 PM
 AVERAGE    80

..........................................................


THE DULUTH MN CLIMATE NORMALS FOR TODAY
                         NORMAL    RECORD    YEAR
 MAXIMUM TEMPERATURE (F)   51        81      1915
 MINIMUM TEMPERATURE (F)   31        12      1983


SUNRISE AND SUNSET
APRIL 18 2017.........SUNRISE   615 AM CDT   SUNSET   801 PM CDT
APRIL 19 2017.........SUNRISE   613 AM CDT   SUNSET   803 PM CDT


-  INDICATES NEGATIVE NUMBERS.
R  INDICATES RECORD WAS SET OR TIED.
MM INDICATES DATA IS MISSING.
T  INDICATES TRACE AMOUNT.




$$
