991
CDUS43 KDLH 072243
CLIDLH


CLIMATE REPORT
NATIONAL WEATHER SERVICE DULUTH MN
440 PM CST SAT JAN 7 2017


...................................

...THE DULUTH MN CLIMATE SUMMARY FOR JANUARY 7 2017...
VALID TODAY AS OF 0400 PM LOCAL TIME.

CLIMATE NORMAL PERIOD 1981 TO 2010
CLIMATE RECORD PERIOD 1870 TO 2017


WEATHER ITEM   OBSERVED TIME   RECORD YEAR NORMAL DEPARTURE LAST
                VALUE   (LST)  VALUE       VALUE  FROM      YEAR
                                                  NORMAL
..................................................................
TEMPERATURE (F)
 TODAY
  MAXIMUM          3    359 PM  46    2003  19    -16       31
  MINIMUM         -9   1238 AM -36    1912   2    -11       28
  AVERAGE         -3                        10    -13       30

PRECIPITATION (IN)
  TODAY            T             0.70 1989   0.03  -0.03     0.05
  MONTH TO DATE    0.16                      0.25  -0.09     0.11
  SINCE DEC 1      2.23                      1.46   0.77     3.81
  SINCE JAN 1      0.16                      0.25  -0.09     0.11

SNOWFALL (IN)
  TODAY            T            11.6  1989   0.7   -0.7      0.8
  MONTH TO DATE    1.8                       4.7   -2.9      2.0
  SINCE JUL 1     31.2                      38.5   -7.3     31.0
  SNOW DEPTH       9

DEGREE DAYS
 HEATING
  TODAY           68                        55     13       35
  MONTH TO DATE  428                       382     46      291
  SINCE DEC 1   1940                      1938      2     1478
  SINCE JUL 1   3422                      4151   -729     3141

 COOLING
  TODAY            0                         0      0        0
  MONTH TO DATE    0                         0      0        0
  SINCE DEC 1      0                         0      0        0
  SINCE JAN 1      0                         0      0        0
..................................................................


WIND (MPH)
  HIGHEST WIND SPEED    22   HIGHEST WIND DIRECTION    NW (320)
  HIGHEST GUST SPEED    28   HIGHEST GUST DIRECTION    NW (320)
  AVERAGE WIND SPEED    13.7


SKY COVER
  POSSIBLE SUNSHINE  MM
  AVERAGE SKY COVER 0.6


WEATHER CONDITIONS
 THE FOLLOWING WEATHER WAS RECORDED TODAY.
  LIGHT SNOW
  FOG
  HAZE
  BLOWING SNOW


RELATIVE HUMIDITY (PERCENT)
 HIGHEST    83          1200 AM
 LOWEST     56           300 PM
 AVERAGE    70

..........................................................


THE DULUTH MN CLIMATE NORMALS FOR TOMORROW
                         NORMAL    RECORD    YEAR
 MAXIMUM TEMPERATURE (F)   19        48      2003
 MINIMUM TEMPERATURE (F)    2       -31      1974


SUNRISE AND SUNSET
JANUARY  7 2017.......SUNRISE   753 AM CST   SUNSET   438 PM CST
JANUARY  8 2017.......SUNRISE   752 AM CST   SUNSET   439 PM CST


-  INDICATES NEGATIVE NUMBERS.
R  INDICATES RECORD WAS SET OR TIED.
MM INDICATES DATA IS MISSING.
T  INDICATES TRACE AMOUNT.




$$

WM
