000
CDUS43 KDLH 110623
CLIDLH


CLIMATE REPORT
NATIONAL WEATHER SERVICE DULUTH MN
122 AM CDT SUN SEP 11 2016


...................................

...THE DULUTH MN CLIMATE SUMMARY FOR SEPTEMBER 10 2016...

CLIMATE NORMAL PERIOD 1981 TO 2010
CLIMATE RECORD PERIOD 1870 TO 2016


WEATHER ITEM   OBSERVED TIME   RECORD YEAR NORMAL DEPARTURE LAST
                VALUE   (LST)  VALUE       VALUE  FROM      YEAR
                                                  NORMAL
..................................................................
TEMPERATURE (F)
 YESTERDAY
  MAXIMUM         68    144 PM  85    1908  67      1       64
  MINIMUM         51   1121 PM  31    1917  48      3       46
  AVERAGE         60                        58      2       55

PRECIPITATION (IN)
  YESTERDAY        0.09          1.80 1951   0.14  -0.05      T
  MONTH TO DATE    2.21                      1.38   0.83     4.00
  SINCE SEP 1      2.21                      1.38   0.83     4.00
  SINCE JAN 1     26.13                     22.08   4.05    21.13

SNOWFALL (IN)
  YESTERDAY        0.0           0.0  2002   0.0    0.0      0.0
                                      2001
  MONTH TO DATE    0.0                       0.0    0.0      0.0
  SINCE SEP 1      0.0                       0.0    0.0      0.0
  SINCE JUL 1      0.0                       0.0    0.0      0.0
  SNOW DEPTH       0

DEGREE DAYS
 HEATING
  YESTERDAY        5                         8     -3       10
  MONTH TO DATE   14                        63    -49       18
  SINCE SEP 1     14                        63    -49       18
  SINCE JUL 1     68                       212   -144      114

 COOLING
  YESTERDAY        0                         1     -1        0
  MONTH TO DATE   14                        10      4       35
  SINCE SEP 1     14                        10      4       35
  SINCE JAN 1    281                       200     81      313
..................................................................


WIND (MPH)
  HIGHEST WIND SPEED    17   HIGHEST WIND DIRECTION    NW (310)
  HIGHEST GUST SPEED    25   HIGHEST GUST DIRECTION     N (340)
  AVERAGE WIND SPEED     9.4


SKY COVER
  AVERAGE SKY COVER 0.5


WEATHER CONDITIONS
 THE FOLLOWING WEATHER WAS RECORDED YESTERDAY.
  LIGHT RAIN


RELATIVE HUMIDITY (PERCENT)
 HIGHEST    93           600 AM
 LOWEST     48           200 PM
 AVERAGE    71

..........................................................


THE DULUTH MN CLIMATE NORMALS FOR TODAY
                         NORMAL    RECORD    YEAR
 MAXIMUM TEMPERATURE (F)   67        92      1931
 MINIMUM TEMPERATURE (F)   48        31      1965


SUNRISE AND SUNSET
SEPTEMBER 11 2016.....SUNRISE   642 AM CDT   SUNSET   727 PM CDT
SEPTEMBER 12 2016.....SUNRISE   643 AM CDT   SUNSET   725 PM CDT


-  INDICATES NEGATIVE NUMBERS.
R  INDICATES RECORD WAS SET OR TIED.
MM INDICATES DATA IS MISSING.
T  INDICATES TRACE AMOUNT.




$$
