000
CDUS43 KDLH 290626
CLIDLH


CLIMATE REPORT
NATIONAL WEATHER SERVICE DULUTH MN
1225 AM CST THU DEC 29 2016


...................................

...THE DULUTH MN CLIMATE SUMMARY FOR DECEMBER 28 2016...

CLIMATE NORMAL PERIOD 1981 TO 2010
CLIMATE RECORD PERIOD 1870 TO 2016


WEATHER ITEM   OBSERVED TIME   RECORD YEAR NORMAL DEPARTURE LAST
                VALUE   (LST)  VALUE       VALUE  FROM      YEAR
                                                  NORMAL
..................................................................
TEMPERATURE (F)
 YESTERDAY
  MAXIMUM         28    822 PM  42    1896  20      8       25
  MINIMUM          9   1230 AM -35    1917   3      6        7
  AVERAGE         19                        11      8       16

PRECIPITATION (IN)
  YESTERDAY        0.07          0.58 1927   0.04   0.03      T
  MONTH TO DATE    2.00                      1.10   0.90     3.70
  SINCE DEC 1      2.00                      1.10   0.90     3.70
  SINCE JAN 1     33.59                     30.85   2.74    32.29

SNOWFALL (IN)
  YESTERDAY        1.0           7.0  1969   0.6    0.4      0.3
  MONTH TO DATE   19.7                      15.8    3.9     24.4
  SINCE DEC 1     19.7                      15.8    3.9     24.4
  SINCE JUL 1     27.8                      31.9   -4.1     28.8
  SNOW DEPTH       6

DEGREE DAYS
 HEATING
  YESTERDAY       46                        54     -8       49
  MONTH TO DATE 1369                      1396    -27     1047
  SINCE DEC 1   1369                      1396    -27     1047
  SINCE JUL 1   2851                      3609   -758     2710

 COOLING
  YESTERDAY        0                         0      0        0
  MONTH TO DATE    0                         0      0        0
  SINCE DEC 1      0                         0      0        0
  SINCE JAN 1    281                       204     77      336
..................................................................


WIND (MPH)
  HIGHEST WIND SPEED    20   HIGHEST WIND DIRECTION     W (280)
  HIGHEST GUST SPEED    25   HIGHEST GUST DIRECTION     W (290)
  AVERAGE WIND SPEED    10.2


SKY COVER
  AVERAGE SKY COVER 0.8


WEATHER CONDITIONS
 THE FOLLOWING WEATHER WAS RECORDED YESTERDAY.
  SNOW
  LIGHT SNOW
  FOG


RELATIVE HUMIDITY (PERCENT)
 HIGHEST    92           300 AM
 LOWEST     80          1200 AM
 AVERAGE    86

..........................................................


THE DULUTH MN CLIMATE NORMALS FOR TODAY
                         NORMAL    RECORD    YEAR
 MAXIMUM TEMPERATURE (F)   19        46      1999
 MINIMUM TEMPERATURE (F)    3       -30      1917


SUNRISE AND SUNSET
DECEMBER 29 2016......SUNRISE   754 AM CST   SUNSET   429 PM CST
DECEMBER 30 2016......SUNRISE   754 AM CST   SUNSET   429 PM CST


-  INDICATES NEGATIVE NUMBERS.
R  INDICATES RECORD WAS SET OR TIED.
MM INDICATES DATA IS MISSING.
T  INDICATES TRACE AMOUNT.




$$
