000
CDUS43 KDLH 132236
CLIDLH


CLIMATE REPORT
NATIONAL WEATHER SERVICE DULUTH MN
536 PM CDT SAT AUG 13 2016


...................................

...THE DULUTH MN CLIMATE SUMMARY FOR AUGUST 13 2016...
VALID TODAY AS OF 0530 PM LOCAL TIME.

CLIMATE NORMAL PERIOD 1981 TO 2010
CLIMATE RECORD PERIOD 1870 TO 2016


WEATHER ITEM   OBSERVED TIME   RECORD YEAR NORMAL DEPARTURE LAST
                VALUE   (LST)  VALUE       VALUE  FROM      YEAR
                                                  NORMAL
..................................................................
TEMPERATURE (F)
 TODAY
  MAXIMUM         78    253 PM  91    1970  75      3       90
  MINIMUM         59    452 AM  37    1964  55      4       68
  AVERAGE         69                        65      4       79

PRECIPITATION (IN)
  TODAY            0.00          2.25 1889   0.12  -0.12     0.08
  MONTH TO DATE    1.88                      1.51   0.37     1.54
  SINCE JUN 1     10.73                      9.59   1.14     8.19
  SINCE JAN 1     20.84                     18.51   2.33    14.58

SNOWFALL (IN)
  TODAY            0.0           T    1989   0.0    0.0      0.0
  MONTH TO DATE    0.0                       0.0    0.0      0.0
  SINCE JUL 1      0.0                       0.0    0.0      0.0
  SNOW DEPTH       0

DEGREE DAYS
 HEATING
  TODAY            0                         2     -2        0
  MONTH TO DATE    6                        26    -20       15
  SINCE JUN 1    177                       268    -91      151
  SINCE JUL 1     35                        89    -54       30

 COOLING
  TODAY            4                         2      2       14
  MONTH TO DATE   52                        36     16       41
  SINCE JUN 1    198                       156     42      219
  SINCE JAN 1    207                       160     47      223
..................................................................


WIND (MPH)
  HIGHEST WIND SPEED    16   HIGHEST WIND DIRECTION     W (290)
  HIGHEST GUST SPEED    22   HIGHEST GUST DIRECTION    NW (300)
  AVERAGE WIND SPEED     7.8


SKY COVER
  POSSIBLE SUNSHINE  MM
  AVERAGE SKY COVER 0.7


WEATHER CONDITIONS
 THE FOLLOWING WEATHER WAS RECORDED TODAY.
  FOG
  FOG W/VISIBILITY <= 1/4 MILE


RELATIVE HUMIDITY (PERCENT)
 HIGHEST   100           100 AM
 LOWEST     50           200 PM
 AVERAGE    75

..........................................................


THE DULUTH MN CLIMATE NORMALS FOR TOMORROW
                         NORMAL    RECORD    YEAR
 MAXIMUM TEMPERATURE (F)   75        93      2015
                                             1961
                                             1938
 MINIMUM TEMPERATURE (F)   55        36      1964


SUNRISE AND SUNSET
AUGUST 13 2016........SUNRISE   604 AM CDT   SUNSET   821 PM CDT
AUGUST 14 2016........SUNRISE   606 AM CDT   SUNSET   819 PM CDT


-  INDICATES NEGATIVE NUMBERS.
R  INDICATES RECORD WAS SET OR TIED.
MM INDICATES DATA IS MISSING.
T  INDICATES TRACE AMOUNT.




$$
