000
CDUS43 KDLH 022237
CLIDLH


CLIMATE REPORT
NATIONAL WEATHER SERVICE DULUTH MN
528 PM CDT SAT SEP 2 2017


...................................

...THE DULUTH CLIMATE SUMMARY FOR SEPTEMBER 2 2017...
VALID TODAY AS OF 0500 PM LOCAL TIME.

CLIMATE NORMAL PERIOD 1981 TO 2010
CLIMATE RECORD PERIOD 1870 TO 2017


WEATHER ITEM   OBSERVED TIME   RECORD YEAR NORMAL DEPARTURE LAST
                VALUE   (LST)  VALUE       VALUE  FROM      YEAR
                                                  NORMAL
..................................................................
TEMPERATURE (F)
 TODAY
  MAXIMUM         74    110 PM  92    1983  70      4       73
  MINIMUM         58   1253 AM  34    1974  51      7       51
                                      1946
  AVERAGE         66                        61      5       62

PRECIPITATION (IN)
  TODAY            0.23          2.20 1985   0.13   0.10     0.00
  MONTH TO DATE    0.65                      0.27   0.38     0.00
  SINCE SEP 1      0.65                      0.27   0.38     0.00
  SINCE JAN 1     28.34                     20.97   7.37    23.92

SNOWFALL (IN)
  TODAY            0.0           0.0  2002   0.0    0.0      0.0
                                      2001
  MONTH TO DATE    0.0                       0.0    0.0      0.0
  SINCE JUL 1      T                         0.0    0.0      0.0
  SNOW DEPTH       0

DEGREE DAYS
 HEATING
  TODAY            0                         5     -5        3
  MONTH TO DATE    7                        10     -3        7
  SINCE SEP 1      7                        10     -3        7
  SINCE JUL 1    177                       159     18       61

 COOLING
  TODAY            1                         1      0        0
  MONTH TO DATE    1                         2     -1        0
  SINCE SEP 1      1                         2     -1        0
  SINCE JAN 1    101                       192    -91      267
..................................................................


WIND (MPH)
  HIGHEST WIND SPEED    21   HIGHEST WIND DIRECTION    SW (230)
  HIGHEST GUST SPEED    27   HIGHEST GUST DIRECTION    SW (230)
  AVERAGE WIND SPEED    12.3


SKY COVER
  AVERAGE SKY COVER 0.8


WEATHER CONDITIONS
 THE FOLLOWING WEATHER WAS RECORDED TODAY.
  THUNDERSTORM
  HEAVY RAIN
  RAIN
  LIGHT RAIN
  FOG


RELATIVE HUMIDITY (PERCENT)
 HIGHEST   100          1200 AM
 LOWEST     49           100 PM
 AVERAGE    75

..........................................................


THE DULUTH CLIMATE NORMALS FOR TOMORROW
                         NORMAL    RECORD    YEAR
 MAXIMUM TEMPERATURE (F)   70        89      1960
 MINIMUM TEMPERATURE (F)   51        32      1974


SUNRISE AND SUNSET
SEPTEMBER  2 2017.....SUNRISE   630 AM CDT   SUNSET   746 PM CDT
SEPTEMBER  3 2017.....SUNRISE   631 AM CDT   SUNSET   744 PM CDT


-  INDICATES NEGATIVE NUMBERS.
R  INDICATES RECORD WAS SET OR TIED.
MM INDICATES DATA IS MISSING.
T  INDICATES TRACE AMOUNT.




$$
