000
CDUS43 KDLH 300634
CLIDLH


CLIMATE REPORT
NATIONAL WEATHER SERVICE DULUTH MN
128 AM CDT SUN MAR 30 2014


...................................

...THE DULUTH MN CLIMATE SUMMARY FOR MARCH 29 2014...

CLIMATE NORMAL PERIOD 1981 TO 2010
CLIMATE RECORD PERIOD 1870 TO 2014


WEATHER ITEM   OBSERVED TIME   RECORD YEAR NORMAL DEPARTURE LAST
                VALUE   (LST)  VALUE       VALUE  FROM      YEAR
                                                  NORMAL
..................................................................
TEMPERATURE (F)
 YESTERDAY
  MAXIMUM         37    343 PM  63    1963  40     -3       49
  MINIMUM         13    549 AM  -9    1969  23    -10       22
  AVERAGE         25                        31     -6       36

PRECIPITATION (IN)
  YESTERDAY        0.00          1.02 1938   0.05  -0.05     0.02
  MONTH TO DATE    1.52                      1.38   0.14     1.59
  SINCE MAR 1      1.52                      1.38   0.14     1.59
  SINCE JAN 1      4.37                      3.15   1.22     4.14

SNOWFALL (IN)
  YESTERDAY        0.0           6.6  1944   0.3   -0.3      0.0
  MONTH TO DATE   20.9                      12.6    8.3     25.5
  SINCE MAR 1     20.9                      12.6    8.3     25.5
  SINCE JUL 1    104.7                      78.2   26.5     78.3
  SNOW DEPTH      29

DEGREE DAYS
 HEATING
  YESTERDAY       40                        34      6       29
  MONTH TO DATE 1384                      1146    238     1278
  SINCE MAR 1   1384                      1146    238     1278
  SINCE JUL 1   8825                      8013    812     7786

 COOLING
  YESTERDAY        0                         0      0        0
  MONTH TO DATE    0                         0      0        0
  SINCE MAR 1      0                         0      0        0
  SINCE JAN 1      0                         0      0        0
..................................................................


WIND (MPH)
  HIGHEST WIND SPEED    14   HIGHEST WIND DIRECTION    SE (120)
  HIGHEST GUST SPEED    18   HIGHEST GUST DIRECTION    SW (210)
  AVERAGE WIND SPEED     7.9


SKY COVER
  AVERAGE SKY COVER 0.4


WEATHER CONDITIONS
 THE FOLLOWING WEATHER WAS RECORDED YESTERDAY.
  NO SIGNIFICANT WEATHER WAS OBSERVED.


RELATIVE HUMIDITY (PERCENT)
 HIGHEST    64           600 AM
 LOWEST     32           100 PM
 AVERAGE    48

..........................................................


THE DULUTH MN CLIMATE NORMALS FOR TODAY
                         NORMAL    RECORD    YEAR
 MAXIMUM TEMPERATURE (F)   40        67      1918
 MINIMUM TEMPERATURE (F)   23       -12      1923


SUNRISE AND SUNSET
MARCH 30 2014.........SUNRISE   652 AM CDT   SUNSET   735 PM CDT
MARCH 31 2014.........SUNRISE   650 AM CDT   SUNSET   737 PM CDT


-  INDICATES NEGATIVE NUMBERS.
R  INDICATES RECORD WAS SET OR TIED.
MM INDICATES DATA IS MISSING.
T  INDICATES TRACE AMOUNT.




$$
