000
CDUS43 KDLH 132225
CLIDLH


CLIMATE REPORT
NATIONAL WEATHER SERVICE DULUTH MN
525 PM CDT WED APR 13 2016


...................................

...THE DULUTH MN CLIMATE SUMMARY FOR APRIL 13 2016...
VALID TODAY AS OF 0500 PM LOCAL TIME.

CLIMATE NORMAL PERIOD 1981 TO 2010
CLIMATE RECORD PERIOD 1870 TO 2016


WEATHER ITEM   OBSERVED TIME   RECORD YEAR NORMAL DEPARTURE LAST
                VALUE   (LST)  VALUE       VALUE  FROM      YEAR
                                                  NORMAL
..................................................................
TEMPERATURE (F)
 TODAY
  MAXIMUM         49    324 PM  74    1941  48      1       58
  MINIMUM         31    616 AM   9    1950  29      2       35
  AVERAGE         40                        38      2       47

PRECIPITATION (IN)
  TODAY            0.02          0.98 1960   0.08  -0.06      T
  MONTH TO DATE    0.71                      0.90  -0.19     0.45
  SINCE MAR 1      4.67                      2.39   2.28     1.24
  SINCE JAN 1      6.55                      4.16   2.39     2.08

SNOWFALL (IN)
  TODAY            0.1           3.7  1983   0.3   -0.2      0.0
  MONTH TO DATE    9.8                       4.0    5.8      0.1
  SINCE JUL 1     81.3                      82.8   -1.5     48.1
  SNOW DEPTH       0

DEGREE DAYS
 HEATING
  TODAY           25                        27     -2       18
  MONTH TO DATE  470                       382     88      329
  SINCE MAR 1   1498                      1592    -94     1388
  SINCE JUL 1   7335                      8459  -1124     8227

 COOLING
  TODAY            0                         0      0        0
  MONTH TO DATE    0                         0      0        0
  SINCE MAR 1      0                         0      0        0
  SINCE JAN 1      0                         0      0        0
..................................................................


WIND (MPH)
  HIGHEST WIND SPEED    16   HIGHEST WIND DIRECTION     E (110)
  HIGHEST GUST SPEED    22   HIGHEST GUST DIRECTION     E (110)
  AVERAGE WIND SPEED    11.2


SKY COVER
  POSSIBLE SUNSHINE  MM
  AVERAGE SKY COVER 0.8


WEATHER CONDITIONS
 THE FOLLOWING WEATHER WAS RECORDED TODAY.
  LIGHT SNOW
  FOG
  FOG W/VISIBILITY <= 1/4 MILE


RELATIVE HUMIDITY (PERCENT)
 HIGHEST   100           200 AM
 LOWEST     61           100 PM
 AVERAGE    81

..........................................................


THE DULUTH MN CLIMATE NORMALS FOR TOMORROW
                         NORMAL    RECORD    YEAR
 MAXIMUM TEMPERATURE (F)   49        82      1908
 MINIMUM TEMPERATURE (F)   29         8      2013
                                             1926


SUNRISE AND SUNSET
APRIL 13 2016.........SUNRISE   624 AM CDT   SUNSET   755 PM CDT
APRIL 14 2016.........SUNRISE   622 AM CDT   SUNSET   756 PM CDT


-  INDICATES NEGATIVE NUMBERS.
R  INDICATES RECORD WAS SET OR TIED.
MM INDICATES DATA IS MISSING.
T  INDICATES TRACE AMOUNT.




$$
