000
CDUS43 KDLH 012242
CLIDLH


CLIMATE REPORT
NATIONAL WEATHER SERVICE DULUTH MN
539 PM CDT SUN OCT 1 2017


...................................

...THE DULUTH CLIMATE SUMMARY FOR OCTOBER 1 2017...
VALID TODAY AS OF 0500 PM LOCAL TIME.

CLIMATE NORMAL PERIOD 1981 TO 2010
CLIMATE RECORD PERIOD 1870 TO 2017


WEATHER ITEM   OBSERVED TIME   RECORD YEAR NORMAL DEPARTURE LAST
                VALUE   (LST)  VALUE       VALUE  FROM      YEAR
                                                  NORMAL
..................................................................
TEMPERATURE (F)
 TODAY
  MAXIMUM         61    345 PM  80    1989  58      3       67
                                      1963
  MINIMUM         51    842 AM  20    1961  40     11       49
  AVERAGE         56                        49      7       58

PRECIPITATION (IN)
  TODAY            0.05          2.81 1950   0.11  -0.06     0.00
  MONTH TO DATE    0.05                      0.11  -0.06     0.00
  SINCE SEP 1      3.60                      4.22  -0.62     3.52
  SINCE JAN 1     31.29                     24.92   6.37    27.44

SNOWFALL (IN)
  TODAY            0.0           2.3  1985   0.0    0.0      0.0
  MONTH TO DATE    0.0                       0.0    0.0      0.0
  SINCE JUL 1      T                         0.1   -0.1      0.0
  SNOW DEPTH       0

DEGREE DAYS
 HEATING
  TODAY            9                        16     -7        7
  MONTH TO DATE    9                        16     -7        7
  SINCE SEP 1    221                       314    -93      169
  SINCE JUL 1    391                       463    -72      223

 COOLING
  TODAY            0                         0      0        0
  MONTH TO DATE    0                         0      0        0
  SINCE SEP 1     26                        14     12       14
  SINCE JAN 1    126                       204    -78      281
..................................................................


WIND (MPH)
  HIGHEST WIND SPEED    20   HIGHEST WIND DIRECTION     S (160)
  HIGHEST GUST SPEED    27   HIGHEST GUST DIRECTION    SE (140)
  AVERAGE WIND SPEED    12.0


SKY COVER
  AVERAGE SKY COVER 0.7


WEATHER CONDITIONS
 THE FOLLOWING WEATHER WAS RECORDED TODAY.
  LIGHT RAIN


RELATIVE HUMIDITY (PERCENT)
 HIGHEST    77          1200 AM
 LOWEST     60           100 PM
 AVERAGE    69

..........................................................


THE DULUTH CLIMATE NORMALS FOR TOMORROW
                         NORMAL    RECORD    YEAR
 MAXIMUM TEMPERATURE (F)   58        86      1953
 MINIMUM TEMPERATURE (F)   40        17      1961


SUNRISE AND SUNSET
OCTOBER  1 2017.......SUNRISE   708 AM CDT   SUNSET   648 PM CDT
OCTOBER  2 2017.......SUNRISE   709 AM CDT   SUNSET   646 PM CDT


-  INDICATES NEGATIVE NUMBERS.
R  INDICATES RECORD WAS SET OR TIED.
MM INDICATES DATA IS MISSING.
T  INDICATES TRACE AMOUNT.




$$
