000
CDUS43 KDLH 030630
CLIDLH


CLIMATE REPORT
NATIONAL WEATHER SERVICE DULUTH MN
129 AM CDT SAT JUN 3 2017


...................................

...THE DULUTH MN CLIMATE SUMMARY FOR JUNE 2 2017...

CLIMATE NORMAL PERIOD 1981 TO 2010
CLIMATE RECORD PERIOD 1870 TO 2017


WEATHER ITEM   OBSERVED TIME   RECORD YEAR NORMAL DEPARTURE LAST
                VALUE   (LST)  VALUE       VALUE  FROM      YEAR
                                                  NORMAL
..................................................................
TEMPERATURE (F)
 YESTERDAY
  MAXIMUM         78    104 PM  88    1948  67     11       66
                                      1894
  MINIMUM         53    424 AM  30    1962  45      8       50
  AVERAGE         66                        56     10       58

PRECIPITATION (IN)
  YESTERDAY        0.00          1.51 1902   0.11  -0.11      T
  MONTH TO DATE    0.00                      0.23  -0.23     0.14
  SINCE JUN 1      0.00                      0.23  -0.23     0.14
  SINCE JAN 1     11.14                      9.15   1.99    10.25

SNOWFALL (IN)
  YESTERDAY        0.0           0.2  1945   0.0    0.0      0.0
  MONTH TO DATE    0.0                       0.0    0.0      0.0
  SINCE JUN 1      0.0                       0.0    0.0      0.0
  SINCE JUL 1     67.0                      86.1  -19.1     81.4
  SNOW DEPTH       0

DEGREE DAYS
 HEATING
  YESTERDAY        0                         9     -9        7
  MONTH TO DATE    5                        18    -13       18
  SINCE JUN 1      5                        18    -13       18
  SINCE JUL 1   8012                      9283  -1271     8062

 COOLING
  YESTERDAY        1                         0      1        0
  MONTH TO DATE    1                         0      1        0
  SINCE JUN 1      1                         0      1        0
  SINCE JAN 1      1                         4     -3        9
..................................................................


WIND (MPH)
  HIGHEST WIND SPEED    14   HIGHEST WIND DIRECTION     E (110)
  HIGHEST GUST SPEED    19   HIGHEST GUST DIRECTION     S (180)
  AVERAGE WIND SPEED     8.6


SKY COVER
  AVERAGE SKY COVER 0.1


WEATHER CONDITIONS
 THE FOLLOWING WEATHER WAS RECORDED YESTERDAY.
  THUNDERSTORM


RELATIVE HUMIDITY (PERCENT)
 HIGHEST    64           400 AM
 LOWEST     28          1200 PM
 AVERAGE    46

..........................................................


THE DULUTH MN CLIMATE NORMALS FOR TODAY
                         NORMAL    RECORD    YEAR
 MAXIMUM TEMPERATURE (F)   67        90      1948
 MINIMUM TEMPERATURE (F)   46        30      1982


SUNRISE AND SUNSET
JUNE  3 2017..........SUNRISE   517 AM CDT   SUNSET   857 PM CDT
JUNE  4 2017..........SUNRISE   516 AM CDT   SUNSET   858 PM CDT


-  INDICATES NEGATIVE NUMBERS.
R  INDICATES RECORD WAS SET OR TIED.
MM INDICATES DATA IS MISSING.
T  INDICATES TRACE AMOUNT.




$$
