000
CDUS43 KDLH 080625
CLIDLH


CLIMATE REPORT
NATIONAL WEATHER SERVICE DULUTH MN
1224 AM CST SAT NOV 8 2014


...................................

...THE DULUTH MN CLIMATE SUMMARY FOR NOVEMBER 7 2014...

CLIMATE NORMAL PERIOD 1981 TO 2010
CLIMATE RECORD PERIOD 1870 TO 2014


WEATHER ITEM   OBSERVED TIME   RECORD YEAR NORMAL DEPARTURE LAST
                VALUE   (LST)  VALUE       VALUE  FROM      YEAR
                                                  NORMAL
..................................................................
TEMPERATURE (F)
 YESTERDAY
  MAXIMUM         39    956 PM  65    1874  40     -1       37
  MINIMUM         27    354 AM  -1    1991  27      0       21
  AVERAGE         33                        34     -1       29

PRECIPITATION (IN)
  YESTERDAY        0.09          1.78 1915   0.07   0.02     0.00
  MONTH TO DATE    0.17                      0.52  -0.35     0.28
  SINCE SEP 1      3.61                      7.48  -3.87     5.47
  SINCE JAN 1     28.56                     28.18   0.38    27.06

SNOWFALL (IN)
  YESTERDAY        0.2           9.1  1947   0.3   -0.1      0.0
  MONTH TO DATE    0.2                       2.0   -1.8      0.1
  SINCE SEP 1      0.3                       4.4   -4.1      0.4
  SINCE JUL 1      0.3                       4.4   -4.1      0.4
  SNOW DEPTH       0

DEGREE DAYS
 HEATING
  YESTERDAY       32                        32      0       36
  MONTH TO DATE  197                       212    -15      211
  SINCE SEP 1   1046                      1188   -142      989
  SINCE JUL 1   1123                      1337   -214     1063

 COOLING
  YESTERDAY        0                         0      0        0
  MONTH TO DATE    0                         0      0        0
  SINCE SEP 1      9                        14     -5       24
  SINCE JAN 1    179                       204    -25      375
..................................................................


WIND (MPH)
  HIGHEST WIND SPEED    25   HIGHEST WIND DIRECTION    NW (310)
  HIGHEST GUST SPEED    33   HIGHEST GUST DIRECTION    NW (320)
  AVERAGE WIND SPEED    10.1


SKY COVER
  AVERAGE SKY COVER 0.8


WEATHER CONDITIONS
 THE FOLLOWING WEATHER WAS RECORDED YESTERDAY.
  RAIN
  LIGHT RAIN
  SNOW
  LIGHT SNOW
  FOG
  HAZE


RELATIVE HUMIDITY (PERCENT)
 HIGHEST    92           100 AM
 LOWEST     79          1000 PM
 AVERAGE    86

..........................................................


THE DULUTH MN CLIMATE NORMALS FOR TODAY
                         NORMAL    RECORD    YEAR
 MAXIMUM TEMPERATURE (F)   40        69      1999
 MINIMUM TEMPERATURE (F)   26        -5      2003


SUNRISE AND SUNSET
NOVEMBER  8 2014......SUNRISE   701 AM CST   SUNSET   443 PM CST
NOVEMBER  9 2014......SUNRISE   702 AM CST   SUNSET   442 PM CST


-  INDICATES NEGATIVE NUMBERS.
R  INDICATES RECORD WAS SET OR TIED.
MM INDICATES DATA IS MISSING.
T  INDICATES TRACE AMOUNT.




$$
