000
CDUS43 KDLH 170622
CLIDLH


CLIMATE REPORT
NATIONAL WEATHER SERVICE DULUTH MN
1222 AM CST TUE FEB 17 2015


...................................

...THE DULUTH MN CLIMATE SUMMARY FOR FEBRUARY 16 2015...

CLIMATE NORMAL PERIOD 1981 TO 2010
CLIMATE RECORD PERIOD 1870 TO 2015


WEATHER ITEM   OBSERVED TIME   RECORD YEAR NORMAL DEPARTURE LAST
                VALUE   (LST)  VALUE       VALUE  FROM      YEAR
                                                  NORMAL
..................................................................
TEMPERATURE (F)
 YESTERDAY
  MAXIMUM         14    308 PM  52    2011  24    -10       11
  MINIMUM          3    442 AM -30    1973   6     -3      -14
  AVERAGE          9                        15     -6       -1

PRECIPITATION (IN)
  YESTERDAY        0.02          0.24 1956   0.03  -0.01     0.01
  MONTH TO DATE    0.29                      0.39  -0.10     0.41
  SINCE DEC 1      2.01                      2.56  -0.55     4.02
  SINCE JAN 1      0.75                      1.35  -0.60     1.14

SNOWFALL (IN)
  YESTERDAY        0.6           5.2  1999   0.4    0.2       T
  MONTH TO DATE    6.1                       6.5   -0.4      9.2
  SINCE DEC 1     21.3                      43.6  -22.3     58.5
  SINCE JUL 1     37.8                      59.7  -21.9     63.5
  SNOW DEPTH      10

DEGREE DAYS
 HEATING
  YESTERDAY       56                        50      6       66
  MONTH TO DATE  900                       831     69     1010
  SINCE DEC 1   3857                      4086   -229     4831
  SINCE JUL 1   6072                      6299   -227     6788

 COOLING
  YESTERDAY        0                         0      0        0
  MONTH TO DATE    0                         0      0        0
  SINCE DEC 1      0                         0      0        0
  SINCE JAN 1      0                         0      0        0
..................................................................


WIND (MPH)
  HIGHEST WIND SPEED    16   HIGHEST WIND DIRECTION    NW (310)
  HIGHEST GUST SPEED    20   HIGHEST GUST DIRECTION    NW (310)
  AVERAGE WIND SPEED     8.4


SKY COVER
  AVERAGE SKY COVER 0.9


WEATHER CONDITIONS
 THE FOLLOWING WEATHER WAS RECORDED YESTERDAY.
  LIGHT SNOW
  HAZE


RELATIVE HUMIDITY (PERCENT)
 HIGHEST    83           900 AM
 LOWEST     58           500 PM
 AVERAGE    71

..........................................................


THE DULUTH MN CLIMATE NORMALS FOR TODAY
                         NORMAL    RECORD    YEAR
 MAXIMUM TEMPERATURE (F)   25        52      1981
 MINIMUM TEMPERATURE (F)    7       -29      1936


SUNRISE AND SUNSET
FEBRUARY 17 2015......SUNRISE   710 AM CST   SUNSET   536 PM CST
FEBRUARY 18 2015......SUNRISE   708 AM CST   SUNSET   538 PM CST


-  INDICATES NEGATIVE NUMBERS.
R  INDICATES RECORD WAS SET OR TIED.
MM INDICATES DATA IS MISSING.
T  INDICATES TRACE AMOUNT.




$$
