000
CDUS43 KDLH 050630
CLIDLH


CLIMATE REPORT
NATIONAL WEATHER SERVICE DULUTH MN
130 AM CDT FRI SEP 5 2014


...................................

...THE DULUTH MN CLIMATE SUMMARY FOR SEPTEMBER 4 2014...

CLIMATE NORMAL PERIOD 1981 TO 2010
CLIMATE RECORD PERIOD 1870 TO 2014


WEATHER ITEM   OBSERVED TIME   RECORD YEAR NORMAL DEPARTURE LAST
                VALUE   (LST)  VALUE       VALUE  FROM      YEAR
                                                  NORMAL
..................................................................
TEMPERATURE (F)
 YESTERDAY
  MAXIMUM         76    233 PM  89    1897  70      6       70
  MINIMUM         59   1211 AM  36    1918  51      8       52
  AVERAGE         68                        60      8       61

PRECIPITATION (IN)
  YESTERDAY        0.15          1.60 1911   0.14   0.01     0.00
  MONTH TO DATE    0.40                      0.54  -0.14      T
  SINCE SEP 1      0.40                      0.54  -0.14      T
  SINCE JAN 1     25.35                     21.24   4.11    21.59

SNOWFALL (IN)
  YESTERDAY        0.0           0.0  2002   0.0    0.0      0.0
                                      2001
  MONTH TO DATE    0.0                       0.0    0.0      0.0
  SINCE SEP 1      0.0                       0.0    0.0      0.0
  SINCE JUL 1      0.0                       0.0    0.0      0.0
  SNOW DEPTH       0

DEGREE DAYS
 HEATING
  YESTERDAY        0                         6     -6        4
  MONTH TO DATE    2                        22    -20       13
  SINCE SEP 1      2                        22    -20       13
  SINCE JUL 1     79                       171    -92       87

 COOLING
  YESTERDAY        3                         1      2        0
  MONTH TO DATE    4                         4      0        0
  SINCE SEP 1      4                         4      0        0
  SINCE JAN 1    174                       194    -20      351
..................................................................


WIND (MPH)
  HIGHEST WIND SPEED    30   HIGHEST WIND DIRECTION    NE (60)
  HIGHEST GUST SPEED    38   HIGHEST GUST DIRECTION     E (100)
  AVERAGE WIND SPEED    11.2


SKY COVER
  AVERAGE SKY COVER 0.6


WEATHER CONDITIONS
 THE FOLLOWING WEATHER WAS RECORDED YESTERDAY.
  THUNDERSTORM
  LIGHT RAIN
  FOG


RELATIVE HUMIDITY (PERCENT)
 HIGHEST    93           500 PM
 LOWEST     64           200 PM
 AVERAGE    79

..........................................................


THE DULUTH MN CLIMATE NORMALS FOR TODAY
                         NORMAL    RECORD    YEAR
 MAXIMUM TEMPERATURE (F)   69        90      1947
 MINIMUM TEMPERATURE (F)   50        34      1984
                                             1972
                                             1962


SUNRISE AND SUNSET
SEPTEMBER  5 2014.....SUNRISE   634 AM CDT   SUNSET   740 PM CDT
SEPTEMBER  6 2014.....SUNRISE   635 AM CDT   SUNSET   738 PM CDT


-  INDICATES NEGATIVE NUMBERS.
R  INDICATES RECORD WAS SET OR TIED.
MM INDICATES DATA IS MISSING.
T  INDICATES TRACE AMOUNT.




$$
