000
CDUS43 KDLH 282224
CLIDLH


CLIMATE REPORT
NATIONAL WEATHER SERVICE DULUTH MN
520 PM CDT MON AUG 28 2017


...................................

...THE DULUTH MN CLIMATE SUMMARY FOR AUGUST 28 2017...
VALID TODAY AS OF 0500 PM LOCAL TIME.

CLIMATE NORMAL PERIOD 1981 TO 2010
CLIMATE RECORD PERIOD 1870 TO 2017


WEATHER ITEM   OBSERVED TIME   RECORD YEAR NORMAL DEPARTURE LAST
                VALUE   (LST)  VALUE       VALUE  FROM      YEAR
                                                  NORMAL
..................................................................
TEMPERATURE (F)
 TODAY
  MAXIMUM         69    321 PM  91    1984  72     -3       74
  MINIMUM         57    641 AM  34    1982  53      4       55
  AVERAGE         63                        62      1       65

PRECIPITATION (IN)
  TODAY            0.02          2.89 1951   0.13  -0.11     0.00
  MONTH TO DATE    7.18                      3.33   3.85     3.24
  SINCE JUN 1     16.50                     11.41   5.09    12.09
  SINCE JAN 1     27.64                     20.33   7.31    22.20

SNOWFALL (IN)
  TODAY            0.0           0.0  2002   0.0    0.0      0.0
                                      2001
  MONTH TO DATE    0.0                       0.0    0.0      0.0
  SINCE JUL 1      T                         0.0    0.0      0.0
  SNOW DEPTH       0

DEGREE DAYS
 HEATING
  TODAY            2                         4     -2        0
  MONTH TO DATE  103                        72     31       23
  SINCE JUN 1    287                       314    -27      194
  SINCE JUL 1    156                       135     21       52

 COOLING
  TODAY            0                         1     -1        0
  MONTH TO DATE   17                        64    -47      103
  SINCE JUN 1    100                       184    -84      249
  SINCE JAN 1    100                       188    -88      258
..................................................................


WIND (MPH)
  HIGHEST WIND SPEED     8   HIGHEST WIND DIRECTION    NW (300)
  HIGHEST GUST SPEED    11   HIGHEST GUST DIRECTION     N (350)
  AVERAGE WIND SPEED     5.0


SKY COVER
  POSSIBLE SUNSHINE  MM
  AVERAGE SKY COVER 0.9


WEATHER CONDITIONS
 THE FOLLOWING WEATHER WAS RECORDED TODAY.
  LIGHT RAIN
  FOG


RELATIVE HUMIDITY (PERCENT)
 HIGHEST   100          1200 AM
 LOWEST     76           400 PM
 AVERAGE    88

..........................................................


THE DULUTH MN CLIMATE NORMALS FOR TOMORROW
                         NORMAL    RECORD    YEAR
 MAXIMUM TEMPERATURE (F)   72        91      1961
                                             1921
                                             1905
 MINIMUM TEMPERATURE (F)   52        33      1976


SUNRISE AND SUNSET
AUGUST 28 2017........SUNRISE   623 AM CDT   SUNSET   755 PM CDT
AUGUST 29 2017........SUNRISE   625 AM CDT   SUNSET   753 PM CDT


-  INDICATES NEGATIVE NUMBERS.
R  INDICATES RECORD WAS SET OR TIED.
MM INDICATES DATA IS MISSING.
T  INDICATES TRACE AMOUNT.




$$
