000
CDUS43 KDLH 292240
CLIDLH


CLIMATE REPORT
NATIONAL WEATHER SERVICE DULUTH MN
539 PM CDT SUN OCT 29 2017


...................................

...THE DULUTH CLIMATE SUMMARY FOR OCTOBER 29 2017...
VALID TODAY AS OF 0500 PM LOCAL TIME.

CLIMATE NORMAL PERIOD 1981 TO 2010
CLIMATE RECORD PERIOD 1870 TO 2017


WEATHER ITEM   OBSERVED TIME   RECORD YEAR NORMAL DEPARTURE LAST
                VALUE   (LST)  VALUE       VALUE  FROM      YEAR
                                                  NORMAL
..................................................................
TEMPERATURE (F)
 TODAY
  MAXIMUM         33    359 PM  74    1937  45    -12       52
  MINIMUM         23    218 AM  13    1925  30     -7       41
  AVERAGE         28                        38    -10       47

PRECIPITATION (IN)
  TODAY            0.00          0.99 1999   0.08  -0.08      T
  MONTH TO DATE    3.36                      2.70   0.66     1.47
  SINCE SEP 1      6.91                      6.81   0.10     4.99
  SINCE JAN 1     34.60                     27.51   7.09    28.91

SNOWFALL (IN)
  TODAY            0.0           3.7  1955   0.2   -0.2      0.0
  MONTH TO DATE   10.6                       2.0    8.6       T
  SINCE JUL 1     10.6                       2.1    8.5       T
  SNOW DEPTH       5

DEGREE DAYS
 HEATING
  TODAY           37                        27     10       18
  MONTH TO DATE  521                       622   -101      488
  SINCE SEP 1    733                       920   -187      650
  SINCE JUL 1    903                      1069   -166      704

 COOLING
  TODAY            0                         0      0        0
  MONTH TO DATE    0                         0      0        0
  SINCE SEP 1     26                        14     12       14
  SINCE JAN 1    126                       204    -78      281
..................................................................


WIND (MPH)
  HIGHEST WIND SPEED    15   HIGHEST WIND DIRECTION    SW (240)
  HIGHEST GUST SPEED    20   HIGHEST GUST DIRECTION     S (170)
  AVERAGE WIND SPEED    11.1


SKY COVER
  AVERAGE SKY COVER 0.8


WEATHER CONDITIONS
 THE FOLLOWING WEATHER WAS RECORDED TODAY.
  NO SIGNIFICANT WEATHER WAS OBSERVED.


RELATIVE HUMIDITY (PERCENT)
 HIGHEST    96          1200 AM
 LOWEST     82           300 PM
 AVERAGE    89

..........................................................


THE DULUTH CLIMATE NORMALS FOR TOMORROW
                         NORMAL    RECORD    YEAR
 MAXIMUM TEMPERATURE (F)   45        73      1901
 MINIMUM TEMPERATURE (F)   30         8      1925


SUNRISE AND SUNSET
OCTOBER 29 2017.......SUNRISE   747 AM CDT   SUNSET   557 PM CDT
OCTOBER 30 2017.......SUNRISE   749 AM CDT   SUNSET   556 PM CDT


-  INDICATES NEGATIVE NUMBERS.
R  INDICATES RECORD WAS SET OR TIED.
MM INDICATES DATA IS MISSING.
T  INDICATES TRACE AMOUNT.




$$
