427
CDUS43 KDLH 252245
CLIDLH


CLIMATE REPORT
NATIONAL WEATHER SERVICE DULUTH MN
444 PM CST MON JAN 25 2016


...................................

...THE DULUTH MN CLIMATE SUMMARY FOR JANUARY 25 2016...
VALID TODAY AS OF 0400 PM LOCAL TIME.

CLIMATE NORMAL PERIOD 1981 TO 2010
CLIMATE RECORD PERIOD 1870 TO 2016


WEATHER ITEM   OBSERVED TIME   RECORD YEAR NORMAL DEPARTURE LAST
                VALUE   (LST)  VALUE       VALUE  FROM      YEAR
                                                  NORMAL
..................................................................
TEMPERATURE (F)
 TODAY
  MAXIMUM         29   1056 AM  47    1973  19     10       21
  MINIMUM         24    839 AM -31    1904   1     23       17
  AVERAGE         27                        10     17       19

PRECIPITATION (IN)
  TODAY            0.18          0.41 1975   0.03   0.15      T
  MONTH TO DATE    0.68                      0.81  -0.13     0.31
  SINCE DEC 1      4.38                      2.02   2.36     1.57
  SINCE JAN 1      0.68                      0.81  -0.13     0.31

SNOWFALL (IN)
  TODAY            1.8          10.1  1971   0.6    1.2      0.4
  MONTH TO DATE    9.8                      16.3   -6.5      5.2
  SINCE JUL 1     38.8                      50.1  -11.3     30.3
  SNOW DEPTH      12

DEGREE DAYS
 HEATING
  TODAY           38                        55    -17       46
  MONTH TO DATE 1358                      1372    -14     1342
  SINCE DEC 1   2545                      2928   -383     2683
  SINCE JUL 1   4208                      5141   -933     4898

 COOLING
  TODAY            0                         0      0        0
  MONTH TO DATE    0                         0      0        0
  SINCE DEC 1      0                         0      0        0
  SINCE JAN 1      0                         0      0        0
..................................................................


WIND (MPH)
  HIGHEST WIND SPEED     8   HIGHEST WIND DIRECTION     N (350)
  HIGHEST GUST SPEED    10   HIGHEST GUST DIRECTION    NW (330)
  AVERAGE WIND SPEED     2.8


SKY COVER
  POSSIBLE SUNSHINE  MM
  AVERAGE SKY COVER 1.0


WEATHER CONDITIONS
 THE FOLLOWING WEATHER WAS RECORDED TODAY.
  LT FREEZING RAIN
  SNOW
  LIGHT SNOW
  FOG
  FOG W/VISIBILITY <= 1/4 MILE


RELATIVE HUMIDITY (PERCENT)
 HIGHEST    92           500 AM
 LOWEST     78          1200 AM
 AVERAGE    85

..........................................................


THE DULUTH MN CLIMATE NORMALS FOR TOMORROW
                         NORMAL    RECORD    YEAR
 MAXIMUM TEMPERATURE (F)   19        47      1877
 MINIMUM TEMPERATURE (F)    1       -31      1972


SUNRISE AND SUNSET
JANUARY 25 2016.......SUNRISE   742 AM CST   SUNSET   501 PM CST
JANUARY 26 2016.......SUNRISE   741 AM CST   SUNSET   502 PM CST


-  INDICATES NEGATIVE NUMBERS.
R  INDICATES RECORD WAS SET OR TIED.
MM INDICATES DATA IS MISSING.
T  INDICATES TRACE AMOUNT.




$$
