000
CDUS43 KDLH 130619
CLIDLH


CLIMATE REPORT
NATIONAL WEATHER SERVICE DULUTH MN
1219 AM CST SAT FEB 13 2016


...................................

...THE DULUTH MN CLIMATE SUMMARY FOR FEBRUARY 12 2016...

CLIMATE NORMAL PERIOD 1981 TO 2010
CLIMATE RECORD PERIOD 1870 TO 2016


WEATHER ITEM   OBSERVED TIME   RECORD YEAR NORMAL DEPARTURE LAST
                VALUE   (LST)  VALUE       VALUE  FROM      YEAR
                                                  NORMAL
..................................................................
TEMPERATURE (F)
 YESTERDAY
  MAXIMUM          9   1231 AM  45    1976  23    -14        7
  MINIMUM         -9   1159 PM -33    1875   5    -14      -12
  AVERAGE          0                        14    -14       -2

PRECIPITATION (IN)
  YESTERDAY        T             0.37 1922   0.02  -0.02      T
  MONTH TO DATE    0.28                      0.28   0.00     0.25
  SINCE DEC 1      5.03                      2.45   2.58     1.97
  SINCE JAN 1      1.33                      1.24   0.09     0.71

SNOWFALL (IN)
  YESTERDAY        T             2.6  1994   0.4   -0.4       T
  MONTH TO DATE    5.1                       4.9    0.2      4.2
  SINCE DEC 1     42.7                      42.0    0.7     19.4
  SINCE JUL 1     47.1                      58.1  -11.0     35.9
  SNOW DEPTH      14

DEGREE DAYS
 HEATING
  YESTERDAY       65                        51     14       67
  MONTH TO DATE  637                       630      7      653
  SINCE DEC 1   3435                      3885   -450     3610
  SINCE JUL 1   5098                      6098  -1000     5825

 COOLING
  YESTERDAY        0                         0      0        0
  MONTH TO DATE    0                         0      0        0
  SINCE DEC 1      0                         0      0        0
  SINCE JAN 1      0                         0      0        0
..................................................................


WIND (MPH)
  HIGHEST WIND SPEED    24   HIGHEST WIND DIRECTION     N (340)
  HIGHEST GUST SPEED    34   HIGHEST GUST DIRECTION     N (340)
  AVERAGE WIND SPEED    15.4


SKY COVER
  AVERAGE SKY COVER 0.2


WEATHER CONDITIONS
 THE FOLLOWING WEATHER WAS RECORDED YESTERDAY.
  LIGHT SNOW
  HAZE


RELATIVE HUMIDITY (PERCENT)
 HIGHEST    75           400 AM
 LOWEST     41           600 PM
 AVERAGE    58

..........................................................


THE DULUTH MN CLIMATE NORMALS FOR TODAY
                         NORMAL    RECORD    YEAR
 MAXIMUM TEMPERATURE (F)   23        47      1947
 MINIMUM TEMPERATURE (F)    5       -29      1905


SUNRISE AND SUNSET
FEBRUARY 13 2016......SUNRISE   716 AM CST   SUNSET   530 PM CST
FEBRUARY 14 2016......SUNRISE   715 AM CST   SUNSET   531 PM CST


-  INDICATES NEGATIVE NUMBERS.
R  INDICATES RECORD WAS SET OR TIED.
MM INDICATES DATA IS MISSING.
T  INDICATES TRACE AMOUNT.




$$
