000
CDUS43 KDLH 290621
CLIDLH


CLIMATE REPORT
NATIONAL WEATHER SERVICE DULUTH MN
120 AM CDT FRI JUL 29 2016


...................................

...THE DULUTH MN CLIMATE SUMMARY FOR JULY 28 2016...

CLIMATE NORMAL PERIOD 1981 TO 2010
CLIMATE RECORD PERIOD 1870 TO 2016


WEATHER ITEM   OBSERVED TIME   RECORD YEAR NORMAL DEPARTURE LAST
                VALUE   (LST)  VALUE       VALUE  FROM      YEAR
                                                  NORMAL
..................................................................
TEMPERATURE (F)
 YESTERDAY
  MAXIMUM         73    206 PM  97    2006  77     -4       85
  MINIMUM         52   1159 PM  45    1992  56     -4       68
  AVERAGE         63                        66     -3       77

PRECIPITATION (IN)
  YESTERDAY        0.00          2.73 1991   0.11  -0.11      T
  MONTH TO DATE    4.39                      3.51   0.88     3.01
  SINCE JUN 1      8.85                      7.74   1.11     6.65
  SINCE JAN 1     18.96                     16.66   2.30    13.04

SNOWFALL (IN)
  YESTERDAY        0.0           0.0  2002   0.0    0.0      0.0
                                      2001
  MONTH TO DATE    0.0                       0.0    0.0      0.0
  SINCE JUN 1      T                         0.0    0.0       T
  SINCE JUL 1      0.0                       0.0    0.0      0.0
  SNOW DEPTH       0

DEGREE DAYS
 HEATING
  YESTERDAY        2                         2      0        0
  MONTH TO DATE   24                        62    -38       15
  SINCE JUN 1    166                       241    -75      136
  SINCE JUL 1     24                        62    -38       15

 COOLING
  YESTERDAY        0                         3     -3       12
  MONTH TO DATE  100                        81     19      141
  SINCE JUN 1    143                       111     32      163
  SINCE JAN 1    152                       115     37      167
..................................................................


WIND (MPH)
  HIGHEST WIND SPEED    20   HIGHEST WIND DIRECTION     E (100)
  HIGHEST GUST SPEED    24   HIGHEST GUST DIRECTION     E (90)
  AVERAGE WIND SPEED     8.5


SKY COVER
  AVERAGE SKY COVER 0.3


WEATHER CONDITIONS
 THE FOLLOWING WEATHER WAS RECORDED YESTERDAY.
  NO SIGNIFICANT WEATHER WAS OBSERVED.


RELATIVE HUMIDITY (PERCENT)
 HIGHEST    93           100 AM
 LOWEST     49           200 PM
 AVERAGE    71

..........................................................


THE DULUTH MN CLIMATE NORMALS FOR TODAY
                         NORMAL    RECORD    YEAR
 MAXIMUM TEMPERATURE (F)   77        96      1916
 MINIMUM TEMPERATURE (F)   56        42      1971
                                             1925


SUNRISE AND SUNSET
JULY 29 2016..........SUNRISE   546 AM CDT   SUNSET   843 PM CDT
JULY 30 2016..........SUNRISE   547 AM CDT   SUNSET   842 PM CDT


-  INDICATES NEGATIVE NUMBERS.
R  INDICATES RECORD WAS SET OR TIED.
MM INDICATES DATA IS MISSING.
T  INDICATES TRACE AMOUNT.




$$
