000
CDUS43 KDLH 260629
CLIDLH


CLIMATE REPORT
NATIONAL WEATHER SERVICE DULUTH MN
128 AM CDT SUN MAR 26 2017


...................................

...THE DULUTH MN CLIMATE SUMMARY FOR MARCH 25 2017...

CLIMATE NORMAL PERIOD 1981 TO 2010
CLIMATE RECORD PERIOD 1870 TO 2017


WEATHER ITEM   OBSERVED TIME   RECORD YEAR NORMAL DEPARTURE LAST
                VALUE   (LST)  VALUE       VALUE  FROM      YEAR
                                                  NORMAL
..................................................................
TEMPERATURE (F)
 YESTERDAY
  MAXIMUM         35   1249 PM  64    1925  38     -3       45
  MINIMUM         30    609 PM  -8    1955  21      9       19
  AVERAGE         33                        30      3       32

PRECIPITATION (IN)
  YESTERDAY        T             0.58 1890   0.05  -0.05     0.01
  MONTH TO DATE    0.99                      1.17  -0.18     3.12
  SINCE MAR 1      0.99                      1.17  -0.18     3.12
  SINCE JAN 1      3.95                      2.94   1.01     5.00

SNOWFALL (IN)
  YESTERDAY        0.0           7.0  1975   0.3   -0.3       T
  MONTH TO DATE    5.3                      11.3   -6.0     13.1
  SINCE MAR 1      5.3                      11.3   -6.0     13.1
  SINCE JUL 1     64.3                      76.9  -12.6     67.3
  SNOW DEPTH       1

DEGREE DAYS
 HEATING
  YESTERDAY       32                        35     -3       33
  MONTH TO DATE 1035                      1008     27      853
  SINCE MAR 1   1035                      1008     27      853
  SINCE JUL 1   6725                      7875  -1150     6690

 COOLING
  YESTERDAY        0                         0      0        0
  MONTH TO DATE    0                         0      0        0
  SINCE MAR 1      0                         0      0        0
  SINCE JAN 1      0                         0      0        0
..................................................................


WIND (MPH)
  HIGHEST WIND SPEED    23   HIGHEST WIND DIRECTION     E (80)
  HIGHEST GUST SPEED    30   HIGHEST GUST DIRECTION     E (90)
  AVERAGE WIND SPEED    15.4


SKY COVER
  AVERAGE SKY COVER 1.0


WEATHER CONDITIONS
 THE FOLLOWING WEATHER WAS RECORDED YESTERDAY.
  LT FREEZING RAIN
  FOG


RELATIVE HUMIDITY (PERCENT)
 HIGHEST   100          1000 PM
 LOWEST     82           100 PM
 AVERAGE    91

..........................................................


THE DULUTH MN CLIMATE NORMALS FOR TODAY
                         NORMAL    RECORD    YEAR
 MAXIMUM TEMPERATURE (F)   39        72      2007
 MINIMUM TEMPERATURE (F)   22       -19      1965


SUNRISE AND SUNSET
MARCH 26 2017.........SUNRISE   659 AM CDT   SUNSET   730 PM CDT
MARCH 27 2017.........SUNRISE   657 AM CDT   SUNSET   732 PM CDT


-  INDICATES NEGATIVE NUMBERS.
R  INDICATES RECORD WAS SET OR TIED.
MM INDICATES DATA IS MISSING.
T  INDICATES TRACE AMOUNT.




$$
