000
CDUS43 KDLH 260635
CLIDLH


CLIMATE REPORT
NATIONAL WEATHER SERVICE DULUTH MN
128 AM CDT FRI AUG 26 2016


...................................

...THE DULUTH MN CLIMATE SUMMARY FOR AUGUST 25 2016...

CLIMATE NORMAL PERIOD 1981 TO 2010
CLIMATE RECORD PERIOD 1870 TO 2016


WEATHER ITEM   OBSERVED TIME   RECORD YEAR NORMAL DEPARTURE LAST
                VALUE   (LST)  VALUE       VALUE  FROM      YEAR
                                                  NORMAL
..................................................................
TEMPERATURE (F)
 YESTERDAY
  MAXIMUM         72   1051 AM  95    1888  73     -1       66
  MINIMUM         55    523 AM  40    1950  53      2       48
  AVERAGE         64                        63      1       57

PRECIPITATION (IN)
  YESTERDAY        T             1.68 1995   0.12  -0.12     0.00
  MONTH TO DATE    2.92                      2.95  -0.03     4.04
  SINCE JUN 1     11.77                     11.03   0.74    10.69
  SINCE JAN 1     21.88                     19.95   1.93    17.08

SNOWFALL (IN)
  YESTERDAY        0.0           0.0  2002   0.0    0.0      0.0
                                      2001
  MONTH TO DATE    0.0                       0.0    0.0      0.0
  SINCE JUN 1      T                         0.0    0.0       T
  SINCE JUL 1      0.0                       0.0    0.0      0.0
  SNOW DEPTH       0

DEGREE DAYS
 HEATING
  YESTERDAY        1                         4     -3        8
  MONTH TO DATE   17                        60    -43       68
  SINCE JUN 1    188                       302   -114      204
  SINCE JUL 1     46                       123    -77       83

 COOLING
  YESTERDAY        0                         2     -2        0
  MONTH TO DATE  103                        60     43       76
  SINCE JUN 1    249                       180     69      254
  SINCE JAN 1    258                       184     74      258
..................................................................


WIND (MPH)
  HIGHEST WIND SPEED    25   HIGHEST WIND DIRECTION     W (270)
  HIGHEST GUST SPEED    32   HIGHEST GUST DIRECTION     W (270)
  AVERAGE WIND SPEED    13.4


SKY COVER
  AVERAGE SKY COVER 0.4


WEATHER CONDITIONS
 THE FOLLOWING WEATHER WAS RECORDED YESTERDAY.
  NO SIGNIFICANT WEATHER WAS OBSERVED.


RELATIVE HUMIDITY (PERCENT)
 HIGHEST    93           200 AM
 LOWEST     57          1000 AM
 AVERAGE    75

..........................................................


THE DULUTH MN CLIMATE NORMALS FOR TODAY
                         NORMAL    RECORD    YEAR
 MAXIMUM TEMPERATURE (F)   73        93      1937
 MINIMUM TEMPERATURE (F)   53        36      1968


SUNRISE AND SUNSET
AUGUST 26 2016........SUNRISE   621 AM CDT   SUNSET   758 PM CDT
AUGUST 27 2016........SUNRISE   622 AM CDT   SUNSET   756 PM CDT


-  INDICATES NEGATIVE NUMBERS.
R  INDICATES RECORD WAS SET OR TIED.
MM INDICATES DATA IS MISSING.
T  INDICATES TRACE AMOUNT.




$$
