000
CDUS43 KDLH 150627
CLIDLH


CLIMATE REPORT
NATIONAL WEATHER SERVICE DULUTH MN
126 AM CDT MON SEP 15 2014


...................................

...THE DULUTH MN CLIMATE SUMMARY FOR SEPTEMBER 14 2014...

CLIMATE NORMAL PERIOD 1981 TO 2010
CLIMATE RECORD PERIOD 1870 TO 2014


WEATHER ITEM   OBSERVED TIME   RECORD YEAR NORMAL DEPARTURE LAST
                VALUE   (LST)  VALUE       VALUE  FROM      YEAR
                                                  NORMAL
..................................................................
TEMPERATURE (F)
 YESTERDAY
  MAXIMUM         59    359 PM  84    1920  66     -7       69
  MINIMUM         44    856 PM  30    1964  47     -3       50
  AVERAGE         52                        56     -4       60

PRECIPITATION (IN)
  YESTERDAY        0.01          3.30 1941   0.14  -0.13     0.16
  MONTH TO DATE    0.68                      1.95  -1.27     0.50
  SINCE SEP 1      0.68                      1.95  -1.27     0.50
  SINCE JAN 1     25.63                     22.65   2.98    22.09

SNOWFALL (IN)
  YESTERDAY       MM             T    2011   0.0   MM        0.0
                                      1984
  MONTH TO DATE    0.0                       0.0    0.0      0.0
  SINCE SEP 1      0.0                       0.0    0.0      0.0
  SINCE JUL 1      0.0                       0.0    0.0      0.0
  SNOW DEPTH       0

DEGREE DAYS
 HEATING
  YESTERDAY       13                         9      4        5
  MONTH TO DATE  104                        97      7       51
  SINCE SEP 1    104                        97      7       51
  SINCE JUL 1    181                       246    -65      125

 COOLING
  YESTERDAY        0                         0      0        0
  MONTH TO DATE    5                        13     -8       22
  SINCE SEP 1      5                        13     -8       22
  SINCE JAN 1    175                       203    -28      373
..................................................................


WIND (MPH)
  HIGHEST WIND SPEED    25   HIGHEST WIND DIRECTION     W (280)
  HIGHEST GUST SPEED    31   HIGHEST GUST DIRECTION     W (280)
  AVERAGE WIND SPEED    12.1


SKY COVER
  AVERAGE SKY COVER 0.5


WEATHER CONDITIONS
 THE FOLLOWING WEATHER WAS RECORDED YESTERDAY.
  NO SIGNIFICANT WEATHER WAS OBSERVED.


RELATIVE HUMIDITY (PERCENT)
 HIGHEST    86           600 AM
 LOWEST     55          1100 AM
 AVERAGE    71

..........................................................


THE DULUTH MN CLIMATE NORMALS FOR TODAY
                         NORMAL    RECORD    YEAR
 MAXIMUM TEMPERATURE (F)   65        89      1939
 MINIMUM TEMPERATURE (F)   46        27      1964


SUNRISE AND SUNSET
SEPTEMBER 15 2014.....SUNRISE   646 AM CDT   SUNSET   720 PM CDT
SEPTEMBER 16 2014.....SUNRISE   648 AM CDT   SUNSET   718 PM CDT


-  INDICATES NEGATIVE NUMBERS.
R  INDICATES RECORD WAS SET OR TIED.
MM INDICATES DATA IS MISSING.
T  INDICATES TRACE AMOUNT.




$$
