000
CDUS43 KDLH 130643
CLIDLH


CLIMATE REPORT
NATIONAL WEATHER SERVICE DULUTH MN
143 AM CDT FRI MAY 13 2016


...................................

...THE DULUTH MN CLIMATE SUMMARY FOR MAY 12 2016...

CLIMATE NORMAL PERIOD 1981 TO 2010
CLIMATE RECORD PERIOD 1870 TO 2016


WEATHER ITEM   OBSERVED TIME   RECORD YEAR NORMAL DEPARTURE LAST
                VALUE   (LST)  VALUE       VALUE  FROM      YEAR
                                                  NORMAL
..................................................................
TEMPERATURE (F)
 YESTERDAY
  MAXIMUM         61   1145 AM  84    1940  61      0       52
  MINIMUM         43   1248 AM  24    1946  40      3       35
  AVERAGE         52                        50      2       44

PRECIPITATION (IN)
  YESTERDAY        0.00          2.70 1879   0.10  -0.10     0.08
  MONTH TO DATE    0.83                      1.21  -0.38     1.94
  SINCE MAR 1      7.19                      5.13   2.06     3.76
  SINCE JAN 1      9.07                      6.90   2.17     4.60

SNOWFALL (IN)
  YESTERDAY        0.0           0.1  1911   0.0    0.0       T
  MONTH TO DATE    T                         0.3   -0.3       T
  SINCE MAR 1     27.1                      20.4    6.7      9.3
  SINCE JUL 1     81.3                      86.0   -4.7     49.2
  SNOW DEPTH       0

DEGREE DAYS
 HEATING
  YESTERDAY       13                        15     -2       21
  MONTH TO DATE  158                       198    -40      170
  SINCE MAR 1   1995                      2170   -175     1904
  SINCE JUL 1   7832                      9037  -1205     8743

 COOLING
  YESTERDAY        0                         0      0        0
  MONTH TO DATE    7                         0      7        0
  SINCE MAR 1      7                         0      7        0
  SINCE JAN 1      7                         0      7        0
..................................................................


WIND (MPH)
  HIGHEST WIND SPEED    25   HIGHEST WIND DIRECTION     W (280)
  HIGHEST GUST SPEED    32   HIGHEST GUST DIRECTION    NW (310)
  AVERAGE WIND SPEED    10.9


SKY COVER
  AVERAGE SKY COVER 0.9


WEATHER CONDITIONS
 THE FOLLOWING WEATHER WAS RECORDED YESTERDAY.
  FOG
  FOG W/VISIBILITY <= 1/4 MILE


RELATIVE HUMIDITY (PERCENT)
 HIGHEST   100           300 AM
 LOWEST     47          1200 PM
 AVERAGE    74

..........................................................


THE DULUTH MN CLIMATE NORMALS FOR TODAY
                         NORMAL    RECORD    YEAR
 MAXIMUM TEMPERATURE (F)   62        86      1977
 MINIMUM TEMPERATURE (F)   40        22      1997


SUNRISE AND SUNSET
MAY 13 2016...........SUNRISE   536 AM CDT   SUNSET   835 PM CDT
MAY 14 2016...........SUNRISE   534 AM CDT   SUNSET   836 PM CDT


-  INDICATES NEGATIVE NUMBERS.
R  INDICATES RECORD WAS SET OR TIED.
MM INDICATES DATA IS MISSING.
T  INDICATES TRACE AMOUNT.




$$
