000
CDUS43 KDLH 252224
CLIDLH


CLIMATE REPORT
NATIONAL WEATHER SERVICE DULUTH MN
523 PM CDT TUE MAR 25 2014


...................................

...THE DULUTH MN CLIMATE SUMMARY FOR MARCH 25 2014...
VALID TODAY AS OF 0500 PM LOCAL TIME.

CLIMATE NORMAL PERIOD 1981 TO 2010
CLIMATE RECORD PERIOD 1870 TO 2014


WEATHER ITEM   OBSERVED TIME   RECORD YEAR NORMAL DEPARTURE LAST
                VALUE   (LST)  VALUE       VALUE  FROM      YEAR
                                                  NORMAL
..................................................................
TEMPERATURE (F)
 TODAY
  MAXIMUM         19    352 PM  64    1925  38    -19       36
  MINIMUM          0    640 AM  -8    1955  21    -21       16
  AVERAGE         10                        30    -20       26

PRECIPITATION (IN)
  TODAY            0.00          0.58 1890   0.05  -0.05      T
  MONTH TO DATE    0.91                      1.17  -0.26     1.57
  SINCE MAR 1      0.91                      1.17  -0.26     1.57
  SINCE JAN 1      3.76                      2.94   0.82     4.12

SNOWFALL (IN)
  TODAY            0.0           7.0  1975   0.3   -0.3       T
  MONTH TO DATE   14.9                      11.3    3.6     25.5
  SINCE JUL 1     98.7                      76.9   21.8     78.3
  SNOW DEPTH      26

DEGREE DAYS
 HEATING
  TODAY           55                        35     20       39
  MONTH TO DATE 1215                      1008    207     1151
  SINCE MAR 1   1215                      1008    207     1151
  SINCE JUL 1   8656                      7875    781     7659

 COOLING
  TODAY            0                         0      0        0
  MONTH TO DATE    0                         0      0        0
  SINCE MAR 1      0                         0      0        0
  SINCE JAN 1      0                         0      0        0
..................................................................


WIND (MPH)
  HIGHEST WIND SPEED    25   HIGHEST WIND DIRECTION     W (270)
  HIGHEST GUST SPEED    32   HIGHEST GUST DIRECTION     W (270)
  AVERAGE WIND SPEED    14.0


SKY COVER
  POSSIBLE SUNSHINE  MM
  AVERAGE SKY COVER 0.3


WEATHER CONDITIONS
 THE FOLLOWING WEATHER WAS RECORDED TODAY.
  HAZE


RELATIVE HUMIDITY (PERCENT)
 HIGHEST    75           500 AM
 LOWEST     47           400 PM
 AVERAGE    61

..........................................................


THE DULUTH MN CLIMATE NORMALS FOR TOMORROW
                         NORMAL    RECORD    YEAR
 MAXIMUM TEMPERATURE (F)   39        72      2007
 MINIMUM TEMPERATURE (F)   22       -19      1965


SUNRISE AND SUNSET
MARCH 25 2014.........SUNRISE   701 AM CDT   SUNSET   728 PM CDT
MARCH 26 2014.........SUNRISE   700 AM CDT   SUNSET   730 PM CDT


-  INDICATES NEGATIVE NUMBERS.
R  INDICATES RECORD WAS SET OR TIED.
MM INDICATES DATA IS MISSING.
T  INDICATES TRACE AMOUNT.




$$
