000
CDUS43 KDLH 252237
CLIDLH


CLIMATE REPORT
NATIONAL WEATHER SERVICE DULUTH MN
437 PM CST SUN DEC 25 2016


...................................

...THE DULUTH MN CLIMATE SUMMARY FOR DECEMBER 25 2016...
VALID TODAY AS OF 0400 PM LOCAL TIME.

CLIMATE NORMAL PERIOD 1981 TO 2010
CLIMATE RECORD PERIOD 1870 TO 2016


WEATHER ITEM   OBSERVED TIME   RECORD YEAR NORMAL DEPARTURE LAST
                VALUE   (LST)  VALUE       VALUE  FROM      YEAR
                                                  NORMAL
..................................................................
TEMPERATURE (F)
 TODAY
  MAXIMUM         27    434 PM  44    1999  20      7       27
                                      1881
  MINIMUM         24    346 AM -34    1879   4     20       14
  AVERAGE         26                        12     14       21

PRECIPITATION (IN)
  TODAY            0.02          1.65 2009   0.04  -0.02      T
  MONTH TO DATE    0.95                      0.99  -0.04     3.39
  SINCE DEC 1      0.95                      0.99  -0.04     3.39
  SINCE JAN 1     32.54                     30.74   1.80    31.98

SNOWFALL (IN)
  TODAY            T            12.4  2009   0.6   -0.6      0.1
  MONTH TO DATE   16.8                      13.9    2.9     20.3
  SINCE JUL 1     24.9                      30.0   -5.1     24.7
  SNOW DEPTH       5

DEGREE DAYS
 HEATING
  TODAY           39                        53    -14       44
  MONTH TO DATE 1228                      1236     -8      904
  SINCE DEC 1   1228                      1236     -8      904
  SINCE JUL 1   2710                      3449   -739     2567

 COOLING
  TODAY            0                         0      0        0
  MONTH TO DATE    0                         0      0        0
  SINCE DEC 1      0                         0      0        0
  SINCE JAN 1    281                       204     77      336
..................................................................


WIND (MPH)
  HIGHEST WIND SPEED    31   HIGHEST WIND DIRECTION     E (100)
  HIGHEST GUST SPEED    40   HIGHEST GUST DIRECTION     E (110)
  AVERAGE WIND SPEED    21.6


SKY COVER
  POSSIBLE SUNSHINE  MM
  AVERAGE SKY COVER 1.0


WEATHER CONDITIONS
 THE FOLLOWING WEATHER WAS RECORDED TODAY.
  MIXED PRECIP
  LT FREEZING RAIN
  SNOW
  LIGHT SNOW
  FOG


RELATIVE HUMIDITY (PERCENT)
 HIGHEST    92           500 AM
 LOWEST     81          1200 AM
 AVERAGE    87

..........................................................


THE DULUTH MN CLIMATE NORMALS FOR TOMORROW
                         NORMAL    RECORD    YEAR
 MAXIMUM TEMPERATURE (F)   20        43      2011
 MINIMUM TEMPERATURE (F)    4       -27      1934


SUNRISE AND SUNSET
DECEMBER 25 2016......SUNRISE   753 AM CST   SUNSET   426 PM CST
DECEMBER 26 2016......SUNRISE   753 AM CST   SUNSET   426 PM CST


-  INDICATES NEGATIVE NUMBERS.
R  INDICATES RECORD WAS SET OR TIED.
MM INDICATES DATA IS MISSING.
T  INDICATES TRACE AMOUNT.




$$
