000
CDUS43 KDLH 160623
CLIDLH


CLIMATE REPORT
NATIONAL WEATHER SERVICE DULUTH MN
122 AM CDT WED JUL 16 2014


...................................

...THE DULUTH MN CLIMATE SUMMARY FOR JULY 15 2014...

CLIMATE NORMAL PERIOD 1981 TO 2010
CLIMATE RECORD PERIOD 1870 TO 2014


WEATHER ITEM   OBSERVED TIME   RECORD YEAR NORMAL DEPARTURE LAST
                VALUE   (LST)  VALUE       VALUE  FROM      YEAR
                                                  NORMAL
..................................................................
TEMPERATURE (F)
 YESTERDAY
  MAXIMUM         71    516 PM  96    2006  77     -6       81
  MINIMUM         51   1159 PM  43    1962  56     -5       65
                                      1912
  AVERAGE         61                        66     -5       73

PRECIPITATION (IN)
  YESTERDAY        0.00          1.31 1907   0.12  -0.12     0.11
  MONTH TO DATE    2.46                      2.04   0.42     0.84
  SINCE JUN 1      6.93                      6.27   0.66     5.38
  SINCE JAN 1     19.36                     15.19   4.17    18.72

SNOWFALL (IN)
  YESTERDAY        0.0                       0.0    0.0      0.0
  MONTH TO DATE    0.0                       0.0    0.0      0.0
  SINCE JUN 1      T                         0.0    0.0      0.0
  SINCE JUL 1      0.0                       0.0    0.0      0.0
  SNOW DEPTH       0

DEGREE DAYS
 HEATING
  YESTERDAY        4                         2      2        0
  MONTH TO DATE   29                        36     -7        9
  SINCE JUN 1    191                       215    -24      155
  SINCE JUL 1     29                        36     -7        9

 COOLING
  YESTERDAY        0                         3     -3        8
  MONTH TO DATE   29                        42    -13       73
  SINCE JUN 1     58                        72    -14      126
  SINCE JAN 1     76                        76      0      127
..................................................................


WIND (MPH)
  HIGHEST WIND SPEED    18   HIGHEST WIND DIRECTION    NW (330)
  HIGHEST GUST SPEED    25   HIGHEST GUST DIRECTION    NW (330)
  AVERAGE WIND SPEED     9.7


SKY COVER
  AVERAGE SKY COVER 0.6


WEATHER CONDITIONS
 THE FOLLOWING WEATHER WAS RECORDED YESTERDAY.
  NO SIGNIFICANT WEATHER WAS OBSERVED.


RELATIVE HUMIDITY (PERCENT)
 HIGHEST    89          1200 AM
 LOWEST     38           500 PM
 AVERAGE    64

..........................................................


THE DULUTH MN CLIMATE NORMALS FOR TODAY
                         NORMAL    RECORD    YEAR
 MAXIMUM TEMPERATURE (F)   77        97      1936
 MINIMUM TEMPERATURE (F)   56        44      1958


SUNRISE AND SUNSET
JULY 16 2014..........SUNRISE   531 AM CDT   SUNSET   858 PM CDT
JULY 17 2014..........SUNRISE   532 AM CDT   SUNSET   858 PM CDT


-  INDICATES NEGATIVE NUMBERS.
R  INDICATES RECORD WAS SET OR TIED.
MM INDICATES DATA IS MISSING.
T  INDICATES TRACE AMOUNT.




$$
