000
CDUS43 KDLH 020625
CLIDLH


CLIMATE REPORT
NATIONAL WEATHER SERVICE DULUTH MN
123 AM CDT THU NOV 2 2017


...................................

...THE DULUTH MN CLIMATE SUMMARY FOR NOVEMBER 1 2017...

CLIMATE NORMAL PERIOD 1981 TO 2010
CLIMATE RECORD PERIOD 1870 TO 2017


WEATHER ITEM   OBSERVED TIME   RECORD YEAR NORMAL DEPARTURE LAST
                VALUE   (LST)  VALUE       VALUE  FROM      YEAR
                                                  NORMAL
..................................................................
TEMPERATURE (F)
 YESTERDAY
  MAXIMUM         31   1159 PM  68    1990  44    -13       56
  MINIMUM         21    340 AM   2    1951  29     -8       37
  AVERAGE         26                        36    -10       47

PRECIPITATION (IN)
  YESTERDAY        0.39          1.33 1991   0.08   0.31      T
  MONTH TO DATE    0.39                      0.08   0.31      T
  SINCE SEP 1      7.34                      7.04   0.30     5.07
  SINCE JAN 1     35.03                     27.74   7.29    28.99

SNOWFALL (IN)
  YESTERDAY        4.4          24.1  1991   0.3    4.1      0.0
  MONTH TO DATE    4.4                       0.3    4.1      0.0
  SINCE SEP 1     15.5                       2.7   12.8       T
  SINCE JUL 1     15.5                       2.7   12.8       T
  SNOW DEPTH       3

DEGREE DAYS
 HEATING
  YESTERDAY       39                        29     10       18
  MONTH TO DATE   39                        29     10       18
  SINCE SEP 1    845                      1005   -160      711
  SINCE JUL 1   1015                      1154   -139      765

 COOLING
  YESTERDAY        0                         0      0        0
  MONTH TO DATE    0                         0      0        0
  SINCE SEP 1     26                        14     12       14
  SINCE JAN 1    126                       204    -78      281
..................................................................


WIND (MPH)
  HIGHEST WIND SPEED    18   HIGHEST WIND DIRECTION    SE (120)
  HIGHEST GUST SPEED    23   HIGHEST GUST DIRECTION    SE (130)
  AVERAGE WIND SPEED    10.7


SKY COVER
  AVERAGE SKY COVER 0.8


WEATHER CONDITIONS
 THE FOLLOWING WEATHER WAS RECORDED YESTERDAY.
  SNOW
  LIGHT SNOW
  FOG
  HAZE


RELATIVE HUMIDITY (PERCENT)
 HIGHEST   100           100 PM
 LOWEST     75           900 AM
 AVERAGE    88

..........................................................


THE DULUTH MN CLIMATE NORMALS FOR TODAY
                         NORMAL    RECORD    YEAR
 MAXIMUM TEMPERATURE (F)   43        71      1903
 MINIMUM TEMPERATURE (F)   29        -1      1951


SUNRISE AND SUNSET
NOVEMBER  2 2017......SUNRISE   753 AM CDT   SUNSET   551 PM CDT
NOVEMBER  3 2017......SUNRISE   754 AM CDT   SUNSET   550 PM CDT


-  INDICATES NEGATIVE NUMBERS.
R  INDICATES RECORD WAS SET OR TIED.
MM INDICATES DATA IS MISSING.
T  INDICATES TRACE AMOUNT.




$$
