000
CDUS43 KDLH 172221
CLIDLH


CLIMATE REPORT
NATIONAL WEATHER SERVICE DULUTH MN
421 PM CST TUE FEB 17 2015


...................................

...THE DULUTH MN CLIMATE SUMMARY FOR FEBRUARY 17 2015...
VALID TODAY AS OF 0400 PM LOCAL TIME.

CLIMATE NORMAL PERIOD 1981 TO 2010
CLIMATE RECORD PERIOD 1870 TO 2015


WEATHER ITEM   OBSERVED TIME   RECORD YEAR NORMAL DEPARTURE LAST
                VALUE   (LST)  VALUE       VALUE  FROM      YEAR
                                                  NORMAL
..................................................................
TEMPERATURE (F)
 TODAY
  MAXIMUM          5   1216 AM  52    1981  25    -20       22
  MINIMUM         -9    915 AM -29    1936   7    -16        9
  AVERAGE         -2                        16    -18       16

PRECIPITATION (IN)
  TODAY            T             0.63 1972   0.03  -0.03     0.45
  MONTH TO DATE    0.29                      0.42  -0.13     0.86
  SINCE DEC 1      2.01                      2.59  -0.58     4.47
  SINCE JAN 1      0.75                      1.38  -0.63     1.59

SNOWFALL (IN)
  TODAY            T             6.0  2014   0.5   -0.5      6.0
                                      1972
  MONTH TO DATE    6.1                       7.0   -0.9     15.2
  SINCE JUL 1     37.8                      60.2  -22.4     69.5
  SNOW DEPTH      10

DEGREE DAYS
 HEATING
  TODAY           67                        49     18       49
  MONTH TO DATE  967                       880     87     1059
  SINCE DEC 1   3924                      4135   -211     4880
  SINCE JUL 1   6139                      6348   -209     6837

 COOLING
  TODAY            0                         0      0        0
  MONTH TO DATE    0                         0      0        0
  SINCE DEC 1      0                         0      0        0
  SINCE JAN 1      0                         0      0        0
..................................................................


WIND (MPH)
  HIGHEST WIND SPEED    16   HIGHEST WIND DIRECTION     W (280)
  HIGHEST GUST SPEED    21   HIGHEST GUST DIRECTION     W (280)
  AVERAGE WIND SPEED    10.6


SKY COVER
  POSSIBLE SUNSHINE  MM
  AVERAGE SKY COVER 0.5


WEATHER CONDITIONS
 THE FOLLOWING WEATHER WAS RECORDED TODAY.
  LIGHT SNOW
  HAZE


RELATIVE HUMIDITY (PERCENT)
 HIGHEST    79           100 AM
 LOWEST     57           100 PM
 AVERAGE    68

..........................................................


THE DULUTH MN CLIMATE NORMALS FOR TOMORROW
                         NORMAL    RECORD    YEAR
 MAXIMUM TEMPERATURE (F)   25        53      1981
 MINIMUM TEMPERATURE (F)    7       -25      1966


SUNRISE AND SUNSET
FEBRUARY 17 2015......SUNRISE   710 AM CST   SUNSET   536 PM CST
FEBRUARY 18 2015......SUNRISE   708 AM CST   SUNSET   538 PM CST


-  INDICATES NEGATIVE NUMBERS.
R  INDICATES RECORD WAS SET OR TIED.
MM INDICATES DATA IS MISSING.
T  INDICATES TRACE AMOUNT.




$$
