659
CDUS43 KDLH 270631
CLIDLH


CLIMATE REPORT
NATIONAL WEATHER SERVICE DULUTH MN
129 AM CDT TUE SEP 27 2016


...................................

...THE DULUTH MN CLIMATE SUMMARY FOR SEPTEMBER 26 2016...

CLIMATE NORMAL PERIOD 1981 TO 2010
CLIMATE RECORD PERIOD 1870 TO 2016


WEATHER ITEM   OBSERVED TIME   RECORD YEAR NORMAL DEPARTURE LAST
                VALUE   (LST)  VALUE       VALUE  FROM      YEAR
                                                  NORMAL
..................................................................
TEMPERATURE (F)
 YESTERDAY
  MAXIMUM         54    433 PM  80    1923  61     -7       68
  MINIMUM         48    800 AM  23    1965  42      6       53
  AVERAGE         51                        51      0       61

PRECIPITATION (IN)
  YESTERDAY        0.15          2.43 1996   0.13   0.02     0.00
  MONTH TO DATE    3.40                      3.61  -0.21     6.79
  SINCE SEP 1      3.40                      3.61  -0.21     6.79
  SINCE JAN 1     27.32                     24.31   3.01    23.92

SNOWFALL (IN)
  YESTERDAY        0.0           T    1964   0.0    0.0      0.0
  MONTH TO DATE    0.0                       0.1   -0.1      0.0
  SINCE SEP 1      0.0                       0.1   -0.1      0.0
  SINCE JUL 1      0.0                       0.1   -0.1      0.0
  SNOW DEPTH       0

DEGREE DAYS
 HEATING
  YESTERDAY       14                        14      0        4
  MONTH TO DATE  116                       237   -121      109
  SINCE SEP 1    116                       237   -121      109
  SINCE JUL 1    170                       386   -216      205

 COOLING
  YESTERDAY        0                         0      0        0
  MONTH TO DATE   14                        13      1       52
  SINCE SEP 1     14                        13      1       52
  SINCE JAN 1    281                       203     78      330
..................................................................


WIND (MPH)
  HIGHEST WIND SPEED    30   HIGHEST WIND DIRECTION     W (290)
  HIGHEST GUST SPEED    40   HIGHEST GUST DIRECTION     W (280)
  AVERAGE WIND SPEED    20.0


SKY COVER
  AVERAGE SKY COVER 0.9


WEATHER CONDITIONS
 THE FOLLOWING WEATHER WAS RECORDED YESTERDAY.
  LIGHT RAIN
  FOG


RELATIVE HUMIDITY (PERCENT)
 HIGHEST   100           400 AM
 LOWEST     71          1000 AM
 AVERAGE    86

..........................................................


THE DULUTH MN CLIMATE NORMALS FOR TODAY
                         NORMAL    RECORD    YEAR
 MAXIMUM TEMPERATURE (F)   60        83      1987
 MINIMUM TEMPERATURE (F)   42        27      1991
                                             1965


SUNRISE AND SUNSET
SEPTEMBER 27 2016.....SUNRISE   703 AM CDT   SUNSET   655 PM CDT
SEPTEMBER 28 2016.....SUNRISE   704 AM CDT   SUNSET   653 PM CDT


-  INDICATES NEGATIVE NUMBERS.
R  INDICATES RECORD WAS SET OR TIED.
MM INDICATES DATA IS MISSING.
T  INDICATES TRACE AMOUNT.




$$
