000
CDUS43 KDLH 250633
CLIDLH


CLIMATE REPORT
NATIONAL WEATHER SERVICE DULUTH MN
132 AM CDT TUE JUL 25 2017


...................................

...THE DULUTH MN CLIMATE SUMMARY FOR JULY 24 2017...

CLIMATE NORMAL PERIOD 1981 TO 2010
CLIMATE RECORD PERIOD 1870 TO 2017


WEATHER ITEM   OBSERVED TIME   RECORD YEAR NORMAL DEPARTURE LAST
                VALUE   (LST)  VALUE       VALUE  FROM      YEAR
                                                  NORMAL
..................................................................
TEMPERATURE (F)
 YESTERDAY
  MAXIMUM         74    231 PM  91    1886  77     -3       81
  MINIMUM         49    426 AM  41    2004  56     -7       62
  AVERAGE         62                        66     -4       72

PRECIPITATION (IN)
  YESTERDAY        0.00          1.23 1949   0.12  -0.12     0.03
  MONTH TO DATE    4.08                      3.08   1.00     4.35
  SINCE JUN 1      9.29                      7.31   1.98     8.81
  SINCE JAN 1     20.43                     16.23   4.20    18.92

SNOWFALL (IN)
  YESTERDAY        0.0           0.0  2002   0.0    0.0      0.0
                                      2001
  MONTH TO DATE    T                         0.0    0.0      0.0
  SINCE JUN 1      T                         0.0    0.0       T
  SINCE JUL 1      T                         0.0    0.0      0.0
  SNOW DEPTH       0

DEGREE DAYS
 HEATING
  YESTERDAY        3                         2      1        0
  MONTH TO DATE   51                        54     -3       21
  SINCE JUN 1    182                       233    -51      163
  SINCE JUL 1     51                        54     -3       21

 COOLING
  YESTERDAY        0                         3     -3        7
  MONTH TO DATE   42                        69    -27       83
  SINCE JUN 1     55                        99    -44      126
  SINCE JAN 1     55                       103    -48      135
..................................................................


WIND (MPH)
  HIGHEST WIND SPEED    14   HIGHEST WIND DIRECTION    SE (130)
  HIGHEST GUST SPEED    17   HIGHEST GUST DIRECTION    SE (150)
  AVERAGE WIND SPEED     6.2


SKY COVER
  AVERAGE SKY COVER 0.4


WEATHER CONDITIONS
 THE FOLLOWING WEATHER WAS RECORDED YESTERDAY.
  FOG
  FOG W/VISIBILITY <= 1/4 MILE


RELATIVE HUMIDITY (PERCENT)
 HIGHEST   100          1200 AM
 LOWEST     53           100 PM
 AVERAGE    77

..........................................................


THE DULUTH MN CLIMATE NORMALS FOR TODAY
                         NORMAL    RECORD    YEAR
 MAXIMUM TEMPERATURE (F)   77        89      1989
                                             1892
                                             1874
 MINIMUM TEMPERATURE (F)   56        42      1915


SUNRISE AND SUNSET
JULY 25 2017..........SUNRISE   541 AM CDT   SUNSET   849 PM CDT
JULY 26 2017..........SUNRISE   542 AM CDT   SUNSET   848 PM CDT


-  INDICATES NEGATIVE NUMBERS.
R  INDICATES RECORD WAS SET OR TIED.
MM INDICATES DATA IS MISSING.
T  INDICATES TRACE AMOUNT.




$$
