000
CDUS43 KDLH 220624
CLIDLH


CLIMATE REPORT
NATIONAL WEATHER SERVICE DULUTH MN
123 AM CDT TUE APR 22 2014


...................................

...THE DULUTH MN CLIMATE SUMMARY FOR APRIL 21 2014...

CLIMATE NORMAL PERIOD 1981 TO 2010
CLIMATE RECORD PERIOD 1870 TO 2014


WEATHER ITEM   OBSERVED TIME   RECORD YEAR NORMAL DEPARTURE LAST
                VALUE   (LST)  VALUE       VALUE  FROM      YEAR
                                                  NORMAL
..................................................................
TEMPERATURE (F)
 YESTERDAY
  MAXIMUM         60    952 AM  76    1990  52      8       38
  MINIMUM         36   1159 PM  18    1991  32      4       21
  AVERAGE         48                        42      6       30

PRECIPITATION (IN)
  YESTERDAY        0.00          1.54 1964   0.09  -0.09     0.19
  MONTH TO DATE    1.51                      1.58  -0.07     4.02
  SINCE MAR 1      3.42                      3.07   0.35     6.06
  SINCE JAN 1      6.27                      4.84   1.43     8.61

SNOWFALL (IN)
  YESTERDAY        0.0           6.4  1912   0.2   -0.2      0.3
  MONTH TO DATE   20.6                       5.7   14.9     42.0
  SINCE MAR 1     41.5                      18.9   22.6     67.8
  SINCE JUL 1    125.3                      84.5   40.8    120.6
  SNOW DEPTH       4

DEGREE DAYS
 HEATING
  YESTERDAY       17                        23     -6       35
  MONTH TO DATE  640                       578     62      724
  SINCE MAR 1   2079                      1788    291     2057
  SINCE JUL 1   9520                      8655    865     8565

 COOLING
  YESTERDAY        0                         0      0        0
  MONTH TO DATE    0                         0      0        0
  SINCE MAR 1      0                         0      0        0
  SINCE JAN 1      0                         0      0        0
..................................................................


WIND (MPH)
  HIGHEST WIND SPEED    26   HIGHEST WIND DIRECTION    NW (310)
  HIGHEST GUST SPEED    34   HIGHEST GUST DIRECTION    NW (310)
  AVERAGE WIND SPEED    12.5


SKY COVER
  AVERAGE SKY COVER 0.4


WEATHER CONDITIONS
 THE FOLLOWING WEATHER WAS RECORDED YESTERDAY.
  NO SIGNIFICANT WEATHER WAS OBSERVED.


RELATIVE HUMIDITY (PERCENT)
 HIGHEST    59           800 PM
 LOWEST     37           900 AM
 AVERAGE    48

..........................................................


THE DULUTH MN CLIMATE NORMALS FOR TODAY
                         NORMAL    RECORD    YEAR
 MAXIMUM TEMPERATURE (F)   53        80      1990
                                             1980
 MINIMUM TEMPERATURE (F)   33        17      1909


SUNRISE AND SUNSET
APRIL 22 2014.........SUNRISE   608 AM CDT   SUNSET   806 PM CDT
APRIL 23 2014.........SUNRISE   607 AM CDT   SUNSET   808 PM CDT


-  INDICATES NEGATIVE NUMBERS.
R  INDICATES RECORD WAS SET OR TIED.
MM INDICATES DATA IS MISSING.
T  INDICATES TRACE AMOUNT.




$$
