000
CDUS43 KDLH 230626
CLIDLH


CLIMATE REPORT
NATIONAL WEATHER SERVICE DULUTH MN
1226 AM CST THU NOV 23 2017


...................................

...THE DULUTH MN CLIMATE SUMMARY FOR NOVEMBER 22 2017...

CLIMATE NORMAL PERIOD 1981 TO 2010
CLIMATE RECORD PERIOD 1870 TO 2017


WEATHER ITEM   OBSERVED TIME   RECORD YEAR NORMAL DEPARTURE LAST
                VALUE   (LST)  VALUE       VALUE  FROM      YEAR
                                                  NORMAL
..................................................................
TEMPERATURE (F)
 YESTERDAY
  MAXIMUM         22   1159 PM  52    2012  32    -10       32
                                      2006
                                      1966
  MINIMUM          8    746 AM  -9    1880  18    -10       27
  AVERAGE         15                        25    -10       30

PRECIPITATION (IN)
  YESTERDAY        0.02          1.14 1886   0.06  -0.04     0.10
  MONTH TO DATE    1.24                      1.61  -0.37     1.25
  SINCE SEP 1      8.19                      8.57  -0.38     6.32
  SINCE JAN 1     35.88                     29.27   6.61    30.24

SNOWFALL (IN)
  YESTERDAY        0.3           8.5  1886   0.5   -0.2      1.1
  MONTH TO DATE   10.5                       9.1    1.4      4.6
  SINCE SEP 1     21.6                      11.5   10.1      4.6
  SINCE JUL 1     21.6                      11.5   10.1      4.6
  SNOW DEPTH       2

DEGREE DAYS
 HEATING
  YESTERDAY       50                        40     10       35
  MONTH TO DATE  904                       751    153      498
  SINCE SEP 1   1710                      1727    -17     1191
  SINCE JUL 1   1880                      1876      4     1245

 COOLING
  YESTERDAY        0                         0      0        0
  MONTH TO DATE    0                         0      0        0
  SINCE SEP 1     26                        14     12       14
  SINCE JAN 1    126                       204    -78      281
..................................................................


WIND (MPH)
  HIGHEST WIND SPEED    16   HIGHEST WIND DIRECTION    SW (220)
  HIGHEST GUST SPEED    21   HIGHEST GUST DIRECTION    SW (230)
  AVERAGE WIND SPEED     8.6


SKY COVER
  AVERAGE SKY COVER 0.6


WEATHER CONDITIONS
 THE FOLLOWING WEATHER WAS RECORDED YESTERDAY.
  LIGHT SNOW
  FOG


RELATIVE HUMIDITY (PERCENT)
 HIGHEST    92           400 AM
 LOWEST     73          1200 AM
 AVERAGE    83

..........................................................


THE DULUTH MN CLIMATE NORMALS FOR TODAY
                         NORMAL    RECORD    YEAR
 MAXIMUM TEMPERATURE (F)   31        51      1907
 MINIMUM TEMPERATURE (F)   18       -10      1956


SUNRISE AND SUNSET
NOVEMBER 23 2017......SUNRISE   723 AM CST   SUNSET   427 PM CST
NOVEMBER 24 2017......SUNRISE   725 AM CST   SUNSET   426 PM CST


-  INDICATES NEGATIVE NUMBERS.
R  INDICATES RECORD WAS SET OR TIED.
MM INDICATES DATA IS MISSING.
T  INDICATES TRACE AMOUNT.




$$
