000
CDUS43 KDLH 090631
CLIDLH


CLIMATE REPORT
NATIONAL WEATHER SERVICE DULUTH MN
129 AM CDT WED JUL 9 2014


...................................

...THE DULUTH MN CLIMATE SUMMARY FOR JULY 8 2014...

CLIMATE NORMAL PERIOD 1981 TO 2010
CLIMATE RECORD PERIOD 1870 TO 2014


WEATHER ITEM   OBSERVED TIME   RECORD YEAR NORMAL DEPARTURE LAST
                VALUE   (LST)  VALUE       VALUE  FROM      YEAR
                                                  NORMAL
..................................................................
TEMPERATURE (F)
 YESTERDAY
  MAXIMUM         69   1049 AM  98    1936  76     -7       79
  MINIMUM         54    415 AM  37    1961  55     -1       55
  AVERAGE         62                        65     -3       67

PRECIPITATION (IN)
  YESTERDAY        0.07          1.93 1889   0.13  -0.06     0.00
  MONTH TO DATE    1.54                      1.16   0.38     0.34
  SINCE JUN 1      6.01                      5.39   0.62     4.88
  SINCE JAN 1     18.44                     14.31   4.13    18.22

SNOWFALL (IN)
  YESTERDAY        0.0           T    1992   0.0    0.0      0.0
  MONTH TO DATE    0.0                       0.0    0.0      0.0
  SINCE JUN 1      T                         0.0    0.0      0.0
  SINCE JUL 1      0.0                       0.0    0.0      0.0
  SNOW DEPTH       0

DEGREE DAYS
 HEATING
  YESTERDAY        3                         2      1        0
  MONTH TO DATE    9                        22    -13        8
  SINCE JUN 1    171                       201    -30      154
  SINCE JUL 1      9                        22    -13        8

 COOLING
  YESTERDAY        0                         3     -3        2
  MONTH TO DATE   24                        21      3       30
  SINCE JUN 1     53                        51      2       83
  SINCE JAN 1     71                        55     16       84
..................................................................


WIND (MPH)
  HIGHEST WIND SPEED    20   HIGHEST WIND DIRECTION     N (340)
  HIGHEST GUST SPEED    32   HIGHEST GUST DIRECTION     N (350)
  AVERAGE WIND SPEED     8.8


SKY COVER
  AVERAGE SKY COVER 0.8


WEATHER CONDITIONS
 THE FOLLOWING WEATHER WAS RECORDED YESTERDAY.
  THUNDERSTORM
  RAIN
  LIGHT RAIN
  FOG
  HAZE


RELATIVE HUMIDITY (PERCENT)
 HIGHEST    87           500 AM
 LOWEST     63           900 AM
 AVERAGE    75

..........................................................


THE DULUTH MN CLIMATE NORMALS FOR TODAY
                         NORMAL    RECORD    YEAR
 MAXIMUM TEMPERATURE (F)   76        98      1936
 MINIMUM TEMPERATURE (F)   55        42      1997


SUNRISE AND SUNSET
JULY  9 2014..........SUNRISE   524 AM CDT   SUNSET   903 PM CDT
JULY 10 2014..........SUNRISE   525 AM CDT   SUNSET   903 PM CDT


-  INDICATES NEGATIVE NUMBERS.
R  INDICATES RECORD WAS SET OR TIED.
MM INDICATES DATA IS MISSING.
T  INDICATES TRACE AMOUNT.




$$
