000
CDUS43 KDLH 052222
CLIDLH


CLIMATE REPORT
NATIONAL WEATHER SERVICE DULUTH MN
522 PM CDT SUN JUL 5 2015


...................................

...THE DULUTH MN CLIMATE SUMMARY FOR JULY 5 2015...
VALID TODAY AS OF 0500 PM LOCAL TIME.

CLIMATE NORMAL PERIOD 1981 TO 2010
CLIMATE RECORD PERIOD 1870 TO 2015


WEATHER ITEM   OBSERVED TIME   RECORD YEAR NORMAL DEPARTURE LAST
                VALUE   (LST)  VALUE       VALUE  FROM      YEAR
                                                  NORMAL
..................................................................
TEMPERATURE (F)
 TODAY
  MAXIMUM         83    351 PM  94    1886  76      7       82
  MINIMUM         56    324 AM  36    1967  54      2       63
  AVERAGE         70                        65      5       73

PRECIPITATION (IN)
  TODAY            0.00          3.25 1999   0.15  -0.15      T
  MONTH TO DATE    0.12                      0.75  -0.63     0.01
  SINCE JUN 1      3.76                      4.98  -1.22     4.48
  SINCE JAN 1     10.15                     13.90  -3.75    16.91

SNOWFALL (IN)
  TODAY            0.0                       0.0    0.0      0.0
  MONTH TO DATE    0.0                       0.0    0.0      0.0
  SINCE JUL 1      0.0                       0.0    0.0      0.0
  SNOW DEPTH       0

DEGREE DAYS
 HEATING
  TODAY            0                         3     -3        0
  MONTH TO DATE    5                        15    -10        6
  SINCE JUN 1    126                       194    -68      168
  SINCE JUL 1      5                        15    -10        6

 COOLING
  TODAY            5                         3      2        8
  MONTH TO DATE   12                        12      0        8
  SINCE JUN 1     34                        42     -8       37
  SINCE JAN 1     38                        46     -8       55
..................................................................


WIND (MPH)
  HIGHEST WIND SPEED    21   HIGHEST WIND DIRECTION     S (190)
  HIGHEST GUST SPEED    26   HIGHEST GUST DIRECTION     S (200)
  AVERAGE WIND SPEED    10.6


SKY COVER
  POSSIBLE SUNSHINE  MM
  AVERAGE SKY COVER 0.2


WEATHER CONDITIONS
 THE FOLLOWING WEATHER WAS RECORDED TODAY.
  FOG
  HAZE


RELATIVE HUMIDITY (PERCENT)
 HIGHEST    87          1200 AM
 LOWEST     55           100 PM
 AVERAGE    71

..........................................................


THE DULUTH MN CLIMATE NORMALS FOR TOMORROW
                         NORMAL    RECORD    YEAR
 MAXIMUM TEMPERATURE (F)   76        95      1988
 MINIMUM TEMPERATURE (F)   55        41      1969
                                             1965


SUNRISE AND SUNSET
JULY  5 2015..........SUNRISE   521 AM CDT   SUNSET   905 PM CDT
JULY  6 2015..........SUNRISE   522 AM CDT   SUNSET   905 PM CDT


-  INDICATES NEGATIVE NUMBERS.
R  INDICATES RECORD WAS SET OR TIED.
MM INDICATES DATA IS MISSING.
T  INDICATES TRACE AMOUNT.




$$
