964
CDUS43 KDLH 291253
CLIDLH


CLIMATE REPORT
NATIONAL WEATHER SERVICE DULUTH MN
751 AM CDT THU SEP 29 2016


...................................

...THE DULUTH MN CLIMATE SUMMARY FOR SEPTEMBER 28 2016...

CLIMATE NORMAL PERIOD 1981 TO 2010
CLIMATE RECORD PERIOD 1870 TO 2016


WEATHER ITEM   OBSERVED TIME   RECORD YEAR NORMAL DEPARTURE LAST
                VALUE   (LST)  VALUE       VALUE  FROM      YEAR
                                                  NORMAL
..................................................................
TEMPERATURE (F)
 YESTERDAY
  MAXIMUM         59    215 PM  81    2014  60     -1       72
  MINIMUM         49    652 AM  24    1961  41      8       47
  AVERAGE         54                        50      4       60

PRECIPITATION (IN)
  YESTERDAY        0.00          1.76 1891   0.12  -0.12     0.00
  MONTH TO DATE    3.52                      3.86  -0.34     6.81
  SINCE SEP 1      3.52                      3.86  -0.34     6.81
  SINCE JAN 1     27.44                     24.56   2.88    23.94

SNOWFALL (IN)
  YESTERDAY        0.0           T    1993   0.0    0.0      0.0
  MONTH TO DATE    0.0                       0.1   -0.1      0.0
  SINCE SEP 1      0.0                       0.1   -0.1      0.0
  SINCE JUL 1      0.0                       0.1   -0.1      0.0
  SNOW DEPTH       0

DEGREE DAYS
 HEATING
  YESTERDAY       11                        15     -4        5
  MONTH TO DATE  143                       266   -123      114
  SINCE SEP 1    143                       266   -123      114
  SINCE JUL 1    197                       415   -218      210

 COOLING
  YESTERDAY        0                         0      0        0
  MONTH TO DATE   14                        13      1       54
  SINCE SEP 1     14                        13      1       54
  SINCE JAN 1    281                       203     78      332
..................................................................


WIND (MPH)
  HIGHEST WIND SPEED    15   HIGHEST WIND DIRECTION    NE (40)
  HIGHEST GUST SPEED    21   HIGHEST GUST DIRECTION     N (20)
  AVERAGE WIND SPEED     6.5


SKY COVER
  AVERAGE SKY COVER 0.8


WEATHER CONDITIONS
 THE FOLLOWING WEATHER WAS RECORDED YESTERDAY.
  NO SIGNIFICANT WEATHER WAS OBSERVED.


RELATIVE HUMIDITY (PERCENT)
 HIGHEST    93           100 AM
 LOWEST     72          1100 AM
 AVERAGE    83

..........................................................


THE DULUTH MN CLIMATE NORMALS FOR TODAY
                         NORMAL    RECORD    YEAR
 MAXIMUM TEMPERATURE (F)   59        83      1892
 MINIMUM TEMPERATURE (F)   41        25      1984


SUNRISE AND SUNSET
SEPTEMBER 29 2016.....SUNRISE   705 AM CDT   SUNSET   651 PM CDT
SEPTEMBER 30 2016.....SUNRISE   707 AM CDT   SUNSET   649 PM CDT


-  INDICATES NEGATIVE NUMBERS.
R  INDICATES RECORD WAS SET OR TIED.
MM INDICATES DATA IS MISSING.
T  INDICATES TRACE AMOUNT.




$$
