000
CDUS43 KDLH 220619
CLIDLH


CLIMATE REPORT
NATIONAL WEATHER SERVICE DULUTH MN
118 AM CDT WED OCT 22 2014


...................................

...THE DULUTH MN CLIMATE SUMMARY FOR OCTOBER 21 2014...

CLIMATE NORMAL PERIOD 1981 TO 2010
CLIMATE RECORD PERIOD 1870 TO 2014


WEATHER ITEM   OBSERVED TIME   RECORD YEAR NORMAL DEPARTURE LAST
                VALUE   (LST)  VALUE       VALUE  FROM      YEAR
                                                  NORMAL
..................................................................
TEMPERATURE (F)
 YESTERDAY
  MAXIMUM         47    158 PM  80    1901  49     -2       35
  MINIMUM         37   1112 PM  14    1913  33      4       30
  AVERAGE         42                        41      1       33

PRECIPITATION (IN)
  YESTERDAY        0.00          1.09 1949   0.09  -0.09     0.02
  MONTH TO DATE    1.60                      2.08  -0.48     3.72
  SINCE SEP 1      3.24                      6.19  -2.95     4.98
  SINCE JAN 1     28.19                     26.89   1.30    26.57

SNOWFALL (IN)
  YESTERDAY        0.0           4.2  1995   0.1   -0.1      0.2
  MONTH TO DATE    T                         1.0   -1.0      0.2
  SINCE SEP 1      T                         1.1   -1.1      0.2
  SINCE JUL 1      T                         1.1   -1.1      0.2
  SNOW DEPTH       0

DEGREE DAYS
 HEATING
  YESTERDAY       23                        24     -1       32
  MONTH TO DATE  416                       417     -1      317
  SINCE SEP 1    643                       715    -72      485
  SINCE JUL 1    720                       864   -144      559

 COOLING
  YESTERDAY        0                         0      0        0
  MONTH TO DATE    0                         0      0        0
  SINCE SEP 1      9                        14     -5       24
  SINCE JAN 1    179                       204    -25      375
..................................................................


WIND (MPH)
  HIGHEST WIND SPEED    17   HIGHEST WIND DIRECTION     E (100)
  HIGHEST GUST SPEED    22   HIGHEST GUST DIRECTION     E (100)
  AVERAGE WIND SPEED    11.8


SKY COVER
  AVERAGE SKY COVER 0.7


WEATHER CONDITIONS
 THE FOLLOWING WEATHER WAS RECORDED YESTERDAY.
  NO SIGNIFICANT WEATHER WAS OBSERVED.


RELATIVE HUMIDITY (PERCENT)
 HIGHEST    92          1100 PM
 LOWEST     65           100 PM
 AVERAGE    79

..........................................................


THE DULUTH MN CLIMATE NORMALS FOR TODAY
                         NORMAL    RECORD    YEAR
 MAXIMUM TEMPERATURE (F)   49        76      1901
 MINIMUM TEMPERATURE (F)   33         9      1936


SUNRISE AND SUNSET
OCTOBER 22 2014.......SUNRISE   736 AM CDT   SUNSET   609 PM CDT
OCTOBER 23 2014.......SUNRISE   738 AM CDT   SUNSET   607 PM CDT


-  INDICATES NEGATIVE NUMBERS.
R  INDICATES RECORD WAS SET OR TIED.
MM INDICATES DATA IS MISSING.
T  INDICATES TRACE AMOUNT.




$$
