000
CDUS43 KDLH 310626
CLIDLH


CLIMATE REPORT
NATIONAL WEATHER SERVICE DULUTH MN
1226 AM CST SAT JAN 31 2015


...................................

...THE DULUTH MN CLIMATE SUMMARY FOR JANUARY 30 2015...

CLIMATE NORMAL PERIOD 1981 TO 2010
CLIMATE RECORD PERIOD 1870 TO 2015


WEATHER ITEM   OBSERVED TIME   RECORD YEAR NORMAL DEPARTURE LAST
                VALUE   (LST)  VALUE       VALUE  FROM      YEAR
                                                  NORMAL
..................................................................
TEMPERATURE (F)
 YESTERDAY
  MAXIMUM         18   1159 PM  44    1890  20     -2       20
  MINIMUM         -1    649 AM -35    1994   2     -3       -9
  AVERAGE          9                        11     -2        6

PRECIPITATION (IN)
  YESTERDAY        T             0.51 2001   0.02  -0.02     0.00
  MONTH TO DATE    0.46                      0.93  -0.47     0.73
  SINCE DEC 1      1.72                      2.14  -0.42     3.61
  SINCE JAN 1      0.46                      0.93  -0.47     0.73

SNOWFALL (IN)
  YESTERDAY        T             4.7  1974   0.5   -0.5      0.0
  MONTH TO DATE    6.6                      18.9  -12.3      9.4
  SINCE DEC 1     15.2                      36.6  -21.4     49.3
  SINCE JUL 1     31.7                      52.7  -21.0     54.3
  SNOW DEPTH       7

DEGREE DAYS
 HEATING
  YESTERDAY       56                        54      2       59
  MONTH TO DATE 1562                      1644    -82     1884
  SINCE DEC 1   2903                      3200   -297     3750
  SINCE JUL 1   5118                      5413   -295     5707

 COOLING
  YESTERDAY        0                         0      0        0
  MONTH TO DATE    0                         0      0        0
  SINCE DEC 1      0                         0      0        0
  SINCE JAN 1      0                         0      0        0
..................................................................


WIND (MPH)
  HIGHEST WIND SPEED    14   HIGHEST WIND DIRECTION     S (180)
  HIGHEST GUST SPEED    17   HIGHEST GUST DIRECTION    NW (320)
  AVERAGE WIND SPEED     6.3


SKY COVER
  AVERAGE SKY COVER 0.7


WEATHER CONDITIONS
 THE FOLLOWING WEATHER WAS RECORDED YESTERDAY.
  LIGHT SNOW


RELATIVE HUMIDITY (PERCENT)
 HIGHEST    87           900 AM
 LOWEST     59           400 PM
 AVERAGE    73

..........................................................


THE DULUTH MN CLIMATE NORMALS FOR TODAY
                         NORMAL    RECORD    YEAR
 MAXIMUM TEMPERATURE (F)   20        48      1892
 MINIMUM TEMPERATURE (F)    2       -33      1982


SUNRISE AND SUNSET
JANUARY 31 2015.......SUNRISE   734 AM CST   SUNSET   510 PM CST
FEBRUARY  1 2015......SUNRISE   733 AM CST   SUNSET   512 PM CST


-  INDICATES NEGATIVE NUMBERS.
R  INDICATES RECORD WAS SET OR TIED.
MM INDICATES DATA IS MISSING.
T  INDICATES TRACE AMOUNT.




$$
