000
CDUS43 KDLH 160639
CLIDLH


CLIMATE REPORT
NATIONAL WEATHER SERVICE DULUTH MN
132 AM CDT MON OCT 16 2017


...................................

...THE DULUTH MN CLIMATE SUMMARY FOR OCTOBER 15 2017...

CLIMATE NORMAL PERIOD 1981 TO 2010
CLIMATE RECORD PERIOD 1870 TO 2017


WEATHER ITEM   OBSERVED TIME   RECORD YEAR NORMAL DEPARTURE LAST
                VALUE   (LST)  VALUE       VALUE  FROM      YEAR
                                                  NORMAL
..................................................................
TEMPERATURE (F)
 YESTERDAY
  MAXIMUM         49    237 PM  82    1929  52     -3       68
  MINIMUM         33   1159 PM  21    1952  35     -2       45
  AVERAGE         41                        44     -3       57

PRECIPITATION (IN)
  YESTERDAY        0.21          1.34 1933   0.09   0.12     0.00
  MONTH TO DATE    2.51                      1.55   0.96     0.69
  SINCE SEP 1      6.06                      5.66   0.40     4.21
  SINCE JAN 1     33.75                     26.36   7.39    28.13

SNOWFALL (IN)
  YESTERDAY        0.0           7.9  1966   0.0    0.0      0.0
  MONTH TO DATE    0.0                       0.5   -0.5       T
  SINCE SEP 1      T                         0.6   -0.6       T
  SINCE JUL 1      T                         0.6   -0.6       T
  SNOW DEPTH       0

DEGREE DAYS
 HEATING
  YESTERDAY       24                        21      3        8
  MONTH TO DATE  254                       280    -26      209
  SINCE SEP 1    466                       578   -112      371
  SINCE JUL 1    636                       727    -91      425

 COOLING
  YESTERDAY        0                         0      0        0
  MONTH TO DATE    0                         0      0        0
  SINCE SEP 1     26                        14     12       14
  SINCE JAN 1    126                       204    -78      281
..................................................................


WIND (MPH)
  HIGHEST WIND SPEED    18   HIGHEST WIND DIRECTION     W (270)
  HIGHEST GUST SPEED    24   HIGHEST GUST DIRECTION     N (340)
  AVERAGE WIND SPEED    10.0


SKY COVER
  AVERAGE SKY COVER 0.7


WEATHER CONDITIONS
 THE FOLLOWING WEATHER WAS RECORDED YESTERDAY.
  RAIN
  LIGHT RAIN
  FOG


RELATIVE HUMIDITY (PERCENT)
 HIGHEST   100           300 AM
 LOWEST     50           300 PM
 AVERAGE    75

..........................................................


THE DULUTH MN CLIMATE NORMALS FOR TODAY
                         NORMAL    RECORD    YEAR
 MAXIMUM TEMPERATURE (F)   52        81      1953
 MINIMUM TEMPERATURE (F)   35        16      1952


SUNRISE AND SUNSET
OCTOBER 16 2017.......SUNRISE   728 AM CDT   SUNSET   619 PM CDT
OCTOBER 17 2017.......SUNRISE   730 AM CDT   SUNSET   617 PM CDT


-  INDICATES NEGATIVE NUMBERS.
R  INDICATES RECORD WAS SET OR TIED.
MM INDICATES DATA IS MISSING.
T  INDICATES TRACE AMOUNT.




$$
