000
CDUS43 KDLH 142251
CLIDLH


CLIMATE REPORT
NATIONAL WEATHER SERVICE DULUTH MN
449 PM CST THU DEC 14 2017


...................................

...THE DULUTH CLIMATE SUMMARY FOR DECEMBER 14 2017...
VALID TODAY AS OF 0400 PM LOCAL TIME.

CLIMATE NORMAL PERIOD 1981 TO 2010
CLIMATE RECORD PERIOD 1870 TO 2017


WEATHER ITEM   OBSERVED TIME   RECORD YEAR NORMAL DEPARTURE LAST
                VALUE   (LST)  VALUE       VALUE  FROM      YEAR
                                                  NORMAL
..................................................................
TEMPERATURE (F)
 TODAY
  MAXIMUM         17    128 PM  52    1894  22     -5        3
  MINIMUM          3    108 AM -26    1901   8     -5       -8
  AVERAGE         10                        15     -5       -2

PRECIPITATION (IN)
  TODAY            T             1.20 2005   0.03  -0.03      T
  MONTH TO DATE    0.48                      0.58  -0.10     0.83
  SINCE DEC 1      0.48                      0.58  -0.10     0.83
  SINCE JAN 1     36.43                     30.33   6.10    32.42

SNOWFALL (IN)
  TODAY            0.3          13.2  2005   0.5   -0.2       T
  MONTH TO DATE    6.4                       7.6   -1.2     15.5
  SINCE JUL 1     28.0                      23.7    4.3     23.6
  SNOW DEPTH       4

DEGREE DAYS
 HEATING
  TODAY           55                        50      5       67
  MONTH TO DATE  646                       666    -20      673
  SINCE DEC 1    646                       666    -20      673
  SINCE JUL 1   2792                      2879    -87     2155

 COOLING
  TODAY            0                         0      0        0
  MONTH TO DATE    0                         0      0        0
  SINCE DEC 1      0                         0      0        0
  SINCE JAN 1    126                       204    -78      281
..................................................................


WIND (MPH)
  HIGHEST WIND SPEED    14   HIGHEST WIND DIRECTION     W (270)
  HIGHEST GUST SPEED    18   HIGHEST GUST DIRECTION    NW (310)
  AVERAGE WIND SPEED     6.5


SKY COVER
  AVERAGE SKY COVER 1.0


WEATHER CONDITIONS
 THE FOLLOWING WEATHER WAS RECORDED TODAY.
  LIGHT SNOW
  FOG


RELATIVE HUMIDITY (PERCENT)
 HIGHEST   100           100 AM
 LOWEST     80          1100 AM
 AVERAGE    90

..........................................................


THE DULUTH CLIMATE NORMALS FOR TOMORROW
                         NORMAL    RECORD    YEAR
 MAXIMUM TEMPERATURE (F)   22        48      1877
 MINIMUM TEMPERATURE (F)    7       -25      1926
                                             1919


SUNRISE AND SUNSET
DECEMBER 14 2017......SUNRISE   747 AM CST   SUNSET   421 PM CST
DECEMBER 15 2017......SUNRISE   747 AM CST   SUNSET   421 PM CST


-  INDICATES NEGATIVE NUMBERS.
R  INDICATES RECORD WAS SET OR TIED.
MM INDICATES DATA IS MISSING.
T  INDICATES TRACE AMOUNT.




$$
